{"id":22,"date":"2014-09-18T12:19:57","date_gmt":"2014-09-18T11:19:57","guid":{"rendered":"http:\/\/agora.xtec.cat\/delta-espiga\/?page_id=22"},"modified":"2026-04-20T12:21:57","modified_gmt":"2026-04-20T10:21:57","slug":"lescola","status":"publish","type":"page","link":"https:\/\/agora.xtec.cat\/delta-espiga\/lescola\/","title":{"rendered":"L&#8217;escola"},"content":{"rendered":"<p><a href=\"https:\/\/agora.xtec.cat\/delta-espiga\/wp-content\/uploads\/usu2383\/2025\/04\/Portal-Escola.jpg\"><img loading=\"lazy\" decoding=\"async\" class=\"wp-image-799 aligncenter\" src=\"https:\/\/agora.xtec.cat\/delta-espiga\/wp-content\/uploads\/usu2383\/2025\/04\/Portal-Escola.jpg\" alt=\"\" width=\"511\" height=\"384\" srcset=\"https:\/\/agora.xtec.cat\/delta-espiga\/wp-content\/uploads\/usu2383\/2025\/04\/Portal-Escola.jpg 1022w, https:\/\/agora.xtec.cat\/delta-espiga\/wp-content\/uploads\/usu2383\/2025\/04\/Portal-Escola-300x225.jpg 300w, https:\/\/agora.xtec.cat\/delta-espiga\/wp-content\/uploads\/usu2383\/2025\/04\/Portal-Escola-768x577.jpg 768w, https:\/\/agora.xtec.cat\/delta-espiga\/wp-content\/uploads\/usu2383\/2025\/04\/Portal-Escola-200x150.jpg 200w\" sizes=\"auto, (max-width: 511px) 100vw, 511px\" \/><\/a><\/p>\n<p>&nbsp;<\/p>\n<p>Som un centre educatiu concertat amb el Departament d\u2019Educaci\u00f3 que ofereix atenci\u00f3 integral a infants i joves amb diversitat funcional, des dels 3 fins als 21 anys. El nostre projecte educatiu posa l\u2019alumnat al centre, respectant els seus ritmes, capacitats i necessitats, amb l\u2019objectiu de potenciar al m\u00e0xim el seu desenvolupament personal, social i acad\u00e8mic.<\/p>\n<p>Formem part de la F <a href=\"https:\/\/fundaciolespiga.com\/\">Fundaci\u00f3 l\u2019Espiga<\/a>, una entitat sense \u00e0nim de lucre arrelada al territori icompromesa amb les persones amb discapacitat i les seves fam\u00edlies. Ofereix serveis al llarg de tot el cicle vital, amb una mirada integral centrada en la persona. La seva tasca s\u2019orienta a potenciar l\u2019autonomia, el benestar i la qualitat de vida, aix\u00ed com a promoure la inclusi\u00f3 social i la participaci\u00f3 activa en la comunitat.<\/p>\n<p>Des del juliol de 2022, el centre est\u00e0 reconegut com a Centre d\u2019Educaci\u00f3 Especial Prove\u00efdor de Suports i de Recursos (CEEPSIR). En aquest marc, desenvolupem programes d\u2019acompanyament i assessorament als centres educatius de la comarca, amb la finalitat de donar resposta a l\u2019alumnat amb necessitats de suport m\u00e9s intensives. Aquest programa d\u2019inclusi\u00f3 educativa es duu a terme conjuntament amb l\u2019equip d\u2019EAP de zona, en un treball col\u00b7laboratiu i coordinat. Treballem amb els equips docents per dissenyar i implementar pr\u00e0ctiques inclusives que afavoreixin la participaci\u00f3, l\u2019aprenentatge significatiu i l\u2019\u00e8xit educatiu de tot l\u2019alumnat.<\/p>\n<p>El nostre comprom\u00eds \u00e9s avan\u00e7ar cap a un model educatiu inclusiu, on cada persona tingui oportunitats reals de cr\u00e9ixer, aprendre i participar plenament en la comunitat.<\/p>\n","protected":false},"excerpt":{"rendered":"<p>&nbsp; Som un centre educatiu concertat amb el Departament d\u2019Educaci\u00f3 que ofereix atenci\u00f3 integral a infants i joves amb diversitat funcional, des dels 3 fins als 21 anys. El nostre projecte educatiu posa l\u2019alumnat al centre, respectant els seus ritmes, capacitats i necessitats, amb l\u2019objectiu de potenciar al m\u00e0xim el seu desenvolupament personal, social i [&hellip;]<\/p>\n","protected":false},"author":1,"featured_media":0,"parent":0,"menu_order":0,"comment_status":"closed","ping_status":"closed","template":"","meta":{"_bbp_topic_count":0,"_bbp_reply_count":0,"_bbp_total_topic_count":0,"_bbp_total_reply_count":0,"_bbp_voice_count":0,"_bbp_anonymous_reply_count":0,"_bbp_topic_count_hidden":0,"_bbp_reply_count_hidden":0,"_bbp_forum_subforum_count":0,"site-sidebar-layout":"default","site-content-layout":"","ast-site-content-layout":"default","site-content-style":"default","site-sidebar-style":"default","ast-global-header-display":"","ast-banner-title-visibility":"","ast-main-header-display":"","ast-hfb-above-header-display":"","ast-hfb-below-header-display":"","ast-hfb-mobile-header-display":"","site-post-title":"","ast-breadcrumbs-content":"","ast-featured-img":"","footer-sml-layout":"","theme-transparent-header-meta":"default","adv-header-id-meta":"","stick-header-meta":"","header-above-stick-meta":"","header-main-stick-meta":"","header-below-stick-meta":"","astra-migrate-meta-layouts":"set","ast-page-background-enabled":"default","ast-page-background-meta":{"desktop":{"background-color":"var(--ast-global-color-4)","background-image":"","background-repeat":"repeat","background-position":"center center","background-size":"auto","background-attachment":"scroll","background-type":"","background-media":"","overlay-type":"","overlay-color":"","overlay-opacity":"","overlay-gradient":""},"tablet":{"background-color":"","background-image":"","background-repeat":"repeat","background-position":"center center","background-size":"auto","background-attachment":"scroll","background-type":"","background-media":"","overlay-type":"","overlay-color":"","overlay-opacity":"","overlay-gradient":""},"mobile":{"background-color":"","background-image":"","background-repeat":"repeat","background-position":"center center","background-size":"auto","background-attachment":"scroll","background-type":"","background-media":"","overlay-type":"","overlay-color":"","overlay-opacity":"","overlay-gradient":""}},"ast-content-background-meta":{"desktop":{"background-color":"var(--ast-global-color-5)","background-image":"","background-repeat":"repeat","background-position":"center center","background-size":"auto","background-attachment":"scroll","background-type":"","background-media":"","overlay-type":"","overlay-color":"","overlay-opacity":"","overlay-gradient":""},"tablet":{"background-color":"var(--ast-global-color-5)","background-image":"","background-repeat":"repeat","background-position":"center center","background-size":"auto","background-attachment":"scroll","background-type":"","background-media":"","overlay-type":"","overlay-color":"","overlay-opacity":"","overlay-gradient":""},"mobile":{"background-color":"var(--ast-global-color-5)","background-image":"","background-repeat":"repeat","background-position":"center center","background-size":"auto","background-attachment":"scroll","background-type":"","background-media":"","overlay-type":"","overlay-color":"","overlay-opacity":"","overlay-gradient":""}},"footnotes":""},"class_list":["post-22","page","type-page","status-publish","hentry"],"post_mailing_queue_ids":[],"_links":{"self":[{"href":"https:\/\/agora.xtec.cat\/delta-espiga\/wp-json\/wp\/v2\/pages\/22","targetHints":{"allow":["GET"]}}],"collection":[{"href":"https:\/\/agora.xtec.cat\/delta-espiga\/wp-json\/wp\/v2\/pages"}],"about":[{"href":"https:\/\/agora.xtec.cat\/delta-espiga\/wp-json\/wp\/v2\/types\/page"}],"author":[{"embeddable":true,"href":"https:\/\/agora.xtec.cat\/delta-espiga\/wp-json\/wp\/v2\/users\/1"}],"replies":[{"embeddable":true,"href":"https:\/\/agora.xtec.cat\/delta-espiga\/wp-json\/wp\/v2\/comments?post=22"}],"version-history":[{"count":6,"href":"https:\/\/agora.xtec.cat\/delta-espiga\/wp-json\/wp\/v2\/pages\/22\/revisions"}],"predecessor-version":[{"id":1900,"href":"https:\/\/agora.xtec.cat\/delta-espiga\/wp-json\/wp\/v2\/pages\/22\/revisions\/1900"}],"wp:attachment":[{"href":"https:\/\/agora.xtec.cat\/delta-espiga\/wp-json\/wp\/v2\/media?parent=22"}],"curies":[{"name":"wp","href":"https:\/\/api.w.org\/{rel}","templated":true}]}}