{"id":130,"date":"2016-03-03T14:51:08","date_gmt":"2016-03-03T14:51:08","guid":{"rendered":"https:\/\/agora.xtec.cat\/conservatoripirineus\/wp-content\/uploads\/usu2447\/2016\/03\/Serres_del_Cad\u00ed-el_Moixer\u00f3_-_12.jpg"},"modified":"2016-03-03T14:51:08","modified_gmt":"2016-03-03T14:51:08","slug":"serres_del_cadi-el_moixero_-_12","status":"inherit","type":"attachment","link":"https:\/\/agora.xtec.cat\/conservatoripirineus\/serres_del_cadi-el_moixero_-_12\/","title":{"rendered":"Serres_del_Cad\u00ed-el_Moixer\u00f3_-_12"},"author":1,"featured_media":0,"comment_status":"open","ping_status":"closed","template":"","meta":{"_bbp_topic_count":0,"_bbp_reply_count":0,"_bbp_total_topic_count":0,"_bbp_total_reply_count":0,"_bbp_voice_count":0,"_bbp_anonymous_reply_count":0,"_bbp_topic_count_hidden":0,"_bbp_reply_count_hidden":0,"_bbp_forum_subforum_count":0},"class_list":["post-130","attachment","type-attachment","status-inherit","hentry"],"description":{"rendered":"<p class=\"attachment\"><a href='https:\/\/agora.xtec.cat\/conservatoripirineus\/wp-content\/uploads\/usu2447\/2016\/03\/Serres_del_Cad\u00ed-el_Moixer\u00f3_-_12.jpg'><img loading=\"lazy\" decoding=\"async\" width=\"300\" height=\"195\" src=\"https:\/\/agora.xtec.cat\/conservatoripirineus\/wp-content\/uploads\/usu2447\/2016\/03\/Serres_del_Cad\u00ed-el_Moixer\u00f3_-_12-300x195.jpg\" class=\"attachment-medium size-medium\" alt=\"\" srcset=\"https:\/\/agora.xtec.cat\/conservatoripirineus\/wp-content\/uploads\/usu2447\/2016\/03\/Serres_del_Cad\u00ed-el_Moixer\u00f3_-_12-300x195.jpg 300w, https:\/\/agora.xtec.cat\/conservatoripirineus\/wp-content\/uploads\/usu2447\/2016\/03\/Serres_del_Cad\u00ed-el_Moixer\u00f3_-_12-768x499.jpg 768w, https:\/\/agora.xtec.cat\/conservatoripirineus\/wp-content\/uploads\/usu2447\/2016\/03\/Serres_del_Cad\u00ed-el_Moixer\u00f3_-_12-1024x665.jpg 1024w\" sizes=\"auto, (max-width: 300px) 100vw, 300px\" \/><\/a><\/p>\n"},"caption":{"rendered":"<p><a href='https:\/\/agora.xtec.cat\/conservatoripirineus\/wp-content\/uploads\/usu2447\/2016\/03\/Serres_del_Cad\u00ed-el_Moixer\u00f3_-_12.jpg'><\/a><\/p>\n"},"alt_text":"","media_type":"image","mime_type":"image\/jpeg","media_details":{"width":4856,"height":3152,"file":"2016\/03\/Serres_del_Cad\u00ed-el_Moixer\u00f3_-_12.jpg","sizes":{"thumbnail":{"file":"Serres_del_Cad\u00ed-el_Moixer\u00f3_-_12-150x150.jpg","width":150,"height":150,"mime_type":"image\/jpeg","source_url":"https:\/\/agora.xtec.cat\/conservatoripirineus\/wp-content\/uploads\/usu2447\/2016\/03\/Serres_del_Cad\u00ed-el_Moixer\u00f3_-_12-150x150.jpg"},"medium":{"file":"Serres_del_Cad\u00ed-el_Moixer\u00f3_-_12-300x195.jpg","width":300,"height":195,"mime_type":"image\/jpeg","source_url":"https:\/\/agora.xtec.cat\/conservatoripirineus\/wp-content\/uploads\/usu2447\/2016\/03\/Serres_del_Cad\u00ed-el_Moixer\u00f3_-_12-300x195.jpg"},"medium_large":{"file":"Serres_del_Cad\u00ed-el_Moixer\u00f3_-_12-768x499.jpg","width":768,"height":499,"mime_type":"image\/jpeg","source_url":"https:\/\/agora.xtec.cat\/conservatoripirineus\/wp-content\/uploads\/usu2447\/2016\/03\/Serres_del_Cad\u00ed-el_Moixer\u00f3_-_12-768x499.jpg"},"large":{"file":"Serres_del_Cad\u00ed-el_Moixer\u00f3_-_12-1024x665.jpg","width":1024,"height":665,"mime_type":"image\/jpeg","source_url":"https:\/\/agora.xtec.cat\/conservatoripirineus\/wp-content\/uploads\/usu2447\/2016\/03\/Serres_del_Cad\u00ed-el_Moixer\u00f3_-_12-1024x665.jpg"},"thumb-300":{"file":"Serres_del_Cad\u00ed-el_Moixer\u00f3_-_12-300x250.jpg","width":300,"height":250,"mime_type":"image\/jpeg","source_url":"https:\/\/agora.xtec.cat\/conservatoripirineus\/wp-content\/uploads\/usu2447\/2016\/03\/Serres_del_Cad\u00ed-el_Moixer\u00f3_-_12-300x250.jpg"},"thumb-200":{"file":"Serres_del_Cad\u00ed-el_Moixer\u00f3_-_12-200x150.jpg","width":200,"height":150,"mime_type":"image\/jpeg","source_url":"https:\/\/agora.xtec.cat\/conservatoripirineus\/wp-content\/uploads\/usu2447\/2016\/03\/Serres_del_Cad\u00ed-el_Moixer\u00f3_-_12-200x150.jpg"},"full":{"file":"Serres_del_Cad\u00ed-el_Moixer\u00f3_-_12.jpg","width":4856,"height":3152,"mime_type":"image\/jpeg","source_url":"https:\/\/agora.xtec.cat\/conservatoripirineus\/wp-content\/uploads\/usu2447\/2016\/03\/Serres_del_Cad\u00ed-el_Moixer\u00f3_-_12.jpg"}},"image_meta":{"aperture":"4","credit":"","camera":"NIKON D7000","caption":"","created_timestamp":"1398923531","copyright":"","focal_length":"32","iso":"200","shutter_speed":"0.005","title":"","orientation":"1","keywords":[]}},"post":null,"source_url":"https:\/\/agora.xtec.cat\/conservatoripirineus\/wp-content\/uploads\/usu2447\/2016\/03\/Serres_del_Cad\u00ed-el_Moixer\u00f3_-_12.jpg","_links":{"self":[{"href":"https:\/\/agora.xtec.cat\/conservatoripirineus\/wp-json\/wp\/v2\/media\/130","targetHints":{"allow":["GET"]}}],"collection":[{"href":"https:\/\/agora.xtec.cat\/conservatoripirineus\/wp-json\/wp\/v2\/media"}],"about":[{"href":"https:\/\/agora.xtec.cat\/conservatoripirineus\/wp-json\/wp\/v2\/types\/attachment"}],"author":[{"embeddable":true,"href":"https:\/\/agora.xtec.cat\/conservatoripirineus\/wp-json\/wp\/v2\/users\/1"}],"replies":[{"embeddable":true,"href":"https:\/\/agora.xtec.cat\/conservatoripirineus\/wp-json\/wp\/v2\/comments?post=130"}]}}

https://agora.xtec.cat/conservatoripirineus/wp-content/uploads/usu2447/2016/03/Serres_del_Cadí-el_Moixeró_-_12.jpg

Serres_del_Cadí-el_Moixeró_-_12

<p class="attachment"><a href='https://agora.xtec.cat/conservatoripirineus/wp-content/uploads/usu2447/2016/03/Serres_del_Cadí-el_Moixeró_-_12.jpg'><img loading="lazy" decoding="async" width="300" height="195" src="https://agora.xtec.cat/conservatoripirineus/wp-content/uploads/usu2447/2016/03/Serres_del_Cadí-el_Moixeró_-_12-300x195.jpg" class="attachment-medium size-medium" alt="" srcset="https://agora.xtec.cat/conservatoripirineus/wp-content/uploads/usu2447/2016/03/Serres_del_Cadí-el_Moixeró_-_12-300x195.jpg 300w, https://agora.xtec.cat/conservatoripirineus/wp-content/uploads/usu2447/2016/03/Serres_del_Cadí-el_Moixeró_-_12-768x499.jpg 768w, https://agora.xtec.cat/conservatoripirineus/wp-content/uploads/usu2447/2016/03/Serres_del_Cadí-el_Moixeró_-_12-1024x665.jpg 1024w" sizes="auto, (max-width: 300px) 100vw, 300px" /></a></p>

<p><a href='https://agora.xtec.cat/conservatoripirineus/wp-content/uploads/usu2447/2016/03/Serres_del_Cadí-el_Moixeró_-_12.jpg'></a></p>

2016/03/Serres_del_Cadí-el_Moixeró_-_12.jpg

Serres_del_Cadí-el_Moixeró_-_12-150x150.jpg

https://agora.xtec.cat/conservatoripirineus/wp-content/uploads/usu2447/2016/03/Serres_del_Cadí-el_Moixeró_-_12-150x150.jpg

Serres_del_Cadí-el_Moixeró_-_12-300x195.jpg

https://agora.xtec.cat/conservatoripirineus/wp-content/uploads/usu2447/2016/03/Serres_del_Cadí-el_Moixeró_-_12-300x195.jpg

Serres_del_Cadí-el_Moixeró_-_12-768x499.jpg

https://agora.xtec.cat/conservatoripirineus/wp-content/uploads/usu2447/2016/03/Serres_del_Cadí-el_Moixeró_-_12-768x499.jpg

Serres_del_Cadí-el_Moixeró_-_12-1024x665.jpg

https://agora.xtec.cat/conservatoripirineus/wp-content/uploads/usu2447/2016/03/Serres_del_Cadí-el_Moixeró_-_12-1024x665.jpg

Serres_del_Cadí-el_Moixeró_-_12-300x250.jpg

https://agora.xtec.cat/conservatoripirineus/wp-content/uploads/usu2447/2016/03/Serres_del_Cadí-el_Moixeró_-_12-300x250.jpg

Serres_del_Cadí-el_Moixeró_-_12-200x150.jpg

https://agora.xtec.cat/conservatoripirineus/wp-content/uploads/usu2447/2016/03/Serres_del_Cadí-el_Moixeró_-_12-200x150.jpg

Serres_del_Cadí-el_Moixeró_-_12.jpg
