{"id":850,"date":"2016-07-22T20:31:08","date_gmt":"2016-07-22T19:31:08","guid":{"rendered":"http:\/\/agora.xtec.cat\/colsagradafamilia-larapita\/?page_id=850"},"modified":"2016-08-04T17:24:13","modified_gmt":"2016-08-04T16:24:13","slug":"adec","status":"publish","type":"page","link":"https:\/\/agora.xtec.cat\/colsagradafamilia-larapita\/adec\/","title":{"rendered":"ADEC"},"content":{"rendered":"<p>L\u2019associaci\u00f3 d\u2019 exalumnes del centenari (ADEC 2009) va n\u00e9ixer el 9 de gener de 2009 amb motiu de la celebraci\u00f3 dels 100 anys de la fundaci\u00f3 del nostre col\u00b7legi.<\/p>\n<p>Des de llavors no s\u2019han parat d\u2019organitzar actes i activitats, totes elles orientades a millorar, per mig de sortides, tallers i xerrades, la nostra cultura.<\/p>\n<p>Per al 2016, hem aconseguit, juntament amb la Regidoria d\u2019Atenci\u00f3 a les Persones de l\u2019Ajuntament de la nostra poblaci\u00f3, les Aules d\u2019Extensi\u00f3 Universit\u00e0ria per a la Gent Gran. Hem comen\u00e7at aquest curs 2015-16 amb tres xerrades (detallades al programa) i per al curs 2016-17 es far\u00e0 una xerrada mensual.<\/p>\n<p>Les xerrades s\u00f3n impartides per professors del Campus de les Terres de l\u2019Ebre (Universitat Rovira i Virgili) i els temes tractats s\u00f3n sobre salut, alimentaci\u00f3, medi ambient i hist\u00f2rics.<\/p>\n<p>Estan obertes a tothom i s\u2019imparteixen al sal\u00f3 d\u2019actes del col\u00b7legi els dijous a les 18:00 h.<\/p>\n","protected":false},"excerpt":{"rendered":"<p>L\u2019associaci\u00f3 d\u2019 exalumnes del centenari (ADEC 2009) va n\u00e9ixer el 9 de gener de 2009 amb motiu de la celebraci\u00f3 dels 100 anys de la fundaci\u00f3 del nostre col\u00b7legi.<br \/>\nDes de llavors no s\u2019han parat d\u2019organitzar actes i activitats, totes elles orientades a millorar, per mig&hellip;  <a href=\"https:\/\/agora.xtec.cat\/colsagradafamilia-larapita\/adec\/\" title=\"Read ADEC\">Llegeix m\u00e9s\u00bb<\/a><\/p>\n","protected":false},"author":1,"featured_media":0,"parent":0,"menu_order":0,"comment_status":"closed","ping_status":"closed","template":"page-templates\/side-menu.php","meta":{"_bbp_topic_count":0,"_bbp_reply_count":0,"_bbp_total_topic_count":0,"_bbp_total_reply_count":0,"_bbp_voice_count":0,"_bbp_anonymous_reply_count":0,"_bbp_topic_count_hidden":0,"_bbp_reply_count_hidden":0,"_bbp_forum_subforum_count":0,"footnotes":""},"class_list":["post-850","page","type-page","status-publish","hentry"],"post_mailing_queue_ids":[],"_links":{"self":[{"href":"https:\/\/agora.xtec.cat\/colsagradafamilia-larapita\/wp-json\/wp\/v2\/pages\/850","targetHints":{"allow":["GET"]}}],"collection":[{"href":"https:\/\/agora.xtec.cat\/colsagradafamilia-larapita\/wp-json\/wp\/v2\/pages"}],"about":[{"href":"https:\/\/agora.xtec.cat\/colsagradafamilia-larapita\/wp-json\/wp\/v2\/types\/page"}],"author":[{"embeddable":true,"href":"https:\/\/agora.xtec.cat\/colsagradafamilia-larapita\/wp-json\/wp\/v2\/users\/1"}],"replies":[{"embeddable":true,"href":"https:\/\/agora.xtec.cat\/colsagradafamilia-larapita\/wp-json\/wp\/v2\/comments?post=850"}],"version-history":[{"count":3,"href":"https:\/\/agora.xtec.cat\/colsagradafamilia-larapita\/wp-json\/wp\/v2\/pages\/850\/revisions"}],"predecessor-version":[{"id":858,"href":"https:\/\/agora.xtec.cat\/colsagradafamilia-larapita\/wp-json\/wp\/v2\/pages\/850\/revisions\/858"}],"wp:attachment":[{"href":"https:\/\/agora.xtec.cat\/colsagradafamilia-larapita\/wp-json\/wp\/v2\/media?parent=850"}],"curies":[{"name":"wp","href":"https:\/\/api.w.org\/{rel}","templated":true}]}}

<p>L’associació d’ exalumnes del centenari (ADEC 2009) va néixer el 9 de gener de 2009 amb motiu de la celebració dels 100 anys de la fundació del nostre col·legi.</p>
<p>Des de llavors no s’han parat d’organitzar actes i activitats, totes elles orientades a millorar, per mig de sortides, tallers i xerrades, la nostra cultura.</p>
<p>Per al 2016, hem aconseguit, juntament amb la Regidoria d’Atenció a les Persones de l’Ajuntament de la nostra població, les Aules d’Extensió Universitària per a la Gent Gran. Hem començat aquest curs 2015-16 amb tres xerrades (detallades al programa) i per al curs 2016-17 es farà una xerrada mensual.</p>
<p>Les xerrades són impartides per professors del Campus de les Terres de l’Ebre (Universitat Rovira i Virgili) i els temes tractats són sobre salut, alimentació, medi ambient i històrics.</p>
<p>Estan obertes a tothom i s’imparteixen al saló d’actes del col·legi els dijous a les 18:00 h.</p>

<p>L’associació d’ exalumnes del centenari (ADEC 2009) va néixer el 9 de gener de 2009 amb motiu de la celebració dels 100 anys de la fundació del nostre col·legi.<br />
Des de llavors no s’han parat d’organitzar actes i activitats, totes elles orientades a millorar, per mig&hellip;  <a href="https://agora.xtec.cat/colsagradafamilia-larapita/adec/" title="Read ADEC">Llegeix més»</a></p>
