{"id":693,"date":"2016-07-12T00:49:05","date_gmt":"2016-07-11T23:49:05","guid":{"rendered":"http:\/\/agora.xtec.cat\/colsagradafamilia-larapita\/?page_id=693"},"modified":"2018-10-11T23:51:13","modified_gmt":"2018-10-11T21:51:13","slug":"activitats-adec","status":"publish","type":"page","link":"https:\/\/agora.xtec.cat\/colsagradafamilia-larapita\/adec\/activitats-adec\/","title":{"rendered":"Activitats, Xerrades i Sortides ADEC"},"content":{"rendered":"<h5 style=\"text-align: center;\"><span style=\"text-decoration: underline;\"><strong>\u00c0ngles multinivell<\/strong><\/span><\/h5>\n<h5 style=\"text-align: center;\"><span style=\"text-decoration: underline;\"><strong>Taller de ganxet i cal\u00e7a<\/strong><\/span><\/h5>\n<h5 style=\"text-align: center;\"><strong><u>Taller de costura<\/u><\/strong><\/h5>\n<h5 style=\"text-align: center;\"><strong><u>Taller depatchwork i ganxillo<\/u><\/strong><\/h5>\n<h5 style=\"text-align: center;\"><strong><u>Xerrada: Hist\u00f2ria del Port dels Alfacs des de 1400 fins a l&#8217;actualitat<\/u><\/strong><\/h5>\n<h5 style=\"text-align: center;\"><strong><u>Xerrada: Diabetes, mites o errors en l&#8217;alimentaci\u00f3<\/u><\/strong><\/h5>\n<h5 style=\"text-align: center;\"><strong><u>Xerrada: L&#8217;ansietat qu\u00e8 \u00e9s i com combatre-la<\/u><\/strong><\/h5>\n<h5 style=\"text-align: center;\"><strong><u>Xerrada: L&#8217;essencial \u00e9s invisible als ulls<\/u><\/strong><\/h5>\n<h5 style=\"text-align: center;\"><strong><u>Xerrada: Efectes del canvi clim\u00e0tic i manca de sediments al Delta de l&#8217;Ebre i mesuresde mitigaci\u00f3<\/u><\/strong><\/h5>\n<h5 style=\"text-align: center;\"><strong><u>Xerrada: Mal de cap i migranya, parlem del mateix?<\/u><\/strong><\/h5>\n<h5 style=\"text-align: center;\"><strong><u>Xerrada: Els or\u00edgens de la R\u00e0pita, \u00e8poca de Carles III<\/u><\/strong><\/h5>\n<h5 style=\"text-align: center;\"><strong><u>Sortides<\/u><\/strong><\/h5>\n<h5 style=\"text-align: center;\"><strong><u>Trobades dels alumnes de l&#8217;aula d&#8217;extensi\u00f3 universit\u00e0ria<\/u><\/strong><\/h5>\n","protected":false},"excerpt":{"rendered":"<p>\u00c0ngles multinivell<br \/>\nTaller de ganxet i cal\u00e7a<br \/>\nTaller de costura<br \/>\nTaller depatchwork i ganxillo<br \/>\nXerrada: Hist\u00f2ria del Port dels Alfacs des de 1400 fins a l&#8217;actualitat<br \/>\nXerrada: Diabetes, mites o errors en l&#8217;alimentaci\u00f3<br \/>\nXerrada: L&#8217;ansietat qu\u00e8 \u00e9s i com combatre-la<br \/>\nXerrada: L&#8217;essencial \u00e9s invisible als ulls<br \/>\nXerrada: Efectes del canvi clim\u00e0tic i manca&hellip;  <a href=\"https:\/\/agora.xtec.cat\/colsagradafamilia-larapita\/adec\/activitats-adec\/\" title=\"Read Activitats, Xerrades i Sortides ADEC\">Llegeix m\u00e9s\u00bb<\/a><\/p>\n","protected":false},"author":1,"featured_media":0,"parent":850,"menu_order":712,"comment_status":"closed","ping_status":"closed","template":"page-templates\/side-menu.php","meta":{"_bbp_topic_count":0,"_bbp_reply_count":0,"_bbp_total_topic_count":0,"_bbp_total_reply_count":0,"_bbp_voice_count":0,"_bbp_anonymous_reply_count":0,"_bbp_topic_count_hidden":0,"_bbp_reply_count_hidden":0,"_bbp_forum_subforum_count":0,"footnotes":""},"class_list":["post-693","page","type-page","status-publish","hentry"],"post_mailing_queue_ids":[],"_links":{"self":[{"href":"https:\/\/agora.xtec.cat\/colsagradafamilia-larapita\/wp-json\/wp\/v2\/pages\/693","targetHints":{"allow":["GET"]}}],"collection":[{"href":"https:\/\/agora.xtec.cat\/colsagradafamilia-larapita\/wp-json\/wp\/v2\/pages"}],"about":[{"href":"https:\/\/agora.xtec.cat\/colsagradafamilia-larapita\/wp-json\/wp\/v2\/types\/page"}],"author":[{"embeddable":true,"href":"https:\/\/agora.xtec.cat\/colsagradafamilia-larapita\/wp-json\/wp\/v2\/users\/1"}],"replies":[{"embeddable":true,"href":"https:\/\/agora.xtec.cat\/colsagradafamilia-larapita\/wp-json\/wp\/v2\/comments?post=693"}],"version-history":[{"count":3,"href":"https:\/\/agora.xtec.cat\/colsagradafamilia-larapita\/wp-json\/wp\/v2\/pages\/693\/revisions"}],"predecessor-version":[{"id":2766,"href":"https:\/\/agora.xtec.cat\/colsagradafamilia-larapita\/wp-json\/wp\/v2\/pages\/693\/revisions\/2766"}],"up":[{"embeddable":true,"href":"https:\/\/agora.xtec.cat\/colsagradafamilia-larapita\/wp-json\/wp\/v2\/pages\/850"}],"wp:attachment":[{"href":"https:\/\/agora.xtec.cat\/colsagradafamilia-larapita\/wp-json\/wp\/v2\/media?parent=693"}],"curies":[{"name":"wp","href":"https:\/\/api.w.org\/{rel}","templated":true}]}}

<h5 style="text-align: center;"><span style="text-decoration: underline;"><strong>Àngles multinivell</strong></span></h5>
<h5 style="text-align: center;"><span style="text-decoration: underline;"><strong>Taller de ganxet i calça</strong></span></h5>
<h5 style="text-align: center;"><strong><u>Taller de costura</u></strong></h5>
<h5 style="text-align: center;"><strong><u>Taller depatchwork i ganxillo</u></strong></h5>
<h5 style="text-align: center;"><strong><u>Xerrada: Història del Port dels Alfacs des de 1400 fins a l&#8217;actualitat</u></strong></h5>
<h5 style="text-align: center;"><strong><u>Xerrada: Diabetes, mites o errors en l&#8217;alimentació</u></strong></h5>
<h5 style="text-align: center;"><strong><u>Xerrada: L&#8217;ansietat què és i com combatre-la</u></strong></h5>
<h5 style="text-align: center;"><strong><u>Xerrada: L&#8217;essencial és invisible als ulls</u></strong></h5>
<h5 style="text-align: center;"><strong><u>Xerrada: Efectes del canvi climàtic i manca de sediments al Delta de l&#8217;Ebre i mesuresde mitigació</u></strong></h5>
<h5 style="text-align: center;"><strong><u>Xerrada: Mal de cap i migranya, parlem del mateix?</u></strong></h5>
<h5 style="text-align: center;"><strong><u>Xerrada: Els orígens de la Ràpita, època de Carles III</u></strong></h5>
<h5 style="text-align: center;"><strong><u>Sortides</u></strong></h5>
<h5 style="text-align: center;"><strong><u>Trobades dels alumnes de l&#8217;aula d&#8217;extensió universitària</u></strong></h5>

<p>Àngles multinivell<br />
Taller de ganxet i calça<br />
Taller de costura<br />
Taller depatchwork i ganxillo<br />
Xerrada: Història del Port dels Alfacs des de 1400 fins a l&#8217;actualitat<br />
Xerrada: Diabetes, mites o errors en l&#8217;alimentació<br />
Xerrada: L&#8217;ansietat què és i com combatre-la<br />
Xerrada: L&#8217;essencial és invisible als ulls<br />
Xerrada: Efectes del canvi climàtic i manca&hellip;  <a href="https://agora.xtec.cat/colsagradafamilia-larapita/adec/activitats-adec/" title="Read Activitats, Xerrades i Sortides ADEC">Llegeix més»</a></p>
