{"id":672,"date":"2016-07-12T00:30:06","date_gmt":"2016-07-11T23:30:06","guid":{"rendered":"http:\/\/agora.xtec.cat\/colsagradafamilia-larapita\/?page_id=672"},"modified":"2016-08-04T17:19:16","modified_gmt":"2016-08-04T16:19:16","slug":"projecte-linguistic","status":"publish","type":"page","link":"https:\/\/agora.xtec.cat\/colsagradafamilia-larapita\/projectes\/projecte-linguistic\/","title":{"rendered":"Projecte ling\u00fc\u00edstic"},"content":{"rendered":"<p style=\"text-align: justify;\" align=\"left\">El Projecte Ling\u00fc\u00edstic recull tots aquells principis que s\u00f3n compartits per la comunitat educativa respecte a l&#8217;\u00fas i al proc\u00e9s d&#8217;ensenyament i aprenentatge de les lleng\u00fces als diferents \u00e0mbits de l&#8217;escola. Com a tal, \u00e9s un instrument que vincula fam\u00edlies, alumnat, professorat i personal del centre per aconseguir l&#8217;objectiu com\u00fa de fer efectiu l&#8217;aprenentatge de les diferents lleng\u00fces.<\/p>\n<p style=\"text-align: justify;\" align=\"left\">En el nostre Projecte Ling\u00fc\u00edstic tenim establert que el catal\u00e0\u00a0\u00e9s la llengua vehicular de les relacions i de l&#8217;ensenyament-aprenentatge en tot el centre. Aix\u00ed, totes les mat\u00e8ries s&#8217;imparteixen en catal\u00e0 exceptuant, com \u00e9s natural, la llengua castellana i les lleng\u00fces estrangeres.<\/p>\n<p style=\"text-align: justify;\" align=\"left\">A m\u00e9s a m\u00e9s, totes les activitats culturals que s&#8217;elaboren van encaminades a potenciar i a afavorir la normalitzaci\u00f3 ling\u00fc\u00edstica del centre, apostant per la formaci\u00f3 dirigida al coneixement de l&#8217;entorn social i cultural immediat i, en especial, de la llengua, la hist\u00f2ria, la geografia, la cultura i la realitat social catalana.<\/p>\n<p style=\"text-align: justify;\" align=\"left\">At\u00e8s que la compet\u00e8ncia en llengua catalana \u00e9s el mitj\u00e0 d&#8217;acc\u00e9s als aprenentatges, el centre vetlla perqu\u00e8 l&#8217;alumnat nouvingut que desconegui aquesta llengua pugui comptar amb les mesures organitzatives i did\u00e0ctiques que li permetin accelerar el seu proc\u00e9s d&#8217;aprenentatge de la llengua.<\/p>\n<p style=\"text-align: justify;\" align=\"left\">D&#8217;acord amb l&#8217;article 21 de la Llei de Pol\u00edtica Ling\u00fc\u00edstica &#8221; <em>els infants<\/em> <em>han de poder utilitzar normalment i correctament les dues lleng\u00fces oficials al final de l&#8217;educaci\u00f3 obligat\u00f2ria<\/em>&#8220;\u009d.<\/p>\n<p style=\"text-align: justify;\" align=\"left\">Per aix\u00f2, l&#8217;escola vetlla per l&#8217;acompliment d&#8217;aquest article, tot\u00a0seguint el proc\u00e9s normalitzador de la llengua desenvolupant en l&#8217;alumnat unes capacitats pluriling\u00fces i pluriculturals que els permetin comunicar-se, amb diferents graus de domini, amb persones d&#8217;altres contextos ling\u00fc\u00edstics.<\/p>\n<p style=\"text-align: justify;\" align=\"left\">Per aquest motiu l&#8217;alumnat desenvolupa una actitud positiva envers la diversitat ling\u00fc\u00edstica i cultural i es promou, tant a les nostres instal\u00b7lacions com fora d&#8217;elles, ja sigui en horari lectiu com en horari extraescolar i en activitats de coneixement oral i escrit d&#8217;altres lleng\u00fces.<\/p>\n<p style=\"text-align: justify;\" align=\"left\">Tot i aix\u00ed \u00a0es motiva l&#8217;alumnat nouvingut pel manteniment de la llengua materna i pel seu desenvolupament a nivell escrit.<\/p>\n","protected":false},"excerpt":{"rendered":"<p>El Projecte Ling\u00fc\u00edstic recull tots aquells principis que s\u00f3n compartits per la comunitat educativa respecte a l&#8217;\u00fas i al proc\u00e9s d&#8217;ensenyament i aprenentatge de les lleng\u00fces als diferents \u00e0mbits de l&#8217;escola. Com a tal, \u00e9s un instrument que vincula fam\u00edlies, alumnat, professorat i personal del&hellip;  <a href=\"https:\/\/agora.xtec.cat\/colsagradafamilia-larapita\/projectes\/projecte-linguistic\/\" title=\"Read Projecte ling\u00fc\u00edstic\">Llegeix m\u00e9s\u00bb<\/a><\/p>\n","protected":false},"author":1,"featured_media":0,"parent":644,"menu_order":54,"comment_status":"closed","ping_status":"closed","template":"page-templates\/side-menu.php","meta":{"_bbp_topic_count":0,"_bbp_reply_count":0,"_bbp_total_topic_count":0,"_bbp_total_reply_count":0,"_bbp_voice_count":0,"_bbp_anonymous_reply_count":0,"_bbp_topic_count_hidden":0,"_bbp_reply_count_hidden":0,"_bbp_forum_subforum_count":0,"footnotes":""},"class_list":["post-672","page","type-page","status-publish","hentry"],"post_mailing_queue_ids":[],"_links":{"self":[{"href":"https:\/\/agora.xtec.cat\/colsagradafamilia-larapita\/wp-json\/wp\/v2\/pages\/672","targetHints":{"allow":["GET"]}}],"collection":[{"href":"https:\/\/agora.xtec.cat\/colsagradafamilia-larapita\/wp-json\/wp\/v2\/pages"}],"about":[{"href":"https:\/\/agora.xtec.cat\/colsagradafamilia-larapita\/wp-json\/wp\/v2\/types\/page"}],"author":[{"embeddable":true,"href":"https:\/\/agora.xtec.cat\/colsagradafamilia-larapita\/wp-json\/wp\/v2\/users\/1"}],"replies":[{"embeddable":true,"href":"https:\/\/agora.xtec.cat\/colsagradafamilia-larapita\/wp-json\/wp\/v2\/comments?post=672"}],"version-history":[{"count":3,"href":"https:\/\/agora.xtec.cat\/colsagradafamilia-larapita\/wp-json\/wp\/v2\/pages\/672\/revisions"}],"predecessor-version":[{"id":770,"href":"https:\/\/agora.xtec.cat\/colsagradafamilia-larapita\/wp-json\/wp\/v2\/pages\/672\/revisions\/770"}],"up":[{"embeddable":true,"href":"https:\/\/agora.xtec.cat\/colsagradafamilia-larapita\/wp-json\/wp\/v2\/pages\/644"}],"wp:attachment":[{"href":"https:\/\/agora.xtec.cat\/colsagradafamilia-larapita\/wp-json\/wp\/v2\/media?parent=672"}],"curies":[{"name":"wp","href":"https:\/\/api.w.org\/{rel}","templated":true}]}}

Projecte lingüístic

<p style="text-align: justify;" align="left">El Projecte Lingüístic recull tots aquells principis que són compartits per la comunitat educativa respecte a l&#8217;ús i al procés d&#8217;ensenyament i aprenentatge de les llengües als diferents àmbits de l&#8217;escola. Com a tal, és un instrument que vincula famílies, alumnat, professorat i personal del centre per aconseguir l&#8217;objectiu comú de fer efectiu l&#8217;aprenentatge de les diferents llengües.</p>
<p style="text-align: justify;" align="left">En el nostre Projecte Lingüístic tenim establert que el català és la llengua vehicular de les relacions i de l&#8217;ensenyament-aprenentatge en tot el centre. Així, totes les matèries s&#8217;imparteixen en català exceptuant, com és natural, la llengua castellana i les llengües estrangeres.</p>
<p style="text-align: justify;" align="left">A més a més, totes les activitats culturals que s&#8217;elaboren van encaminades a potenciar i a afavorir la normalització lingüística del centre, apostant per la formació dirigida al coneixement de l&#8217;entorn social i cultural immediat i, en especial, de la llengua, la història, la geografia, la cultura i la realitat social catalana.</p>
<p style="text-align: justify;" align="left">Atès que la competència en llengua catalana és el mitjà d&#8217;accés als aprenentatges, el centre vetlla perquè l&#8217;alumnat nouvingut que desconegui aquesta llengua pugui comptar amb les mesures organitzatives i didàctiques que li permetin accelerar el seu procés d&#8217;aprenentatge de la llengua.</p>
<p style="text-align: justify;" align="left">D&#8217;acord amb l&#8217;article 21 de la Llei de Política Lingüística &#8221; <em>els infants</em> <em>han de poder utilitzar normalment i correctament les dues llengües oficials al final de l&#8217;educació obligatòria</em>&#8220;.</p>
<p style="text-align: justify;" align="left">Per això, l&#8217;escola vetlla per l&#8217;acompliment d&#8217;aquest article, tot seguint el procés normalitzador de la llengua desenvolupant en l&#8217;alumnat unes capacitats plurilingües i pluriculturals que els permetin comunicar-se, amb diferents graus de domini, amb persones d&#8217;altres contextos lingüístics.</p>
<p style="text-align: justify;" align="left">Per aquest motiu l&#8217;alumnat desenvolupa una actitud positiva envers la diversitat lingüística i cultural i es promou, tant a les nostres instal·lacions com fora d&#8217;elles, ja sigui en horari lectiu com en horari extraescolar i en activitats de coneixement oral i escrit d&#8217;altres llengües.</p>
<p style="text-align: justify;" align="left">Tot i així  es motiva l&#8217;alumnat nouvingut pel manteniment de la llengua materna i pel seu desenvolupament a nivell escrit.</p>

<p>El Projecte Lingüístic recull tots aquells principis que són compartits per la comunitat educativa respecte a l&#8217;ús i al procés d&#8217;ensenyament i aprenentatge de les llengües als diferents àmbits de l&#8217;escola. Com a tal, és un instrument que vincula famílies, alumnat, professorat i personal del&hellip;  <a href="https://agora.xtec.cat/colsagradafamilia-larapita/projectes/projecte-linguistic/" title="Read Projecte lingüístic">Llegeix més»</a></p>
