{"id":670,"date":"2016-07-12T00:29:36","date_gmt":"2016-07-11T23:29:36","guid":{"rendered":"http:\/\/agora.xtec.cat\/colsagradafamilia-larapita\/?page_id=670"},"modified":"2016-09-21T23:35:18","modified_gmt":"2016-09-21T22:35:18","slug":"projecte-deducacio-emocional","status":"publish","type":"page","link":"https:\/\/agora.xtec.cat\/colsagradafamilia-larapita\/projectes\/projecte-deducacio-emocional\/","title":{"rendered":"Projecte d&#8217;educaci\u00f3 emocional"},"content":{"rendered":"<p style=\"text-align: justify;\" align=\"justify\"><img loading=\"lazy\" decoding=\"async\" class=\"wp-image-731 alignright\" src=\"http:\/\/agora.xtec.cat\/colsagradafamilia-larapita\/wp-content\/uploads\/usu1161\/2016\/07\/educaci\u00f3-emocional.jpg\" alt=\"educaci\u00f3 emocional\" width=\"353\" height=\"451\" \/>L&#8217;educaci\u00f3 emocional \u00e9s la capacitat de controlar i recon\u00e8ixer els sentiments i emocions propis i dels altres, de discriminar entre elles i fer servir aquesta informaci\u00f3 per guiar el nostre pensament i les nostres accions. Treballa la forma d&#8217;interactuar amb el m\u00f3n. T\u00e9 molt en compte els sentiments, i engloba habilitats com el control dels impulsos, l&#8217;autoconsci\u00e8ncia, la motivaci\u00f3, l&#8217;entusiasme, la perseveran\u00e7a, l&#8217;empatia, l&#8217;agilitat mental, etc., que resulten indispensables per a una adaptaci\u00f3 social bona i creativa.<\/p>\n<p style=\"text-align: justify;\" align=\"justify\">Aix\u00ed per tant, cal aprendre a reflexionar i a pensar sobre els nostres sentiments, prenent consci\u00e8ncia de les nostres aptituds i habilitats.<\/p>\n<p style=\"text-align: justify;\" align=\"justify\">Objectius:<\/p>\n<ul style=\"text-align: justify;\">\n<li>Potenciar la intel\u00b7lig\u00e8ncia emocional i social.<\/li>\n<li>Propiciar la maduraci\u00f3 en el raonament moral i en valors.<\/li>\n<li>Entrenar l&#8217;autocorreconeixement i l&#8217;autorregulaci\u00f3 emocional.<\/li>\n<li>Entrenar i practicar habilitats b\u00e0siques per a la millora de la conviv\u00e8ncia dins i fora de l&#8217;aula.<\/li>\n<\/ul>\n<p style=\"text-align: justify;\">\nTreballem emocions i sentiments b\u00e0sics com: l&#8217;alegria, tristesa, empipament, por, vergonya, sorpresa, avorriment i inter\u00e8s. El treball consisteix en un primer moment en la identificaci\u00f3 en un mateix d&#8217;aquests sentiments i emocions, i despr\u00e9s en els altres. Es treballa per igual l&#8217;autoconsci\u00e8ncia emocional i l&#8217;empatia, \u00e9s a dir, la capacitat de posar-se al lloc de l&#8217;altre i sintonitzar amb els seus sentiments.<\/p>\n<p style=\"text-align: justify;\">Una vegada hem fet aquest primer treball s&#8217;introdueix l&#8217;explicaci\u00f3 de les emocions, per qu\u00e8 sento alegria, tristesa? I despr\u00e9s pensem en les explicacions que tenen els altres per a sentir aquestes emocions i sentiments.<\/p>\n<p style=\"text-align: justify;\"><img loading=\"lazy\" decoding=\"async\" class=\"wp-image-763 aligncenter\" src=\"http:\/\/agora.xtec.cat\/colsagradafamilia-larapita\/wp-content\/uploads\/usu1161\/2016\/07\/Educaci\u00f3-emocional2.jpg\" alt=\"Educaci\u00f3 emocional2\" width=\"356\" height=\"455\" \/><\/p>\n<p>&nbsp;<\/p>\n","protected":false},"excerpt":{"rendered":"<p>L&#8217;educaci\u00f3 emocional \u00e9s la capacitat de controlar i recon\u00e8ixer els sentiments i emocions propis i dels altres, de discriminar entre elles i fer servir aquesta informaci\u00f3 per guiar el nostre pensament i les nostres accions. Treballa la forma d&#8217;interactuar amb el m\u00f3n. T\u00e9 molt en&hellip;  <a href=\"https:\/\/agora.xtec.cat\/colsagradafamilia-larapita\/projectes\/projecte-deducacio-emocional\/\" title=\"Read Projecte d&#8217;educaci\u00f3 emocional\">Llegeix m\u00e9s\u00bb<\/a><\/p>\n","protected":false},"author":1,"featured_media":0,"parent":644,"menu_order":53,"comment_status":"closed","ping_status":"closed","template":"page-templates\/side-menu.php","meta":{"_bbp_topic_count":0,"_bbp_reply_count":0,"_bbp_total_topic_count":0,"_bbp_total_reply_count":0,"_bbp_voice_count":0,"_bbp_anonymous_reply_count":0,"_bbp_topic_count_hidden":0,"_bbp_reply_count_hidden":0,"_bbp_forum_subforum_count":0,"footnotes":""},"class_list":["post-670","page","type-page","status-publish","hentry"],"post_mailing_queue_ids":[],"_links":{"self":[{"href":"https:\/\/agora.xtec.cat\/colsagradafamilia-larapita\/wp-json\/wp\/v2\/pages\/670","targetHints":{"allow":["GET"]}}],"collection":[{"href":"https:\/\/agora.xtec.cat\/colsagradafamilia-larapita\/wp-json\/wp\/v2\/pages"}],"about":[{"href":"https:\/\/agora.xtec.cat\/colsagradafamilia-larapita\/wp-json\/wp\/v2\/types\/page"}],"author":[{"embeddable":true,"href":"https:\/\/agora.xtec.cat\/colsagradafamilia-larapita\/wp-json\/wp\/v2\/users\/1"}],"replies":[{"embeddable":true,"href":"https:\/\/agora.xtec.cat\/colsagradafamilia-larapita\/wp-json\/wp\/v2\/comments?post=670"}],"version-history":[{"count":4,"href":"https:\/\/agora.xtec.cat\/colsagradafamilia-larapita\/wp-json\/wp\/v2\/pages\/670\/revisions"}],"predecessor-version":[{"id":875,"href":"https:\/\/agora.xtec.cat\/colsagradafamilia-larapita\/wp-json\/wp\/v2\/pages\/670\/revisions\/875"}],"up":[{"embeddable":true,"href":"https:\/\/agora.xtec.cat\/colsagradafamilia-larapita\/wp-json\/wp\/v2\/pages\/644"}],"wp:attachment":[{"href":"https:\/\/agora.xtec.cat\/colsagradafamilia-larapita\/wp-json\/wp\/v2\/media?parent=670"}],"curies":[{"name":"wp","href":"https:\/\/api.w.org\/{rel}","templated":true}]}}

Projecte d&#8217;educació emocional

<p style="text-align: justify;" align="justify"><img loading="lazy" decoding="async" class="wp-image-731 alignright" src="http://agora.xtec.cat/colsagradafamilia-larapita/wp-content/uploads/usu1161/2016/07/educació-emocional.jpg" alt="educació emocional" width="353" height="451" />L&#8217;educació emocional és la capacitat de controlar i reconèixer els sentiments i emocions propis i dels altres, de discriminar entre elles i fer servir aquesta informació per guiar el nostre pensament i les nostres accions. Treballa la forma d&#8217;interactuar amb el món. Té molt en compte els sentiments, i engloba habilitats com el control dels impulsos, l&#8217;autoconsciència, la motivació, l&#8217;entusiasme, la perseverança, l&#8217;empatia, l&#8217;agilitat mental, etc., que resulten indispensables per a una adaptació social bona i creativa.</p>
<p style="text-align: justify;" align="justify">Així per tant, cal aprendre a reflexionar i a pensar sobre els nostres sentiments, prenent consciència de les nostres aptituds i habilitats.</p>
<p style="text-align: justify;" align="justify">Objectius:</p>
<ul style="text-align: justify;">
<li>Potenciar la intel·ligència emocional i social.</li>
<li>Propiciar la maduració en el raonament moral i en valors.</li>
<li>Entrenar l&#8217;autocorreconeixement i l&#8217;autorregulació emocional.</li>
<li>Entrenar i practicar habilitats bàsiques per a la millora de la convivència dins i fora de l&#8217;aula.</li>
</ul>
<p style="text-align: justify;">
Treballem emocions i sentiments bàsics com: l&#8217;alegria, tristesa, empipament, por, vergonya, sorpresa, avorriment i interès. El treball consisteix en un primer moment en la identificació en un mateix d&#8217;aquests sentiments i emocions, i després en els altres. Es treballa per igual l&#8217;autoconsciència emocional i l&#8217;empatia, és a dir, la capacitat de posar-se al lloc de l&#8217;altre i sintonitzar amb els seus sentiments.</p>
<p style="text-align: justify;">Una vegada hem fet aquest primer treball s&#8217;introdueix l&#8217;explicació de les emocions, per què sento alegria, tristesa? I després pensem en les explicacions que tenen els altres per a sentir aquestes emocions i sentiments.</p>
<p style="text-align: justify;"><img loading="lazy" decoding="async" class="wp-image-763 aligncenter" src="http://agora.xtec.cat/colsagradafamilia-larapita/wp-content/uploads/usu1161/2016/07/Educació-emocional2.jpg" alt="Educació emocional2" width="356" height="455" /></p>
<p>&nbsp;</p>

<p>L&#8217;educació emocional és la capacitat de controlar i reconèixer els sentiments i emocions propis i dels altres, de discriminar entre elles i fer servir aquesta informació per guiar el nostre pensament i les nostres accions. Treballa la forma d&#8217;interactuar amb el món. Té molt en&hellip;  <a href="https://agora.xtec.cat/colsagradafamilia-larapita/projectes/projecte-deducacio-emocional/" title="Read Projecte d&#8217;educació emocional">Llegeix més»</a></p>
