{"id":67,"date":"2014-09-18T10:14:18","date_gmt":"2014-09-18T09:14:18","guid":{"rendered":"http:\/\/agora.xtec.cat\/colsagradafamilia-larapita\/?page_id=67"},"modified":"2019-04-27T18:35:55","modified_gmt":"2019-04-27T16:35:55","slug":"acollida","status":"publish","type":"page","link":"https:\/\/agora.xtec.cat\/colsagradafamilia-larapita\/serveis\/acollida\/","title":{"rendered":"Acollida"},"content":{"rendered":"<p style=\"text-align: justify;\"><img loading=\"lazy\" decoding=\"async\" class=\"wp-image-564 alignright\" src=\"http:\/\/agora.xtec.cat\/colsagradafamilia-larapita\/wp-content\/uploads\/usu1161\/2014\/09\/acollida-1-1024x576.jpg\" alt=\"acollida 1\" width=\"447\" height=\"245\" \/>Per tal de facilitar la conciliaci\u00f3 de la vida laboral amb els horaris escolars, el centre posa a la vostra disposici\u00f3 un servei d\u2019 acollida matinal previ a l\u2019 inici de les classes, des de les 8:00h fins les 9:00h, durant tots els dies lectius.<\/p>\n<p style=\"text-align: justify;\">Aquest servei est\u00e0 pensat per a les fam\u00edlies que comencen a treballar molt d\u2019hora al mat\u00ed i necessiten que els seus fills\/-es estiguin atesos mentre no comencen les classes, oferint un espai agradable i l\u00fadic. Tamb\u00e9 est\u00e0 pensat per a les fam\u00edlies que necessiten utilitzar aquest \u00a0servei d\u2019una manera espor\u00e0dica i puntual.<\/p>\n<p style=\"text-align: justify;\">Realitzem diverses activitats l\u00fadiques, tan dirigides com lliures, en s\u00f3n un exemple els jocs de taula, dibuixar, fer manualitats, escoltar contes, jugar amb titelles o ossos de peluix,&#8230;<\/p>\n<p style=\"text-align: justify;\"><img loading=\"lazy\" decoding=\"async\" class=\"wp-image-565 alignright\" src=\"http:\/\/agora.xtec.cat\/colsagradafamilia-larapita\/wp-content\/uploads\/usu1161\/2014\/09\/acollida-2-1024x768.jpg\" alt=\"acollida 2\" width=\"442\" height=\"301\" \/>Per a demanar el servei s\u2019avisa a la porteria del col\u00b7legi i quan es requereix el servei un dia, s\u2019acudeix al centre a les 8:00h del mat\u00ed on la monitora els rebr\u00e0.<\/p>\n<table style=\"height: 62px; border-color: #125dde; background-color: #c4e5f2;\" width=\"246\">\n<tbody>\n<tr>\n<td style=\"text-align: center;\" colspan=\"2\">\n<h5><strong>Preu del servei d&#8217;acollida<\/strong><\/h5>\n<\/td>\n<\/tr>\n<tr>\n<td style=\"text-align: center;\"><strong>Quota mensual<\/strong><\/td>\n<td style=\"text-align: center;\"><strong>21 \u20ac<\/strong><\/td>\n<\/tr>\n<tr>\n<td style=\"text-align: center;\"><strong>Quota di\u00e0ria<\/strong><\/td>\n<td style=\"text-align: center;\"><strong>3&#8217;5 \u20ac<\/strong><\/td>\n<\/tr>\n<\/tbody>\n<\/table>\n<p><em><span style=\"text-decoration: underline;\">Porteria del col\u00b7legi<\/span>: \u00a0<\/em><em>M. Carmen, telf. \u00a0977 74 01 62<\/em><\/p>\n","protected":false},"excerpt":{"rendered":"<p>Per tal de facilitar la conciliaci\u00f3 de la vida laboral amb els horaris escolars, el centre posa a la vostra disposici\u00f3 un servei d\u2019 acollida matinal previ a l\u2019 inici de les classes, des de les 8:00h fins les 9:00h, durant tots els dies lectius.<br \/>\nAquest&hellip;  <a href=\"https:\/\/agora.xtec.cat\/colsagradafamilia-larapita\/serveis\/acollida\/\" title=\"Read Acollida\">Llegeix m\u00e9s\u00bb<\/a><\/p>\n","protected":false},"author":1,"featured_media":0,"parent":63,"menu_order":40,"comment_status":"closed","ping_status":"closed","template":"page-templates\/side-menu.php","meta":{"_bbp_topic_count":0,"_bbp_reply_count":0,"_bbp_total_topic_count":0,"_bbp_total_reply_count":0,"_bbp_voice_count":0,"_bbp_anonymous_reply_count":0,"_bbp_topic_count_hidden":0,"_bbp_reply_count_hidden":0,"_bbp_forum_subforum_count":0,"footnotes":""},"class_list":["post-67","page","type-page","status-publish","hentry"],"post_mailing_queue_ids":[],"_links":{"self":[{"href":"https:\/\/agora.xtec.cat\/colsagradafamilia-larapita\/wp-json\/wp\/v2\/pages\/67","targetHints":{"allow":["GET"]}}],"collection":[{"href":"https:\/\/agora.xtec.cat\/colsagradafamilia-larapita\/wp-json\/wp\/v2\/pages"}],"about":[{"href":"https:\/\/agora.xtec.cat\/colsagradafamilia-larapita\/wp-json\/wp\/v2\/types\/page"}],"author":[{"embeddable":true,"href":"https:\/\/agora.xtec.cat\/colsagradafamilia-larapita\/wp-json\/wp\/v2\/users\/1"}],"replies":[{"embeddable":true,"href":"https:\/\/agora.xtec.cat\/colsagradafamilia-larapita\/wp-json\/wp\/v2\/comments?post=67"}],"version-history":[{"count":3,"href":"https:\/\/agora.xtec.cat\/colsagradafamilia-larapita\/wp-json\/wp\/v2\/pages\/67\/revisions"}],"predecessor-version":[{"id":3067,"href":"https:\/\/agora.xtec.cat\/colsagradafamilia-larapita\/wp-json\/wp\/v2\/pages\/67\/revisions\/3067"}],"up":[{"embeddable":true,"href":"https:\/\/agora.xtec.cat\/colsagradafamilia-larapita\/wp-json\/wp\/v2\/pages\/63"}],"wp:attachment":[{"href":"https:\/\/agora.xtec.cat\/colsagradafamilia-larapita\/wp-json\/wp\/v2\/media?parent=67"}],"curies":[{"name":"wp","href":"https:\/\/api.w.org\/{rel}","templated":true}]}}

<p style="text-align: justify;"><img loading="lazy" decoding="async" class="wp-image-564 alignright" src="http://agora.xtec.cat/colsagradafamilia-larapita/wp-content/uploads/usu1161/2014/09/acollida-1-1024x576.jpg" alt="acollida 1" width="447" height="245" />Per tal de facilitar la conciliació de la vida laboral amb els horaris escolars, el centre posa a la vostra disposició un servei d’ acollida matinal previ a l’ inici de les classes, des de les 8:00h fins les 9:00h, durant tots els dies lectius.</p>
<p style="text-align: justify;">Aquest servei està pensat per a les famílies que comencen a treballar molt d’hora al matí i necessiten que els seus fills/-es estiguin atesos mentre no comencen les classes, oferint un espai agradable i lúdic. També està pensat per a les famílies que necessiten utilitzar aquest  servei d’una manera esporàdica i puntual.</p>
<p style="text-align: justify;">Realitzem diverses activitats lúdiques, tan dirigides com lliures, en són un exemple els jocs de taula, dibuixar, fer manualitats, escoltar contes, jugar amb titelles o ossos de peluix,&#8230;</p>
<p style="text-align: justify;"><img loading="lazy" decoding="async" class="wp-image-565 alignright" src="http://agora.xtec.cat/colsagradafamilia-larapita/wp-content/uploads/usu1161/2014/09/acollida-2-1024x768.jpg" alt="acollida 2" width="442" height="301" />Per a demanar el servei s’avisa a la porteria del col·legi i quan es requereix el servei un dia, s’acudeix al centre a les 8:00h del matí on la monitora els rebrà.</p>
<table style="height: 62px; border-color: #125dde; background-color: #c4e5f2;" width="246">
<tbody>
<tr>
<td style="text-align: center;" colspan="2">
<h5><strong>Preu del servei d&#8217;acollida</strong></h5>
</td>
</tr>
<tr>
<td style="text-align: center;"><strong>Quota mensual</strong></td>
<td style="text-align: center;"><strong>21 €</strong></td>
</tr>
<tr>
<td style="text-align: center;"><strong>Quota diària</strong></td>
<td style="text-align: center;"><strong>3&#8217;5 €</strong></td>
</tr>
</tbody>
</table>
<p><em><span style="text-decoration: underline;">Porteria del col·legi</span>:  </em><em>M. Carmen, telf.  977 74 01 62</em></p>

<p>Per tal de facilitar la conciliació de la vida laboral amb els horaris escolars, el centre posa a la vostra disposició un servei d’ acollida matinal previ a l’ inici de les classes, des de les 8:00h fins les 9:00h, durant tots els dies lectius.<br />
Aquest&hellip;  <a href="https://agora.xtec.cat/colsagradafamilia-larapita/serveis/acollida/" title="Read Acollida">Llegeix més»</a></p>
