{"id":668,"date":"2016-07-12T00:29:00","date_gmt":"2016-07-11T23:29:00","guid":{"rendered":"http:\/\/agora.xtec.cat\/colsagradafamilia-larapita\/?page_id=668"},"modified":"2016-08-04T17:18:01","modified_gmt":"2016-08-04T16:18:01","slug":"projecte-de-convivencia","status":"publish","type":"page","link":"https:\/\/agora.xtec.cat\/colsagradafamilia-larapita\/projectes\/projecte-de-convivencia\/","title":{"rendered":"Projecte de conviv\u00e8ncia"},"content":{"rendered":"<p style=\"text-align: justify;\">El projecte de conviv\u00e8ncia reflecteix les accions que el centre desenvolupa per capacitar tot l&#8217;alumnat i la resta de la comunitat educativa per a la conviv\u00e8ncia i la gesti\u00f3 positiva de conflictes. Aquestes accions van adre\u00e7ades a la millora de la conviv\u00e8ncia a l&#8217;aula, al centre o a l&#8217;entorn.<\/p>\n<p style=\"text-align: justify;\">Tamb\u00e9 recull els mecanismes que el centre estableix a l&#8217;hora de resoldre els conflictes i de resoldre els conflictes i de crear una atmosfera de treball i de conviv\u00e8ncia segura i saludable.<\/p>\n<p style=\"text-align: justify;\">Amb el pla de conviv\u00e8ncia del centre pretenem aconseguir els seg\u00fcents objectius:<\/p>\n<ul>\n<li>Mantenir un clima de conviv\u00e8ncia saludable al centre.<\/li>\n<li>Aconseguir la integraci\u00f3 efectiva de tot l&#8217;alumnat.<\/li>\n<li>Promoure la implicaci\u00f3 de les fam\u00edlies.<\/li>\n<li>Impulsar les reaccions entre tots els membres de la comunitat educativa.<\/li>\n<li>Prevenir els conflictes i si n&#8217;\u00e9s el cas gestionar-los positivament.<\/li>\n<\/ul>\n<p>El centre t\u00e9 elaborat aquest projecte des del curs 2011-2012, i es va actualitzant peri\u00f2dicament.<\/p>\n<p>&nbsp;<\/p>\n","protected":false},"excerpt":{"rendered":"<p>El projecte de conviv\u00e8ncia reflecteix les accions que el centre desenvolupa per capacitar tot l&#8217;alumnat i la resta de la comunitat educativa per a la conviv\u00e8ncia i la gesti\u00f3 positiva de conflictes. Aquestes accions van adre\u00e7ades a la millora de la conviv\u00e8ncia a l&#8217;aula, al&hellip;  <a href=\"https:\/\/agora.xtec.cat\/colsagradafamilia-larapita\/projectes\/projecte-de-convivencia\/\" title=\"Read Projecte de conviv\u00e8ncia\">Llegeix m\u00e9s\u00bb<\/a><\/p>\n","protected":false},"author":1,"featured_media":0,"parent":644,"menu_order":52,"comment_status":"closed","ping_status":"closed","template":"page-templates\/side-menu.php","meta":{"_bbp_topic_count":0,"_bbp_reply_count":0,"_bbp_total_topic_count":0,"_bbp_total_reply_count":0,"_bbp_voice_count":0,"_bbp_anonymous_reply_count":0,"_bbp_topic_count_hidden":0,"_bbp_reply_count_hidden":0,"_bbp_forum_subforum_count":0,"footnotes":""},"class_list":["post-668","page","type-page","status-publish","hentry"],"post_mailing_queue_ids":[],"_links":{"self":[{"href":"https:\/\/agora.xtec.cat\/colsagradafamilia-larapita\/wp-json\/wp\/v2\/pages\/668","targetHints":{"allow":["GET"]}}],"collection":[{"href":"https:\/\/agora.xtec.cat\/colsagradafamilia-larapita\/wp-json\/wp\/v2\/pages"}],"about":[{"href":"https:\/\/agora.xtec.cat\/colsagradafamilia-larapita\/wp-json\/wp\/v2\/types\/page"}],"author":[{"embeddable":true,"href":"https:\/\/agora.xtec.cat\/colsagradafamilia-larapita\/wp-json\/wp\/v2\/users\/1"}],"replies":[{"embeddable":true,"href":"https:\/\/agora.xtec.cat\/colsagradafamilia-larapita\/wp-json\/wp\/v2\/comments?post=668"}],"version-history":[{"count":3,"href":"https:\/\/agora.xtec.cat\/colsagradafamilia-larapita\/wp-json\/wp\/v2\/pages\/668\/revisions"}],"predecessor-version":[{"id":864,"href":"https:\/\/agora.xtec.cat\/colsagradafamilia-larapita\/wp-json\/wp\/v2\/pages\/668\/revisions\/864"}],"up":[{"embeddable":true,"href":"https:\/\/agora.xtec.cat\/colsagradafamilia-larapita\/wp-json\/wp\/v2\/pages\/644"}],"wp:attachment":[{"href":"https:\/\/agora.xtec.cat\/colsagradafamilia-larapita\/wp-json\/wp\/v2\/media?parent=668"}],"curies":[{"name":"wp","href":"https:\/\/api.w.org\/{rel}","templated":true}]}}

Projecte de convivència

<p style="text-align: justify;">El projecte de convivència reflecteix les accions que el centre desenvolupa per capacitar tot l&#8217;alumnat i la resta de la comunitat educativa per a la convivència i la gestió positiva de conflictes. Aquestes accions van adreçades a la millora de la convivència a l&#8217;aula, al centre o a l&#8217;entorn.</p>
<p style="text-align: justify;">També recull els mecanismes que el centre estableix a l&#8217;hora de resoldre els conflictes i de resoldre els conflictes i de crear una atmosfera de treball i de convivència segura i saludable.</p>
<p style="text-align: justify;">Amb el pla de convivència del centre pretenem aconseguir els següents objectius:</p>
<ul>
<li>Mantenir un clima de convivència saludable al centre.</li>
<li>Aconseguir la integració efectiva de tot l&#8217;alumnat.</li>
<li>Promoure la implicació de les famílies.</li>
<li>Impulsar les reaccions entre tots els membres de la comunitat educativa.</li>
<li>Prevenir els conflictes i si n&#8217;és el cas gestionar-los positivament.</li>
</ul>
<p>El centre té elaborat aquest projecte des del curs 2011-2012, i es va actualitzant periòdicament.</p>
<p>&nbsp;</p>

<p>El projecte de convivència reflecteix les accions que el centre desenvolupa per capacitar tot l&#8217;alumnat i la resta de la comunitat educativa per a la convivència i la gestió positiva de conflictes. Aquestes accions van adreçades a la millora de la convivència a l&#8217;aula, al&hellip;  <a href="https://agora.xtec.cat/colsagradafamilia-larapita/projectes/projecte-de-convivencia/" title="Read Projecte de convivència">Llegeix més»</a></p>
