{"id":5524,"date":"2024-01-18T19:10:27","date_gmt":"2024-01-18T18:10:27","guid":{"rendered":"https:\/\/agora.xtec.cat\/colsagradafamilia-larapita\/?page_id=5524"},"modified":"2024-02-16T20:29:49","modified_gmt":"2024-02-16T19:29:49","slug":"sabers-2","status":"publish","type":"page","link":"https:\/\/agora.xtec.cat\/colsagradafamilia-larapita\/educacio-infantil\/sabers-2\/","title":{"rendered":"Sabers"},"content":{"rendered":"<div data-breakout=\"normal\">\n<p id=\"viewer-67iko\" class=\"qLu9J fi-3d OgsXk _6-rbz nL1m6\" style=\"text-align: justify;\"><span class=\"tLgi0 OgsXk\">Els sabers s\u00f3n els coneixements, destreses i actituds que es desenvolupen durant el proc\u00e9s d&#8217;aprenentatge dels infants dins l&#8217;etapa d&#8217;Educaci\u00f3 Infantil aix\u00ed per tant, es movilitzen i s&#8217;integren amb l&#8217;objectiu d&#8217;assolir les compet\u00e8ncies d&#8217;aquest segon cicle (3-5 anys), que constribueixen a la descoberta, comprensi\u00f3 i adquisici\u00f3 de les capacitats i habilitats motrius, cognitives, emocionals i art\u00edstiques. Tot aix\u00f2, des d&#8217;un enfocament innovador i participatiu en situacions contextualitzades fugint de la simple transmissi\u00f3 d&#8217;informaci\u00f3.<\/span><\/p>\n<table style=\"height: 142px; width: 101.204%; border-style: none;\">\n<tbody>\n<tr style=\"height: 31px;\">\n<td style=\"width: 31.4191%; border-style: none; text-align: center; vertical-align: middle; height: 31px;\"><iframe loading=\"lazy\" src=\"https:\/\/drive.google.com\/file\/d\/1eIoyHnW2tjuC-zOpfpxMMd2Ej2d3ks8m\/preview\" width=\"640\" height=\"480\"><\/iframe><\/td>\n<td style=\"width: 31.6847%; border-style: none; height: 31px;\"><iframe loading=\"lazy\" src=\"https:\/\/drive.google.com\/file\/d\/13Mtmtr7P9_0GYDSxxynYAu2ZQpQDhUO8\/preview\" width=\"640\" height=\"480\"><\/iframe><\/td>\n<\/tr>\n<tr style=\"height: 58px;\">\n<td style=\"width: 31.4191%; border-style: none; vertical-align: middle; height: 58px; text-align: center;\">\n<h4><strong><span style=\"color: #3366ff;\">Racons matem\u00e0tics<\/span><\/strong><\/h4>\n<\/td>\n<td style=\"width: 31.6847%; border-style: none; height: 58px; text-align: center;\">\n<h4><strong><span style=\"color: #3366ff;\">Lectura de contes<\/span><\/strong><\/h4>\n<\/td>\n<\/tr>\n<tr style=\"height: 115px;\">\n<td style=\"width: 31.4191%; height: 53px; border-style: none; text-align: center; vertical-align: middle;\"><iframe loading=\"lazy\" src=\"https:\/\/drive.google.com\/file\/d\/1G26eLUPKeUXm8JFaSApxWpoEaOv8pDa0\/preview\" width=\"640\" height=\"480\"><\/iframe><\/td>\n<td style=\"width: 31.6847%; height: 53px; border-style: none;\"><iframe loading=\"lazy\" src=\"https:\/\/drive.google.com\/file\/d\/1rbss2LLnu4FiHGSSvg_oJmQ38fhWBRcV\/preview\" width=\"640\" height=\"480\"><\/iframe><\/td>\n<\/tr>\n<tr>\n<td style=\"width: 31.4191%; border-style: none; text-align: center; vertical-align: middle;\">\n<h4><strong><span style=\"color: #3366ff;\">Psicomotricitat gruixuda<\/span><\/strong><\/h4>\n<\/td>\n<td style=\"width: 31.6847%; border-style: none; text-align: center;\">\n<h4><strong><span style=\"color: #3366ff;\">Psicomotricitat fina<\/span><\/strong><\/h4>\n<\/td>\n<\/tr>\n<tr>\n<td style=\"width: 31.4191%; border-style: none; text-align: center; vertical-align: middle;\">\n<h4><strong><span style=\"color: #3366ff;\"><iframe loading=\"lazy\" src=\"https:\/\/drive.google.com\/file\/d\/1BgJhm8ZX0YKcOQaLMUF7uXQqwV5-XGjB\/preview\" width=\"640\" height=\"480\"><\/iframe><\/span><\/strong><\/h4>\n<\/td>\n<td style=\"width: 31.6847%; border-style: none; text-align: center;\">\n<h4><strong><span style=\"color: #3366ff;\"><iframe loading=\"lazy\" src=\"https:\/\/drive.google.com\/file\/d\/13Wo5X-3z_LJaS3gY4b-HlRBbHn24fTE9\/preview\" width=\"640\" height=\"480\"><\/iframe>\u00a0<\/span><\/strong><\/h4>\n<\/td>\n<\/tr>\n<tr>\n<td style=\"width: 31.4191%; border-style: none; text-align: center; vertical-align: middle;\">\n<h4><strong><span style=\"color: #3366ff;\">Descoberta, art i creativitat<\/span><\/strong><\/h4>\n<\/td>\n<td style=\"width: 31.6847%; border-style: none; text-align: center;\">\n<h4><strong><span style=\"color: #3366ff;\">Pluriling\u00fcisme<\/span><\/strong><\/h4>\n<\/td>\n<\/tr>\n<\/tbody>\n<\/table>\n<\/div>\n","protected":false},"excerpt":{"rendered":"<p>Els sabers s\u00f3n els coneixements, destreses i actituds que es desenvolupen durant el proc\u00e9s d&#8217;aprenentatge dels infants dins l&#8217;etapa d&#8217;Educaci\u00f3 Infantil aix\u00ed per tant, es movilitzen i s&#8217;integren amb l&#8217;objectiu d&#8217;assolir les compet\u00e8ncies d&#8217;aquest segon cicle (3-5 anys), que constribueixen a la descoberta, comprensi\u00f3 i&hellip;  <a href=\"https:\/\/agora.xtec.cat\/colsagradafamilia-larapita\/educacio-infantil\/sabers-2\/\" title=\"Read Sabers\">Llegeix m\u00e9s\u00bb<\/a><\/p>\n","protected":false},"author":1,"featured_media":0,"parent":5494,"menu_order":914,"comment_status":"closed","ping_status":"closed","template":"page-templates\/side-menu.php","meta":{"_bbp_topic_count":0,"_bbp_reply_count":0,"_bbp_total_topic_count":0,"_bbp_total_reply_count":0,"_bbp_voice_count":0,"_bbp_anonymous_reply_count":0,"_bbp_topic_count_hidden":0,"_bbp_reply_count_hidden":0,"_bbp_forum_subforum_count":0,"footnotes":""},"class_list":["post-5524","page","type-page","status-publish","hentry"],"post_mailing_queue_ids":[],"_links":{"self":[{"href":"https:\/\/agora.xtec.cat\/colsagradafamilia-larapita\/wp-json\/wp\/v2\/pages\/5524","targetHints":{"allow":["GET"]}}],"collection":[{"href":"https:\/\/agora.xtec.cat\/colsagradafamilia-larapita\/wp-json\/wp\/v2\/pages"}],"about":[{"href":"https:\/\/agora.xtec.cat\/colsagradafamilia-larapita\/wp-json\/wp\/v2\/types\/page"}],"author":[{"embeddable":true,"href":"https:\/\/agora.xtec.cat\/colsagradafamilia-larapita\/wp-json\/wp\/v2\/users\/1"}],"replies":[{"embeddable":true,"href":"https:\/\/agora.xtec.cat\/colsagradafamilia-larapita\/wp-json\/wp\/v2\/comments?post=5524"}],"version-history":[{"count":7,"href":"https:\/\/agora.xtec.cat\/colsagradafamilia-larapita\/wp-json\/wp\/v2\/pages\/5524\/revisions"}],"predecessor-version":[{"id":5706,"href":"https:\/\/agora.xtec.cat\/colsagradafamilia-larapita\/wp-json\/wp\/v2\/pages\/5524\/revisions\/5706"}],"up":[{"embeddable":true,"href":"https:\/\/agora.xtec.cat\/colsagradafamilia-larapita\/wp-json\/wp\/v2\/pages\/5494"}],"wp:attachment":[{"href":"https:\/\/agora.xtec.cat\/colsagradafamilia-larapita\/wp-json\/wp\/v2\/media?parent=5524"}],"curies":[{"name":"wp","href":"https:\/\/api.w.org\/{rel}","templated":true}]}}

<div data-breakout="normal">
<p id="viewer-67iko" class="qLu9J fi-3d OgsXk _6-rbz nL1m6" style="text-align: justify;"><span class="tLgi0 OgsXk">Els sabers són els coneixements, destreses i actituds que es desenvolupen durant el procés d&#8217;aprenentatge dels infants dins l&#8217;etapa d&#8217;Educació Infantil així per tant, es movilitzen i s&#8217;integren amb l&#8217;objectiu d&#8217;assolir les competències d&#8217;aquest segon cicle (3-5 anys), que constribueixen a la descoberta, comprensió i adquisició de les capacitats i habilitats motrius, cognitives, emocionals i artístiques. Tot això, des d&#8217;un enfocament innovador i participatiu en situacions contextualitzades fugint de la simple transmissió d&#8217;informació.</span></p>
<table style="height: 142px; width: 101.204%; border-style: none;">
<tbody>
<tr style="height: 31px;">
<td style="width: 31.4191%; border-style: none; text-align: center; vertical-align: middle; height: 31px;"><iframe loading="lazy" src="https://drive.google.com/file/d/1eIoyHnW2tjuC-zOpfpxMMd2Ej2d3ks8m/preview" width="640" height="480"></iframe></td>
<td style="width: 31.6847%; border-style: none; height: 31px;"><iframe loading="lazy" src="https://drive.google.com/file/d/13Mtmtr7P9_0GYDSxxynYAu2ZQpQDhUO8/preview" width="640" height="480"></iframe></td>
</tr>
<tr style="height: 58px;">
<td style="width: 31.4191%; border-style: none; vertical-align: middle; height: 58px; text-align: center;">
<h4><strong><span style="color: #3366ff;">Racons matemàtics</span></strong></h4>
</td>
<td style="width: 31.6847%; border-style: none; height: 58px; text-align: center;">
<h4><strong><span style="color: #3366ff;">Lectura de contes</span></strong></h4>
</td>
</tr>
<tr style="height: 115px;">
<td style="width: 31.4191%; height: 53px; border-style: none; text-align: center; vertical-align: middle;"><iframe loading="lazy" src="https://drive.google.com/file/d/1G26eLUPKeUXm8JFaSApxWpoEaOv8pDa0/preview" width="640" height="480"></iframe></td>
<td style="width: 31.6847%; height: 53px; border-style: none;"><iframe loading="lazy" src="https://drive.google.com/file/d/1rbss2LLnu4FiHGSSvg_oJmQ38fhWBRcV/preview" width="640" height="480"></iframe></td>
</tr>
<tr>
<td style="width: 31.4191%; border-style: none; text-align: center; vertical-align: middle;">
<h4><strong><span style="color: #3366ff;">Psicomotricitat gruixuda</span></strong></h4>
</td>
<td style="width: 31.6847%; border-style: none; text-align: center;">
<h4><strong><span style="color: #3366ff;">Psicomotricitat fina</span></strong></h4>
</td>
</tr>
<tr>
<td style="width: 31.4191%; border-style: none; text-align: center; vertical-align: middle;">
<h4><strong><span style="color: #3366ff;"><iframe loading="lazy" src="https://drive.google.com/file/d/1BgJhm8ZX0YKcOQaLMUF7uXQqwV5-XGjB/preview" width="640" height="480"></iframe></span></strong></h4>
</td>
<td style="width: 31.6847%; border-style: none; text-align: center;">
<h4><strong><span style="color: #3366ff;"><iframe loading="lazy" src="https://drive.google.com/file/d/13Wo5X-3z_LJaS3gY4b-HlRBbHn24fTE9/preview" width="640" height="480"></iframe> </span></strong></h4>
</td>
</tr>
<tr>
<td style="width: 31.4191%; border-style: none; text-align: center; vertical-align: middle;">
<h4><strong><span style="color: #3366ff;">Descoberta, art i creativitat</span></strong></h4>
</td>
<td style="width: 31.6847%; border-style: none; text-align: center;">
<h4><strong><span style="color: #3366ff;">Plurilingüisme</span></strong></h4>
</td>
</tr>
</tbody>
</table>
</div>

<p>Els sabers són els coneixements, destreses i actituds que es desenvolupen durant el procés d&#8217;aprenentatge dels infants dins l&#8217;etapa d&#8217;Educació Infantil així per tant, es movilitzen i s&#8217;integren amb l&#8217;objectiu d&#8217;assolir les competències d&#8217;aquest segon cicle (3-5 anys), que constribueixen a la descoberta, comprensió i&hellip;  <a href="https://agora.xtec.cat/colsagradafamilia-larapita/educacio-infantil/sabers-2/" title="Read Sabers">Llegeix més»</a></p>
