{"id":532,"date":"2016-07-11T18:57:43","date_gmt":"2016-07-11T17:57:43","guid":{"rendered":"http:\/\/agora.xtec.cat\/colsagradafamilia-larapita\/?page_id=532"},"modified":"2025-03-04T17:35:26","modified_gmt":"2025-03-04T16:35:26","slug":"salutacio-del-director","status":"publish","type":"page","link":"https:\/\/agora.xtec.cat\/colsagradafamilia-larapita\/linstitut\/equip-directiu\/salutacio-del-director\/","title":{"rendered":"Salutaci\u00f3 del director"},"content":{"rendered":"<p style=\"text-align: justify;\">Estimats pares i mares,<\/p>\n<h5><a href=\"https:\/\/agora.xtec.cat\/colsagradafamilia-larapita\/wp-content\/uploads\/usu1161\/2019\/10\/AUD\u00cd-DURAN-XAVIER-e1740501929788.jpg\"><img loading=\"lazy\" decoding=\"async\" class=\"wp-image-3284 size-medium alignright\" src=\"https:\/\/agora.xtec.cat\/colsagradafamilia-larapita\/wp-content\/uploads\/usu1161\/2019\/10\/AUD\u00cd-DURAN-XAVIER-e1740501929788-225x300.jpg\" alt=\"\" width=\"225\" height=\"300\" srcset=\"https:\/\/agora.xtec.cat\/colsagradafamilia-larapita\/wp-content\/uploads\/usu1161\/2019\/10\/AUD\u00cd-DURAN-XAVIER-e1740501929788-225x300.jpg 225w, https:\/\/agora.xtec.cat\/colsagradafamilia-larapita\/wp-content\/uploads\/usu1161\/2019\/10\/AUD\u00cd-DURAN-XAVIER-e1740501929788-768x1025.jpg 768w, https:\/\/agora.xtec.cat\/colsagradafamilia-larapita\/wp-content\/uploads\/usu1161\/2019\/10\/AUD\u00cd-DURAN-XAVIER-e1740501929788-767x1024.jpg 767w, https:\/\/agora.xtec.cat\/colsagradafamilia-larapita\/wp-content\/uploads\/usu1161\/2019\/10\/AUD\u00cd-DURAN-XAVIER-e1740501929788-1151x1536.jpg 1151w, https:\/\/agora.xtec.cat\/colsagradafamilia-larapita\/wp-content\/uploads\/usu1161\/2019\/10\/AUD\u00cd-DURAN-XAVIER-e1740501929788-1535x2048.jpg 1535w, https:\/\/agora.xtec.cat\/colsagradafamilia-larapita\/wp-content\/uploads\/usu1161\/2019\/10\/AUD\u00cd-DURAN-XAVIER-e1740501929788.jpg 1920w\" sizes=\"auto, (max-width: 225px) 100vw, 225px\" \/><\/a><\/h5>\n<p style=\"text-align: justify;\">L&#8217;educaci\u00f3 \u00e9s el millor tresor que podem donar als nostres fills i filles. Des de la nostra escola treballem per donar una educaci\u00f3 de qualitat que els encamini cap al futur amb les millors condicions possibles, tant en els aspectes acad\u00e8mics com en l&#8217;adquisici\u00f3 de valors socials.<\/p>\n<p style=\"text-align: justify;\">Us encoratjo que junts emprengueu aquest cam\u00ed tan il\u00b7lusionant i que arribem a bon port formant joves responsables, compromesos i justos.<\/p>\n<p>Rebeu una cordial salutaci\u00f3.<\/p>\n<p><strong>Xavi Aud\u00ed Dur\u00e1n<\/strong><\/p>\n<p>&nbsp;<\/p>\n","protected":false},"excerpt":{"rendered":"<p>Estimats pares i mares,<br \/>\n<a href=\"https:\/\/agora.xtec.cat\/colsagradafamilia-larapita\/wp-content\/uploads\/usu1161\/2019\/10\/AUD\u00cd-DURAN-XAVIER-e1740501929788.jpg\"><\/a><br \/>\nL&#8217;educaci\u00f3 \u00e9s el millor tresor que podem donar als nostres fills i filles. Des de la nostra escola treballem per donar una educaci\u00f3 de qualitat que els encamini cap al futur amb les millors condicions possibles, tant en els aspectes acad\u00e8mics&hellip;  <a href=\"https:\/\/agora.xtec.cat\/colsagradafamilia-larapita\/linstitut\/equip-directiu\/salutacio-del-director\/\" title=\"Read Salutaci\u00f3 del director\">Llegeix m\u00e9s\u00bb<\/a><\/p>\n","protected":false},"author":1,"featured_media":0,"parent":529,"menu_order":161,"comment_status":"closed","ping_status":"closed","template":"page-templates\/side-menu.php","meta":{"_bbp_topic_count":0,"_bbp_reply_count":0,"_bbp_total_topic_count":0,"_bbp_total_reply_count":0,"_bbp_voice_count":0,"_bbp_anonymous_reply_count":0,"_bbp_topic_count_hidden":0,"_bbp_reply_count_hidden":0,"_bbp_forum_subforum_count":0,"footnotes":""},"class_list":["post-532","page","type-page","status-publish","hentry"],"post_mailing_queue_ids":[],"_links":{"self":[{"href":"https:\/\/agora.xtec.cat\/colsagradafamilia-larapita\/wp-json\/wp\/v2\/pages\/532","targetHints":{"allow":["GET"]}}],"collection":[{"href":"https:\/\/agora.xtec.cat\/colsagradafamilia-larapita\/wp-json\/wp\/v2\/pages"}],"about":[{"href":"https:\/\/agora.xtec.cat\/colsagradafamilia-larapita\/wp-json\/wp\/v2\/types\/page"}],"author":[{"embeddable":true,"href":"https:\/\/agora.xtec.cat\/colsagradafamilia-larapita\/wp-json\/wp\/v2\/users\/1"}],"replies":[{"embeddable":true,"href":"https:\/\/agora.xtec.cat\/colsagradafamilia-larapita\/wp-json\/wp\/v2\/comments?post=532"}],"version-history":[{"count":4,"href":"https:\/\/agora.xtec.cat\/colsagradafamilia-larapita\/wp-json\/wp\/v2\/pages\/532\/revisions"}],"predecessor-version":[{"id":6227,"href":"https:\/\/agora.xtec.cat\/colsagradafamilia-larapita\/wp-json\/wp\/v2\/pages\/532\/revisions\/6227"}],"up":[{"embeddable":true,"href":"https:\/\/agora.xtec.cat\/colsagradafamilia-larapita\/wp-json\/wp\/v2\/pages\/529"}],"wp:attachment":[{"href":"https:\/\/agora.xtec.cat\/colsagradafamilia-larapita\/wp-json\/wp\/v2\/media?parent=532"}],"curies":[{"name":"wp","href":"https:\/\/api.w.org\/{rel}","templated":true}]}}

Salutació del director

<p style="text-align: justify;">Estimats pares i mares,</p>
<h5><a href="https://agora.xtec.cat/colsagradafamilia-larapita/wp-content/uploads/usu1161/2019/10/AUDÍ-DURAN-XAVIER-e1740501929788.jpg"><img loading="lazy" decoding="async" class="wp-image-3284 size-medium alignright" src="https://agora.xtec.cat/colsagradafamilia-larapita/wp-content/uploads/usu1161/2019/10/AUDÍ-DURAN-XAVIER-e1740501929788-225x300.jpg" alt="" width="225" height="300" srcset="https://agora.xtec.cat/colsagradafamilia-larapita/wp-content/uploads/usu1161/2019/10/AUDÍ-DURAN-XAVIER-e1740501929788-225x300.jpg 225w, https://agora.xtec.cat/colsagradafamilia-larapita/wp-content/uploads/usu1161/2019/10/AUDÍ-DURAN-XAVIER-e1740501929788-768x1025.jpg 768w, https://agora.xtec.cat/colsagradafamilia-larapita/wp-content/uploads/usu1161/2019/10/AUDÍ-DURAN-XAVIER-e1740501929788-767x1024.jpg 767w, https://agora.xtec.cat/colsagradafamilia-larapita/wp-content/uploads/usu1161/2019/10/AUDÍ-DURAN-XAVIER-e1740501929788-1151x1536.jpg 1151w, https://agora.xtec.cat/colsagradafamilia-larapita/wp-content/uploads/usu1161/2019/10/AUDÍ-DURAN-XAVIER-e1740501929788-1535x2048.jpg 1535w, https://agora.xtec.cat/colsagradafamilia-larapita/wp-content/uploads/usu1161/2019/10/AUDÍ-DURAN-XAVIER-e1740501929788.jpg 1920w" sizes="auto, (max-width: 225px) 100vw, 225px" /></a></h5>
<p style="text-align: justify;">L&#8217;educació és el millor tresor que podem donar als nostres fills i filles. Des de la nostra escola treballem per donar una educació de qualitat que els encamini cap al futur amb les millors condicions possibles, tant en els aspectes acadèmics com en l&#8217;adquisició de valors socials.</p>
<p style="text-align: justify;">Us encoratjo que junts emprengueu aquest camí tan il·lusionant i que arribem a bon port formant joves responsables, compromesos i justos.</p>
<p>Rebeu una cordial salutació.</p>
<p><strong>Xavi Audí Durán</strong></p>
<p>&nbsp;</p>

<p>Estimats pares i mares,<br />
<a href="https://agora.xtec.cat/colsagradafamilia-larapita/wp-content/uploads/usu1161/2019/10/AUDÍ-DURAN-XAVIER-e1740501929788.jpg"></a><br />
L&#8217;educació és el millor tresor que podem donar als nostres fills i filles. Des de la nostra escola treballem per donar una educació de qualitat que els encamini cap al futur amb les millors condicions possibles, tant en els aspectes acadèmics&hellip;  <a href="https://agora.xtec.cat/colsagradafamilia-larapita/linstitut/equip-directiu/salutacio-del-director/" title="Read Salutació del director">Llegeix més»</a></p>
