{"id":52,"date":"2014-09-17T16:58:07","date_gmt":"2014-09-17T16:58:07","guid":{"rendered":"http:\/\/agora.xtec.cat\/colsagradafamilia-larapita\/?page_id=52"},"modified":"2025-01-14T17:58:50","modified_gmt":"2025-01-14T16:58:50","slug":"calendari-del-curs","status":"publish","type":"page","link":"https:\/\/agora.xtec.cat\/colsagradafamilia-larapita\/linstitut\/calendari-del-curs\/","title":{"rendered":"Calendari escolar 2024-2025"},"content":{"rendered":"<p style=\"text-align: justify;\">Durant el curs escolar l&#8217;horari lectiu dels alumnes d&#8217;educaci\u00f3 infantil, prim\u00e0ria i secund\u00e0ria en el centre, d&#8217;acord amb l&#8217;autoritzaci\u00f3 sol\u00b7licitada al delegat territorial del Departament d&#8217;Ensenyament, ser\u00e0 la seg\u00fcent:<\/p>\n<p><a href=\"https:\/\/agora.xtec.cat\/colsagradafamilia-larapita\/wp-content\/uploads\/usu1161\/2025\/01\/calendari-1.jpg\"><img loading=\"lazy\" decoding=\"async\" class=\"aligncenter size-full wp-image-6088\" src=\"https:\/\/agora.xtec.cat\/colsagradafamilia-larapita\/wp-content\/uploads\/usu1161\/2025\/01\/calendari-1.jpg\" alt=\"\" width=\"657\" height=\"743\" srcset=\"https:\/\/agora.xtec.cat\/colsagradafamilia-larapita\/wp-content\/uploads\/usu1161\/2025\/01\/calendari-1.jpg 657w, https:\/\/agora.xtec.cat\/colsagradafamilia-larapita\/wp-content\/uploads\/usu1161\/2025\/01\/calendari-1-265x300.jpg 265w\" sizes=\"auto, (max-width: 657px) 100vw, 657px\" \/><\/a><\/p>\n<h5><span style=\"text-decoration: underline;\">Horari de centre:<\/span><\/h5>\n<table class=\" aligncenter\" style=\"border-color: #125dde; width: 72.0214%; background-color: #c4e5f2; height: 249px;\">\n<tbody>\n<tr style=\"height: 72px;\">\n<td style=\"width: 31.8182%; height: 72px;\">\n<h5 style=\"text-align: center;\"><strong>Eduaci\u00f3 infantil i prim\u00e0ria<\/strong><\/h5>\n<\/td>\n<td style=\"width: 58.6867%; height: 72px;\">\n<h5 style=\"text-align: center;\"><strong>Educaci\u00f3 secund\u00e0ria<\/strong><\/h5>\n<\/td>\n<\/tr>\n<tr style=\"height: 177px;\">\n<td style=\"width: 31.8182%; height: 177px;\">\n<p style=\"margin-bottom: 0.35cm; text-align: left;\" align=\"JUSTIFY\"><strong>Mat\u00ed: de 9:00 h. a 13:00 h.<\/strong><\/p>\n<p style=\"margin-bottom: 0.35cm; text-align: left;\" align=\"JUSTIFY\"><strong>Tarda: de 15:00 h. a 17:00 h.<\/strong><\/p>\n<\/td>\n<td style=\"width: 58.6867%; height: 177px;\">\n<p style=\"margin-bottom: 0.35cm; text-align: left;\" align=\"JUSTIFY\"><strong>Mat\u00ed: \u00a0de 9:00 h. a 13:30 h. (dilluns).<\/strong><\/p>\n<p style=\"margin-bottom: 0.35cm; padding-left: 30px; text-align: left;\" align=\"JUSTIFY\"><strong>\u00a0 de 8:00 a 13:30 h. (dimarts, dimecres, dijous i divendres ).<\/strong><\/p>\n<p style=\"margin-bottom: 0.35cm; text-align: left;\" align=\"JUSTIFY\"><strong>Tarda: de 15:00 h. a 17:00 h. (dilluns,\u00a0dimarts, dimecres i dijous).<\/strong><\/p>\n<\/td>\n<\/tr>\n<\/tbody>\n<\/table>\n<h5><span style=\"text-decoration: underline;\">Horari intensiu:<\/span><\/h5>\n<table class=\" aligncenter\" style=\"border-color: #125dde; width: 663px; background-color: #c4e5f2;\">\n<tbody>\n<tr>\n<td style=\"width: 328px;\">\n<h5 style=\"text-align: center;\"><strong>Eduaci\u00f3 infantil i prim\u00e0ria<\/strong><\/h5>\n<\/td>\n<td style=\"width: 327px;\">\n<h5 style=\"text-align: center;\"><strong>Educaci\u00f3 secund\u00e0ria<\/strong><\/h5>\n<\/td>\n<\/tr>\n<tr>\n<td style=\"width: 328px;\">\n<p style=\"margin-bottom: 0.35cm; text-align: left;\" align=\"JUSTIFY\"><strong>Mat\u00ed: de 9:00 h. a 13:00 h.<\/strong><\/p>\n<\/td>\n<td style=\"width: 327px;\">\n<p style=\"margin-bottom: 0.35cm; text-align: left;\" align=\"JUSTIFY\"><strong>Mat\u00ed: \u00a0de 8:00 h. a 13:30 h.<\/strong><\/p>\n<\/td>\n<\/tr>\n<\/tbody>\n<\/table>\n","protected":false},"excerpt":{"rendered":"<p>Durant el curs escolar l&#8217;horari lectiu dels alumnes d&#8217;educaci\u00f3 infantil, prim\u00e0ria i secund\u00e0ria en el centre, d&#8217;acord amb l&#8217;autoritzaci\u00f3 sol\u00b7licitada al delegat territorial del Departament d&#8217;Ensenyament, ser\u00e0 la seg\u00fcent:<br \/>\n<a href=\"https:\/\/agora.xtec.cat\/colsagradafamilia-larapita\/wp-content\/uploads\/usu1161\/2025\/01\/calendari-1.jpg\"><\/a><br \/>\nHorari de centre:<\/p>\n<p>Eduaci\u00f3 infantil i prim\u00e0ria<\/p>\n<p>Educaci\u00f3 secund\u00e0ria<\/p>\n<p>Mat\u00ed: de 9:00 h. a 13:00 h.<br \/>\nTarda: de 15:00 h.&hellip;  <a href=\"https:\/\/agora.xtec.cat\/colsagradafamilia-larapita\/linstitut\/calendari-del-curs\/\" title=\"Read Calendari escolar 2024-2025\">Llegeix m\u00e9s\u00bb<\/a><\/p>\n","protected":false},"author":1,"featured_media":0,"parent":19,"menu_order":14,"comment_status":"closed","ping_status":"closed","template":"page-templates\/side-menu.php","meta":{"_bbp_topic_count":0,"_bbp_reply_count":0,"_bbp_total_topic_count":0,"_bbp_total_reply_count":0,"_bbp_voice_count":0,"_bbp_anonymous_reply_count":0,"_bbp_topic_count_hidden":0,"_bbp_reply_count_hidden":0,"_bbp_forum_subforum_count":0,"footnotes":""},"class_list":["post-52","page","type-page","status-publish","hentry"],"post_mailing_queue_ids":[],"_links":{"self":[{"href":"https:\/\/agora.xtec.cat\/colsagradafamilia-larapita\/wp-json\/wp\/v2\/pages\/52","targetHints":{"allow":["GET"]}}],"collection":[{"href":"https:\/\/agora.xtec.cat\/colsagradafamilia-larapita\/wp-json\/wp\/v2\/pages"}],"about":[{"href":"https:\/\/agora.xtec.cat\/colsagradafamilia-larapita\/wp-json\/wp\/v2\/types\/page"}],"author":[{"embeddable":true,"href":"https:\/\/agora.xtec.cat\/colsagradafamilia-larapita\/wp-json\/wp\/v2\/users\/1"}],"replies":[{"embeddable":true,"href":"https:\/\/agora.xtec.cat\/colsagradafamilia-larapita\/wp-json\/wp\/v2\/comments?post=52"}],"version-history":[{"count":6,"href":"https:\/\/agora.xtec.cat\/colsagradafamilia-larapita\/wp-json\/wp\/v2\/pages\/52\/revisions"}],"predecessor-version":[{"id":6090,"href":"https:\/\/agora.xtec.cat\/colsagradafamilia-larapita\/wp-json\/wp\/v2\/pages\/52\/revisions\/6090"}],"up":[{"embeddable":true,"href":"https:\/\/agora.xtec.cat\/colsagradafamilia-larapita\/wp-json\/wp\/v2\/pages\/19"}],"wp:attachment":[{"href":"https:\/\/agora.xtec.cat\/colsagradafamilia-larapita\/wp-json\/wp\/v2\/media?parent=52"}],"curies":[{"name":"wp","href":"https:\/\/api.w.org\/{rel}","templated":true}]}}

<p style="text-align: justify;">Durant el curs escolar l&#8217;horari lectiu dels alumnes d&#8217;educació infantil, primària i secundària en el centre, d&#8217;acord amb l&#8217;autorització sol·licitada al delegat territorial del Departament d&#8217;Ensenyament, serà la següent:</p>
<p><a href="https://agora.xtec.cat/colsagradafamilia-larapita/wp-content/uploads/usu1161/2025/01/calendari-1.jpg"><img loading="lazy" decoding="async" class="aligncenter size-full wp-image-6088" src="https://agora.xtec.cat/colsagradafamilia-larapita/wp-content/uploads/usu1161/2025/01/calendari-1.jpg" alt="" width="657" height="743" srcset="https://agora.xtec.cat/colsagradafamilia-larapita/wp-content/uploads/usu1161/2025/01/calendari-1.jpg 657w, https://agora.xtec.cat/colsagradafamilia-larapita/wp-content/uploads/usu1161/2025/01/calendari-1-265x300.jpg 265w" sizes="auto, (max-width: 657px) 100vw, 657px" /></a></p>
<h5><span style="text-decoration: underline;">Horari de centre:</span></h5>
<table class=" aligncenter" style="border-color: #125dde; width: 72.0214%; background-color: #c4e5f2; height: 249px;">
<tbody>
<tr style="height: 72px;">
<td style="width: 31.8182%; height: 72px;">
<h5 style="text-align: center;"><strong>Eduació infantil i primària</strong></h5>
</td>
<td style="width: 58.6867%; height: 72px;">
<h5 style="text-align: center;"><strong>Educació secundària</strong></h5>
</td>
</tr>
<tr style="height: 177px;">
<td style="width: 31.8182%; height: 177px;">
<p style="margin-bottom: 0.35cm; text-align: left;" align="JUSTIFY"><strong>Matí: de 9:00 h. a 13:00 h.</strong></p>
<p style="margin-bottom: 0.35cm; text-align: left;" align="JUSTIFY"><strong>Tarda: de 15:00 h. a 17:00 h.</strong></p>
</td>
<td style="width: 58.6867%; height: 177px;">
<p style="margin-bottom: 0.35cm; text-align: left;" align="JUSTIFY"><strong>Matí:  de 9:00 h. a 13:30 h. (dilluns).</strong></p>
<p style="margin-bottom: 0.35cm; padding-left: 30px; text-align: left;" align="JUSTIFY"><strong>  de 8:00 a 13:30 h. (dimarts, dimecres, dijous i divendres ).</strong></p>
<p style="margin-bottom: 0.35cm; text-align: left;" align="JUSTIFY"><strong>Tarda: de 15:00 h. a 17:00 h. (dilluns, dimarts, dimecres i dijous).</strong></p>
</td>
</tr>
</tbody>
</table>
<h5><span style="text-decoration: underline;">Horari intensiu:</span></h5>
<table class=" aligncenter" style="border-color: #125dde; width: 663px; background-color: #c4e5f2;">
<tbody>
<tr>
<td style="width: 328px;">
<h5 style="text-align: center;"><strong>Eduació infantil i primària</strong></h5>
</td>
<td style="width: 327px;">
<h5 style="text-align: center;"><strong>Educació secundària</strong></h5>
</td>
</tr>
<tr>
<td style="width: 328px;">
<p style="margin-bottom: 0.35cm; text-align: left;" align="JUSTIFY"><strong>Matí: de 9:00 h. a 13:00 h.</strong></p>
</td>
<td style="width: 327px;">
<p style="margin-bottom: 0.35cm; text-align: left;" align="JUSTIFY"><strong>Matí:  de 8:00 h. a 13:30 h.</strong></p>
</td>
</tr>
</tbody>
</table>

<p>Durant el curs escolar l&#8217;horari lectiu dels alumnes d&#8217;educació infantil, primària i secundària en el centre, d&#8217;acord amb l&#8217;autorització sol·licitada al delegat territorial del Departament d&#8217;Ensenyament, serà la següent:<br />
<a href="https://agora.xtec.cat/colsagradafamilia-larapita/wp-content/uploads/usu1161/2025/01/calendari-1.jpg"></a><br />
Horari de centre:</p>
<p>Eduació infantil i primària</p>
<p>Educació secundària</p>
<p>Matí: de 9:00 h. a 13:00 h.<br />
Tarda: de 15:00 h.&hellip;  <a href="https://agora.xtec.cat/colsagradafamilia-larapita/linstitut/calendari-del-curs/" title="Read Calendari escolar 2024-2025">Llegeix més»</a></p>
