{"id":46,"date":"2014-09-17T16:53:45","date_gmt":"2014-09-17T16:53:45","guid":{"rendered":"http:\/\/agora.xtec.cat\/colsagradafamilia-larapita\/?page_id=46"},"modified":"2022-11-30T12:08:43","modified_gmt":"2022-11-30T11:08:43","slug":"organigrama","status":"publish","type":"page","link":"https:\/\/agora.xtec.cat\/colsagradafamilia-larapita\/linstitut\/organigrama\/","title":{"rendered":"Qui som"},"content":{"rendered":"<p style=\"text-align: justify;\"><a href=\"https:\/\/agora.xtec.cat\/colsagradafamilia-larapita\/wp-content\/uploads\/usu1161\/2016\/05\/Logo_1.jpg\"><img loading=\"lazy\" decoding=\"async\" class=\"size-full wp-image-431 alignleft\" src=\"https:\/\/agora.xtec.cat\/colsagradafamilia-larapita\/wp-content\/uploads\/usu1161\/2016\/05\/Logo_1.jpg\" alt=\"\" width=\"178\" height=\"214\" \/><\/a><\/p>\n<p style=\"text-align: justify;\"><span lang=\"ca-ES\">Les nostres <em><strong>Escoles de Carmelites Missioneres Teresianes<\/strong><\/em>, es defineixen com a escoles cat\u00f2liques que tenen per missi\u00f3 oferir un estil d&#8217;educaci\u00f3 personalitzat, que es caracteritza per ser humana, social i profundament cristiana, d&#8217;acord amb les directrius de l&#8217;esgl\u00e9sia en l&#8217;avui i en el marc institucional, on demana l&#8217;esperit i carisma del nostre Fundador Francisco Palau i Quer.<\/span><\/p>\n<p style=\"text-align: justify;\">Presentem el nostre car\u00e0cter propi adaptat a la normativa pedag\u00f2gica que inspira el Sistema Educatiu vigent, aix\u00ed p<span lang=\"ca-ES\">romovem una escola oberta a tots, sense distincions de races, creences o classes socials, a<\/span>tenent a la diversitat, segons les necessitats de l&#8217;alumnat. Per aix\u00f2 e<span lang=\"ca-ES\">stimulem la creativitat i les aptituds de l&#8217;alumnat segons les seves capacitats, ajudant-lo<\/span><span lang=\"ca-ES\">\u00a0a descobrir la dimensi\u00f3 transcendent de la persona, obrint horitzons nous a la viv\u00e8ncia i a la interpretaci\u00f3 de la realitat personal i del m\u00f3n.<\/span><\/p>\n<p style=\"text-align: justify;\"><span lang=\"ca-ES\">Tanmateix, conreem els valors humans i cristians que ajuden als educandors\/res a desenvolupar harm\u00f2nicament la seva personalitat, tot creant una identitat pr\u00f2pia com a centres docents de Carmelites Missioneres Teresianes. Aquesta identitat es fonamenta en l&#8217;escola de l&#8217;esgl\u00e9sia, l&#8217;escola de les Carmelites Missioneres Teresianes, donant resposta a la demanda social inserida en el mitj\u00e0 sociocultural.<\/span><\/p>\n<p style=\"text-align: justify;\">Oferim una educaci\u00f3 integradora, des de diverses diemnsions: humana, social, transcendent, des de l&#8217;Evangeli de Jes\u00fas i des del pare Palau com a escola eclesial i mariana.<\/p>\n<p style=\"text-align: justify;\">D&#8217;altra banda el nostre estil educatiu es fonamenta en l&#8217;educaci\u00f3 en el di\u00e0leg i la col\u00b7laboraci\u00f3, adoptem una metodologia activa, oberta i flexible, tot potenciant el desemvolupament intel\u00b7lectual i cognitiu, educant la creativitat i la capacitat d&#8217;expressi\u00f3 amb l&#8217;ajuda de la tecnologia al servei de l&#8217;educaci\u00f3. Aix\u00ed per tant projectem l&#8217;educaci\u00f3 m\u00e9s enll\u00e0 de l&#8217;acci\u00f3 docent i avaluem de forma cont\u00ednua la nostra acci\u00f3 educativa.<\/p>\n<p style=\"text-align: justify;\">La nostra forma de participaci\u00f3 \u00e9s la de construir comunitat educativa, basant la gesti\u00f3 en la corresponsabilitat. Aix\u00ed la nostra escola \u00e9s un centre inserit en la realitat sociocultural i es troba comprom\u00e8s en aquest car\u00e0cter propi que inspira l&#8217;accio pedag\u00f2gica d&#8217;aconseguir formar persones en plenitud, cristians compromesos amb l&#8217;esgl\u00e8sia i els ciutadans.<\/p>\n<p>&nbsp;<\/p>\n","protected":false},"excerpt":{"rendered":"<p><a href=\"https:\/\/agora.xtec.cat\/colsagradafamilia-larapita\/wp-content\/uploads\/usu1161\/2016\/05\/Logo_1.jpg\"><\/a><br \/>\nLes nostres Escoles de Carmelites Missioneres Teresianes, es defineixen com a escoles cat\u00f2liques que tenen per missi\u00f3 oferir un estil d&#8217;educaci\u00f3 personalitzat, que es caracteritza per ser humana, social i profundament cristiana, d&#8217;acord amb les directrius de l&#8217;esgl\u00e9sia en l&#8217;avui i en el marc&hellip;  <a href=\"https:\/\/agora.xtec.cat\/colsagradafamilia-larapita\/linstitut\/organigrama\/\" title=\"Read Qui som\">Llegeix m\u00e9s\u00bb<\/a><\/p>\n","protected":false},"author":1,"featured_media":0,"parent":19,"menu_order":10,"comment_status":"closed","ping_status":"closed","template":"page-templates\/side-menu.php","meta":{"_bbp_topic_count":0,"_bbp_reply_count":0,"_bbp_total_topic_count":0,"_bbp_total_reply_count":0,"_bbp_voice_count":0,"_bbp_anonymous_reply_count":0,"_bbp_topic_count_hidden":0,"_bbp_reply_count_hidden":0,"_bbp_forum_subforum_count":0,"footnotes":""},"class_list":["post-46","page","type-page","status-publish","hentry"],"post_mailing_queue_ids":[],"_links":{"self":[{"href":"https:\/\/agora.xtec.cat\/colsagradafamilia-larapita\/wp-json\/wp\/v2\/pages\/46","targetHints":{"allow":["GET"]}}],"collection":[{"href":"https:\/\/agora.xtec.cat\/colsagradafamilia-larapita\/wp-json\/wp\/v2\/pages"}],"about":[{"href":"https:\/\/agora.xtec.cat\/colsagradafamilia-larapita\/wp-json\/wp\/v2\/types\/page"}],"author":[{"embeddable":true,"href":"https:\/\/agora.xtec.cat\/colsagradafamilia-larapita\/wp-json\/wp\/v2\/users\/1"}],"replies":[{"embeddable":true,"href":"https:\/\/agora.xtec.cat\/colsagradafamilia-larapita\/wp-json\/wp\/v2\/comments?post=46"}],"version-history":[{"count":3,"href":"https:\/\/agora.xtec.cat\/colsagradafamilia-larapita\/wp-json\/wp\/v2\/pages\/46\/revisions"}],"predecessor-version":[{"id":4766,"href":"https:\/\/agora.xtec.cat\/colsagradafamilia-larapita\/wp-json\/wp\/v2\/pages\/46\/revisions\/4766"}],"up":[{"embeddable":true,"href":"https:\/\/agora.xtec.cat\/colsagradafamilia-larapita\/wp-json\/wp\/v2\/pages\/19"}],"wp:attachment":[{"href":"https:\/\/agora.xtec.cat\/colsagradafamilia-larapita\/wp-json\/wp\/v2\/media?parent=46"}],"curies":[{"name":"wp","href":"https:\/\/api.w.org\/{rel}","templated":true}]}}

<p style="text-align: justify;"><a href="https://agora.xtec.cat/colsagradafamilia-larapita/wp-content/uploads/usu1161/2016/05/Logo_1.jpg"><img loading="lazy" decoding="async" class="size-full wp-image-431 alignleft" src="https://agora.xtec.cat/colsagradafamilia-larapita/wp-content/uploads/usu1161/2016/05/Logo_1.jpg" alt="" width="178" height="214" /></a></p>
<p style="text-align: justify;"><span lang="ca-ES">Les nostres <em><strong>Escoles de Carmelites Missioneres Teresianes</strong></em>, es defineixen com a escoles catòliques que tenen per missió oferir un estil d&#8217;educació personalitzat, que es caracteritza per ser humana, social i profundament cristiana, d&#8217;acord amb les directrius de l&#8217;església en l&#8217;avui i en el marc institucional, on demana l&#8217;esperit i carisma del nostre Fundador Francisco Palau i Quer.</span></p>
<p style="text-align: justify;">Presentem el nostre caràcter propi adaptat a la normativa pedagògica que inspira el Sistema Educatiu vigent, així p<span lang="ca-ES">romovem una escola oberta a tots, sense distincions de races, creences o classes socials, a</span>tenent a la diversitat, segons les necessitats de l&#8217;alumnat. Per això e<span lang="ca-ES">stimulem la creativitat i les aptituds de l&#8217;alumnat segons les seves capacitats, ajudant-lo</span><span lang="ca-ES"> a descobrir la dimensió transcendent de la persona, obrint horitzons nous a la vivència i a la interpretació de la realitat personal i del món.</span></p>
<p style="text-align: justify;"><span lang="ca-ES">Tanmateix, conreem els valors humans i cristians que ajuden als educandors/res a desenvolupar harmònicament la seva personalitat, tot creant una identitat pròpia com a centres docents de Carmelites Missioneres Teresianes. Aquesta identitat es fonamenta en l&#8217;escola de l&#8217;església, l&#8217;escola de les Carmelites Missioneres Teresianes, donant resposta a la demanda social inserida en el mitjà sociocultural.</span></p>
<p style="text-align: justify;">Oferim una educació integradora, des de diverses diemnsions: humana, social, transcendent, des de l&#8217;Evangeli de Jesús i des del pare Palau com a escola eclesial i mariana.</p>
<p style="text-align: justify;">D&#8217;altra banda el nostre estil educatiu es fonamenta en l&#8217;educació en el diàleg i la col·laboració, adoptem una metodologia activa, oberta i flexible, tot potenciant el desemvolupament intel·lectual i cognitiu, educant la creativitat i la capacitat d&#8217;expressió amb l&#8217;ajuda de la tecnologia al servei de l&#8217;educació. Així per tant projectem l&#8217;educació més enllà de l&#8217;acció docent i avaluem de forma contínua la nostra acció educativa.</p>
<p style="text-align: justify;">La nostra forma de participació és la de construir comunitat educativa, basant la gestió en la corresponsabilitat. Així la nostra escola és un centre inserit en la realitat sociocultural i es troba compromès en aquest caràcter propi que inspira l&#8217;accio pedagògica d&#8217;aconseguir formar persones en plenitud, cristians compromesos amb l&#8217;esglèsia i els ciutadans.</p>
<p>&nbsp;</p>

<p><a href="https://agora.xtec.cat/colsagradafamilia-larapita/wp-content/uploads/usu1161/2016/05/Logo_1.jpg"></a><br />
Les nostres Escoles de Carmelites Missioneres Teresianes, es defineixen com a escoles catòliques que tenen per missió oferir un estil d&#8217;educació personalitzat, que es caracteritza per ser humana, social i profundament cristiana, d&#8217;acord amb les directrius de l&#8217;església en l&#8217;avui i en el marc&hellip;  <a href="https://agora.xtec.cat/colsagradafamilia-larapita/linstitut/organigrama/" title="Read Qui som">Llegeix més»</a></p>
