{"id":43,"date":"2014-09-17T16:45:07","date_gmt":"2014-09-17T16:45:07","guid":{"rendered":"http:\/\/agora.xtec.cat\/colsagradafamilia-larapita\/?page_id=43"},"modified":"2025-01-14T18:00:31","modified_gmt":"2025-01-14T17:00:31","slug":"consell-escolar","status":"publish","type":"page","link":"https:\/\/agora.xtec.cat\/colsagradafamilia-larapita\/linstitut\/consell-escolar\/","title":{"rendered":"Consell escolar"},"content":{"rendered":"<p>&nbsp;<\/p>\n<p style=\"text-align: justify;\">El consell escolar \u00e9s l\u2019\u00f2rgan de participaci\u00f3 de la comunitat escolar en el govern del centre. Al consell escolar hi estan representats tots els sectors implicats: pares i mares dels alumnes del centre, havent-hi representants de l&#8217;AMPA, alumnes de secund\u00e0ria, professorat, personal d\u2019administraci\u00f3 i serveis, director i titularitat del centre.<\/p>\n<table class=\" aligncenter\" style=\"border-color: #125dde; height: 556px; background-color: #c4e5f2; width: 583px;\">\n<tbody>\n<tr style=\"height: 49px;\">\n<td style=\"text-align: center; width: 281.818px; height: 49px;\">\n<h5><strong><span style=\"color: #000000;\">President<\/span><\/strong><\/h5>\n<\/td>\n<td style=\"text-align: center; width: 293.636px; height: 49px;\">\n<h5><strong><span style=\"color: #000000;\">Xavi Aud\u00ed Duran<\/span><\/strong><\/h5>\n<\/td>\n<\/tr>\n<tr style=\"height: 108px;\">\n<td style=\"text-align: center; width: 281.818px; height: 108px;\">\n<h5><strong><span style=\"color: #000000;\">Representants de la titularitat del centre<\/span><\/strong><\/h5>\n<\/td>\n<td style=\"width: 293.636px; height: 108px;\">\n<h5><strong><span style=\"color: #000000;\">M. Carmen Moya Guerrero<\/span><\/strong><\/h5>\n<\/td>\n<\/tr>\n<tr style=\"height: 108px;\">\n<td style=\"text-align: center; width: 281.818px; height: 108px;\">\n<h5><strong><span style=\"color: #000000;\">Representants del claustre de professorat<\/span><\/strong><\/h5>\n<\/td>\n<td style=\"width: 293.636px; height: 108px;\">\n<h5><strong><span style=\"color: #000000;\">No\u00e8lia Alegre Vidal<\/span><\/strong><\/h5>\n<h5><strong><span style=\"color: #000000;\">Juliana Rita Antoni Balagu\u00e9<\/span><\/strong><\/h5>\n<h5><strong><span style=\"color: #000000;\">M. Jos\u00e9 Barbero Mu\u00f1oz<\/span><\/strong><\/h5>\n<h5><strong><span style=\"color: #000000;\">Anna F\u00e8lix Garcia<\/span><\/strong><\/h5>\n<\/td>\n<\/tr>\n<tr style=\"height: 138px;\">\n<td style=\"text-align: center; width: 281.818px; height: 138px;\">\n<h5><strong><span style=\"color: #000000;\">Representants dels pare i mares<\/span><\/strong><\/h5>\n<\/td>\n<td style=\"width: 293.636px; height: 138px;\">\n<h5><strong><span style=\"color: #000000;\">Carlos Arb\u00f3 (AMPA)<\/span><\/strong><\/h5>\n<h5><strong><span style=\"color: #000000;\">\u00c0ngels Castell\u00e0 Castell\u00e0<\/span><\/strong><\/h5>\n<h5><strong><span style=\"color: #000000;\">Carla P\u00e9rez F\u00e8lix<\/span><\/strong><\/h5>\n<h5><strong><span style=\"color: #000000;\">Jordi Zaragoza Angl\u00e8s<\/span><\/strong><\/h5>\n<\/td>\n<\/tr>\n<tr style=\"height: 78px;\">\n<td style=\"text-align: center; width: 281.818px; height: 78px;\">\n<h5><strong><span style=\"color: #000000;\">Representants de l&#8217;alumnat<\/span><\/strong><\/h5>\n<\/td>\n<td style=\"width: 293.636px; height: 78px;\">\n<h5><strong><span style=\"color: #000000;\">Pepe Adell Lucena<\/span><\/strong><\/h5>\n<h5><strong><span style=\"color: #000000;\">Ferm\u00edn Gaspar\u00edn Fern\u00e1ndez<\/span><\/strong><\/h5>\n<\/td>\n<\/tr>\n<tr style=\"height: 35px;\">\n<td style=\"text-align: center; width: 281.818px; height: 35px;\">\n<h5><strong><span style=\"color: #000000;\">Representants del personal d&#8217;administraci\u00f3 i serveis<\/span><\/strong><\/h5>\n<\/td>\n<td style=\"width: 293.636px; height: 35px;\">\n<h5><strong><span style=\"color: #000000;\">Clemen Cartes<\/span><\/strong><\/h5>\n<\/td>\n<\/tr>\n<\/tbody>\n<\/table>\n","protected":false},"excerpt":{"rendered":"<p>&nbsp;<br \/>\nEl consell escolar \u00e9s l\u2019\u00f2rgan de participaci\u00f3 de la comunitat escolar en el govern del centre. Al consell escolar hi estan representats tots els sectors implicats: pares i mares dels alumnes del centre, havent-hi representants de l&#8217;AMPA, alumnes de secund\u00e0ria, professorat, personal d\u2019administraci\u00f3 i serveis,&hellip;  <a href=\"https:\/\/agora.xtec.cat\/colsagradafamilia-larapita\/linstitut\/consell-escolar\/\" title=\"Read Consell escolar\">Llegeix m\u00e9s\u00bb<\/a><\/p>\n","protected":false},"author":1,"featured_media":0,"parent":19,"menu_order":15,"comment_status":"closed","ping_status":"closed","template":"page-templates\/side-menu.php","meta":{"_bbp_topic_count":0,"_bbp_reply_count":0,"_bbp_total_topic_count":0,"_bbp_total_reply_count":0,"_bbp_voice_count":0,"_bbp_anonymous_reply_count":0,"_bbp_topic_count_hidden":0,"_bbp_reply_count_hidden":0,"_bbp_forum_subforum_count":0,"footnotes":""},"class_list":["post-43","page","type-page","status-publish","hentry"],"post_mailing_queue_ids":[],"_links":{"self":[{"href":"https:\/\/agora.xtec.cat\/colsagradafamilia-larapita\/wp-json\/wp\/v2\/pages\/43","targetHints":{"allow":["GET"]}}],"collection":[{"href":"https:\/\/agora.xtec.cat\/colsagradafamilia-larapita\/wp-json\/wp\/v2\/pages"}],"about":[{"href":"https:\/\/agora.xtec.cat\/colsagradafamilia-larapita\/wp-json\/wp\/v2\/types\/page"}],"author":[{"embeddable":true,"href":"https:\/\/agora.xtec.cat\/colsagradafamilia-larapita\/wp-json\/wp\/v2\/users\/1"}],"replies":[{"embeddable":true,"href":"https:\/\/agora.xtec.cat\/colsagradafamilia-larapita\/wp-json\/wp\/v2\/comments?post=43"}],"version-history":[{"count":6,"href":"https:\/\/agora.xtec.cat\/colsagradafamilia-larapita\/wp-json\/wp\/v2\/pages\/43\/revisions"}],"predecessor-version":[{"id":6091,"href":"https:\/\/agora.xtec.cat\/colsagradafamilia-larapita\/wp-json\/wp\/v2\/pages\/43\/revisions\/6091"}],"up":[{"embeddable":true,"href":"https:\/\/agora.xtec.cat\/colsagradafamilia-larapita\/wp-json\/wp\/v2\/pages\/19"}],"wp:attachment":[{"href":"https:\/\/agora.xtec.cat\/colsagradafamilia-larapita\/wp-json\/wp\/v2\/media?parent=43"}],"curies":[{"name":"wp","href":"https:\/\/api.w.org\/{rel}","templated":true}]}}

<p>&nbsp;</p>
<p style="text-align: justify;">El consell escolar és l’òrgan de participació de la comunitat escolar en el govern del centre. Al consell escolar hi estan representats tots els sectors implicats: pares i mares dels alumnes del centre, havent-hi representants de l&#8217;AMPA, alumnes de secundària, professorat, personal d’administració i serveis, director i titularitat del centre.</p>
<table class=" aligncenter" style="border-color: #125dde; height: 556px; background-color: #c4e5f2; width: 583px;">
<tbody>
<tr style="height: 49px;">
<td style="text-align: center; width: 281.818px; height: 49px;">
<h5><strong><span style="color: #000000;">President</span></strong></h5>
</td>
<td style="text-align: center; width: 293.636px; height: 49px;">
<h5><strong><span style="color: #000000;">Xavi Audí Duran</span></strong></h5>
</td>
</tr>
<tr style="height: 108px;">
<td style="text-align: center; width: 281.818px; height: 108px;">
<h5><strong><span style="color: #000000;">Representants de la titularitat del centre</span></strong></h5>
</td>
<td style="width: 293.636px; height: 108px;">
<h5><strong><span style="color: #000000;">M. Carmen Moya Guerrero</span></strong></h5>
</td>
</tr>
<tr style="height: 108px;">
<td style="text-align: center; width: 281.818px; height: 108px;">
<h5><strong><span style="color: #000000;">Representants del claustre de professorat</span></strong></h5>
</td>
<td style="width: 293.636px; height: 108px;">
<h5><strong><span style="color: #000000;">Noèlia Alegre Vidal</span></strong></h5>
<h5><strong><span style="color: #000000;">Juliana Rita Antoni Balagué</span></strong></h5>
<h5><strong><span style="color: #000000;">M. José Barbero Muñoz</span></strong></h5>
<h5><strong><span style="color: #000000;">Anna Fèlix Garcia</span></strong></h5>
</td>
</tr>
<tr style="height: 138px;">
<td style="text-align: center; width: 281.818px; height: 138px;">
<h5><strong><span style="color: #000000;">Representants dels pare i mares</span></strong></h5>
</td>
<td style="width: 293.636px; height: 138px;">
<h5><strong><span style="color: #000000;">Carlos Arbó (AMPA)</span></strong></h5>
<h5><strong><span style="color: #000000;">Àngels Castellà Castellà</span></strong></h5>
<h5><strong><span style="color: #000000;">Carla Pérez Fèlix</span></strong></h5>
<h5><strong><span style="color: #000000;">Jordi Zaragoza Anglès</span></strong></h5>
</td>
</tr>
<tr style="height: 78px;">
<td style="text-align: center; width: 281.818px; height: 78px;">
<h5><strong><span style="color: #000000;">Representants de l&#8217;alumnat</span></strong></h5>
</td>
<td style="width: 293.636px; height: 78px;">
<h5><strong><span style="color: #000000;">Pepe Adell Lucena</span></strong></h5>
<h5><strong><span style="color: #000000;">Fermín Gasparín Fernández</span></strong></h5>
</td>
</tr>
<tr style="height: 35px;">
<td style="text-align: center; width: 281.818px; height: 35px;">
<h5><strong><span style="color: #000000;">Representants del personal d&#8217;administració i serveis</span></strong></h5>
</td>
<td style="width: 293.636px; height: 35px;">
<h5><strong><span style="color: #000000;">Clemen Cartes</span></strong></h5>
</td>
</tr>
</tbody>
</table>

<p>&nbsp;<br />
El consell escolar és l’òrgan de participació de la comunitat escolar en el govern del centre. Al consell escolar hi estan representats tots els sectors implicats: pares i mares dels alumnes del centre, havent-hi representants de l&#8217;AMPA, alumnes de secundària, professorat, personal d’administració i serveis,&hellip;  <a href="https://agora.xtec.cat/colsagradafamilia-larapita/linstitut/consell-escolar/" title="Read Consell escolar">Llegeix més»</a></p>
