{"id":27,"date":"2014-09-17T16:24:03","date_gmt":"2014-09-17T16:24:03","guid":{"rendered":"http:\/\/agora.xtec.cat\/colsagradafamilia-larapita\/?page_id=27"},"modified":"2016-08-04T17:04:33","modified_gmt":"2016-08-04T16:04:33","slug":"historia","status":"publish","type":"page","link":"https:\/\/agora.xtec.cat\/colsagradafamilia-larapita\/linstitut\/historia\/","title":{"rendered":"Hist\u00f2ria"},"content":{"rendered":"<p class=\"western\" lang=\"ca-ES\" align=\"JUSTIFY\">Una distingida fam\u00edlia de Sant Carles de la R\u00e0pita va proposar al senyor Bisbe i a la Mare General de la Congregaci\u00f3 que enviessin un grup de germanes per formar un col\u00b7legi de joves al nostre poble.<\/p>\n<p class=\"western\" lang=\"ca-ES\" align=\"JUSTIFY\">El 9 de gener de 1909, rebudes per Moss\u00e8n Tom\u00e1s Caballero i el Sr. Vicari Moss\u00e8n Pasqual Guti\u00e9rrez, van arribar al nostre municipi un grup de set germanes i es van instal\u00b7lar al carrer Sant Isidre n. 5. En aquest empla\u00e7ament van obrir un petita escola amb dues classes amb la finalitat d&#8217;ensenyar al jovent les primeres lletres i les regles d&#8217;urbanitat i educaci\u00f3. El col\u00b7legi estava dirigit per la germana Anita de San Jos\u00e9 i la Madre Engracia de San Elias era la superiora de la comunitat.<\/p>\n<p class=\"western\" lang=\"ca-ES\" align=\"JUSTIFY\">Aquesta primera casa aviat es va quedar petita i, en menys de dos anys, l&#8217;11 de desembre de 1910, es van traslladar a la pla\u00e7a d&#8217;Espanya, avui coneguda com la pla\u00e7a del C\u00f3c. All\u00ed van obrir m\u00e9s classes i es qued\u00e0 la nova comunitat amb la perman\u00e8ncia a la casa del Sant\u00edssim Sagrament, acompanyades de la Mare General i les germanes d&#8217;Amposta, Ulldecona i Alcal\u00e0 de Xibert.<\/p>\n<p class=\"western\" lang=\"ca-ES\" align=\"JUSTIFY\"><img loading=\"lazy\" decoding=\"async\" class=\"aligncenter wp-image-438\" src=\"http:\/\/agora.xtec.cat\/colsagradafamilia-larapita\/wp-content\/uploads\/usu1161\/2014\/09\/coc-300x192.jpg\" alt=\"coc\" width=\"500\" height=\"321\" srcset=\"https:\/\/agora.xtec.cat\/colsagradafamilia-larapita\/wp-content\/uploads\/usu1161\/2014\/09\/coc-300x192.jpg 300w, https:\/\/agora.xtec.cat\/colsagradafamilia-larapita\/wp-content\/uploads\/usu1161\/2014\/09\/coc.jpg 708w\" sizes=\"auto, (max-width: 500px) 100vw, 500px\" \/><\/p>\n<p class=\"western\" lang=\"ca-ES\" align=\"JUSTIFY\">El 15 d&#8217;abril de 1925 es van signar les escriptures de l&#8217;edifici on actualment hi ha el centre (pla\u00e7a Carles III, 9).<\/p>\n<p class=\"western\" lang=\"ca-ES\" align=\"JUSTIFY\">Durant els anys de la guerra el col\u00b7legi es va convertir en un hospital militar, per\u00f2 la comunitat de les germanes CMT no va desapar\u00e8ixer, ja que les germanes Anita i Fracisca, molt ben ateses per una fam\u00edlia de la nostra localitat, romangueren a la R\u00e0pita.<\/p>\n<p class=\"western\" lang=\"ca-ES\" align=\"JUSTIFY\">L&#8217;any 1988 es reedific\u00e0 la casa de les germanes afegint noves instal\u00b7lacions al centre. El 1995 es va construir un tercer pis a l&#8217;actual col\u00b7legi per poder impartir l&#8217;Educaci\u00f3 Secund\u00e0ria Obligat\u00f2ria i el 1998 es va construir el pavell\u00f3, un edifici nou de 560 m<sup>2<\/sup>.<\/p>\n<p class=\"western\" lang=\"ca-ES\" align=\"JUSTIFY\">Per aquesta comunitat han passat 129 germanes i se n&#8217;han quedat 12, les quals ho han donat tot pel poble.<\/p>\n<p class=\"western\" lang=\"ca-ES\" align=\"JUSTIFY\">L&#8217;any 2009 vam celebrar el centenari del nostre col\u00b7legi. Han passat molts anys i hem vist passar moltes coses, hem tingut bons i no tan bons moments per\u00f2 sempre hem tingut el recolzament dels rapitencs i rapitenques. La celebraci\u00f3 del centenari, 100 anys fent escola, va ser i \u00e9s un motiu de satisfacci\u00f3. Any rere any fem pinya per aconseguir el nostre objectiu prioritari: educar el nostres alumnes amb els valors cristians i humans; aix\u00ed fem persones.<\/p>\n","protected":false},"excerpt":{"rendered":"<p>Una distingida fam\u00edlia de Sant Carles de la R\u00e0pita va proposar al senyor Bisbe i a la Mare General de la Congregaci\u00f3 que enviessin un grup de germanes per formar un col\u00b7legi de joves al nostre poble.<br \/>\nEl 9 de gener de 1909, rebudes per Moss\u00e8n&hellip;  <a href=\"https:\/\/agora.xtec.cat\/colsagradafamilia-larapita\/linstitut\/historia\/\" title=\"Read Hist\u00f2ria\">Llegeix m\u00e9s\u00bb<\/a><\/p>\n","protected":false},"author":1,"featured_media":0,"parent":19,"menu_order":13,"comment_status":"closed","ping_status":"closed","template":"page-templates\/side-menu.php","meta":{"_bbp_topic_count":0,"_bbp_reply_count":0,"_bbp_total_topic_count":0,"_bbp_total_reply_count":0,"_bbp_voice_count":0,"_bbp_anonymous_reply_count":0,"_bbp_topic_count_hidden":0,"_bbp_reply_count_hidden":0,"_bbp_forum_subforum_count":0,"footnotes":""},"class_list":["post-27","page","type-page","status-publish","hentry"],"post_mailing_queue_ids":[],"_links":{"self":[{"href":"https:\/\/agora.xtec.cat\/colsagradafamilia-larapita\/wp-json\/wp\/v2\/pages\/27","targetHints":{"allow":["GET"]}}],"collection":[{"href":"https:\/\/agora.xtec.cat\/colsagradafamilia-larapita\/wp-json\/wp\/v2\/pages"}],"about":[{"href":"https:\/\/agora.xtec.cat\/colsagradafamilia-larapita\/wp-json\/wp\/v2\/types\/page"}],"author":[{"embeddable":true,"href":"https:\/\/agora.xtec.cat\/colsagradafamilia-larapita\/wp-json\/wp\/v2\/users\/1"}],"replies":[{"embeddable":true,"href":"https:\/\/agora.xtec.cat\/colsagradafamilia-larapita\/wp-json\/wp\/v2\/comments?post=27"}],"version-history":[{"count":4,"href":"https:\/\/agora.xtec.cat\/colsagradafamilia-larapita\/wp-json\/wp\/v2\/pages\/27\/revisions"}],"predecessor-version":[{"id":501,"href":"https:\/\/agora.xtec.cat\/colsagradafamilia-larapita\/wp-json\/wp\/v2\/pages\/27\/revisions\/501"}],"up":[{"embeddable":true,"href":"https:\/\/agora.xtec.cat\/colsagradafamilia-larapita\/wp-json\/wp\/v2\/pages\/19"}],"wp:attachment":[{"href":"https:\/\/agora.xtec.cat\/colsagradafamilia-larapita\/wp-json\/wp\/v2\/media?parent=27"}],"curies":[{"name":"wp","href":"https:\/\/api.w.org\/{rel}","templated":true}]}}

Història

<p class="western" lang="ca-ES" align="JUSTIFY">Una distingida família de Sant Carles de la Ràpita va proposar al senyor Bisbe i a la Mare General de la Congregació que enviessin un grup de germanes per formar un col·legi de joves al nostre poble.</p>
<p class="western" lang="ca-ES" align="JUSTIFY">El 9 de gener de 1909, rebudes per Mossèn Tomás Caballero i el Sr. Vicari Mossèn Pasqual Gutiérrez, van arribar al nostre municipi un grup de set germanes i es van instal·lar al carrer Sant Isidre n. 5. En aquest emplaçament van obrir un petita escola amb dues classes amb la finalitat d&#8217;ensenyar al jovent les primeres lletres i les regles d&#8217;urbanitat i educació. El col·legi estava dirigit per la germana Anita de San José i la Madre Engracia de San Elias era la superiora de la comunitat.</p>
<p class="western" lang="ca-ES" align="JUSTIFY">Aquesta primera casa aviat es va quedar petita i, en menys de dos anys, l&#8217;11 de desembre de 1910, es van traslladar a la plaça d&#8217;Espanya, avui coneguda com la plaça del Cóc. Allí van obrir més classes i es quedà la nova comunitat amb la permanència a la casa del Santíssim Sagrament, acompanyades de la Mare General i les germanes d&#8217;Amposta, Ulldecona i Alcalà de Xibert.</p>
<p class="western" lang="ca-ES" align="JUSTIFY"><img loading="lazy" decoding="async" class="aligncenter wp-image-438" src="http://agora.xtec.cat/colsagradafamilia-larapita/wp-content/uploads/usu1161/2014/09/coc-300x192.jpg" alt="coc" width="500" height="321" srcset="https://agora.xtec.cat/colsagradafamilia-larapita/wp-content/uploads/usu1161/2014/09/coc-300x192.jpg 300w, https://agora.xtec.cat/colsagradafamilia-larapita/wp-content/uploads/usu1161/2014/09/coc.jpg 708w" sizes="auto, (max-width: 500px) 100vw, 500px" /></p>
<p class="western" lang="ca-ES" align="JUSTIFY">El 15 d&#8217;abril de 1925 es van signar les escriptures de l&#8217;edifici on actualment hi ha el centre (plaça Carles III, 9).</p>
<p class="western" lang="ca-ES" align="JUSTIFY">Durant els anys de la guerra el col·legi es va convertir en un hospital militar, però la comunitat de les germanes CMT no va desaparèixer, ja que les germanes Anita i Fracisca, molt ben ateses per una família de la nostra localitat, romangueren a la Ràpita.</p>
<p class="western" lang="ca-ES" align="JUSTIFY">L&#8217;any 1988 es reedificà la casa de les germanes afegint noves instal·lacions al centre. El 1995 es va construir un tercer pis a l&#8217;actual col·legi per poder impartir l&#8217;Educació Secundària Obligatòria i el 1998 es va construir el pavelló, un edifici nou de 560 m<sup>2</sup>.</p>
<p class="western" lang="ca-ES" align="JUSTIFY">Per aquesta comunitat han passat 129 germanes i se n&#8217;han quedat 12, les quals ho han donat tot pel poble.</p>
<p class="western" lang="ca-ES" align="JUSTIFY">L&#8217;any 2009 vam celebrar el centenari del nostre col·legi. Han passat molts anys i hem vist passar moltes coses, hem tingut bons i no tan bons moments però sempre hem tingut el recolzament dels rapitencs i rapitenques. La celebració del centenari, 100 anys fent escola, va ser i és un motiu de satisfacció. Any rere any fem pinya per aconseguir el nostre objectiu prioritari: educar el nostres alumnes amb els valors cristians i humans; així fem persones.</p>

<p>Una distingida família de Sant Carles de la Ràpita va proposar al senyor Bisbe i a la Mare General de la Congregació que enviessin un grup de germanes per formar un col·legi de joves al nostre poble.<br />
El 9 de gener de 1909, rebudes per Mossèn&hellip;  <a href="https://agora.xtec.cat/colsagradafamilia-larapita/linstitut/historia/" title="Read Història">Llegeix més»</a></p>
