{"id":2616,"date":"2018-07-31T12:53:43","date_gmt":"2018-07-31T10:53:43","guid":{"rendered":"http:\/\/agora.xtec.cat\/colsagradafamilia-larapita\/?page_id=2616"},"modified":"2022-11-30T12:10:26","modified_gmt":"2022-11-30T11:10:26","slug":"organs-de-coordinacio","status":"publish","type":"page","link":"https:\/\/agora.xtec.cat\/colsagradafamilia-larapita\/linstitut\/organs-de-coordinacio\/","title":{"rendered":"\u00d2rgans de coordinaci\u00f3"},"content":{"rendered":"<table class=\" aligncenter\" style=\"border-color: #125dde; background-color: #c4e5f2; height: 516px; width: 73.8182%;\">\n<tbody>\n<tr style=\"height: 50px;\">\n<td style=\"width: 55.4596%; height: 50px;\">\n<h5><strong>Coordinadora d&#8217;educaci\u00f3 infantil<\/strong><\/h5>\n<\/td>\n<td style=\"width: 43.0349%; height: 50px;\">\n<h5><strong>Anna Ferreres B\u00f2ria<\/strong><\/h5>\n<\/td>\n<\/tr>\n<tr style=\"height: 72px;\">\n<td style=\"width: 55.4596%; height: 72px;\">\n<h5><strong>Coordinadora d&#8217;educaci\u00f3 prim\u00e0ria (cicle inicial)<\/strong><\/h5>\n<\/td>\n<td style=\"width: 43.0349%; height: 72px;\">\n<h5><strong>Maria Jos\u00e9 Barbero Mu\u00f1oz<\/strong><\/h5>\n<\/td>\n<\/tr>\n<tr style=\"height: 72px;\">\n<td style=\"width: 55.4596%; height: 72px;\">\n<h5><strong>Coordinadora d&#8217;educaci\u00f3 prim\u00e0ria (cicle mitj\u00e0)<\/strong><\/h5>\n<\/td>\n<td style=\"width: 43.0349%; height: 72px;\">\n<h5><strong>\u00c8ric Aleixandri Pla<\/strong><\/h5>\n<\/td>\n<\/tr>\n<tr style=\"height: 72px;\">\n<td style=\"width: 55.4596%; height: 72px;\">\n<h5><strong>Coordinadora d&#8217;educaci\u00f3 prim\u00e0ria (cicle superior)<\/strong><\/h5>\n<\/td>\n<td style=\"width: 43.0349%; height: 72px;\">\n<h5><strong>Paula Camarasa<\/strong><\/h5>\n<\/td>\n<\/tr>\n<tr style=\"height: 50px;\">\n<td style=\"width: 55.4596%; height: 50px;\">\n<h5><strong>Coordinadora d&#8217;educaci\u00f3 secund\u00e0ria<\/strong><\/h5>\n<\/td>\n<td style=\"width: 43.0349%; height: 50px;\">\n<h5><strong>Cl\u00e0udia Revert\u00e9 \u00c1lvaro<\/strong><\/h5>\n<\/td>\n<\/tr>\n<tr style=\"height: 50px;\">\n<td style=\"width: 55.4596%; height: 50px;\">\n<h5><strong>Coordinadora AICLE<\/strong><\/h5>\n<\/td>\n<td style=\"width: 43.0349%; height: 50px;\">\n<h5><strong>Merc\u00e8 Carceller Guzman<\/strong><\/h5>\n<\/td>\n<\/tr>\n<tr style=\"height: 50px;\">\n<td style=\"width: 55.4596%; height: 50px;\">\n<h5><strong>Coordinadora ling\u00fc\u00edstica<\/strong><\/h5>\n<\/td>\n<td style=\"width: 43.0349%; height: 50px;\">\n<h5><strong>No\u00e8lia Alegre Vidal<\/strong><\/h5>\n<\/td>\n<\/tr>\n<tr style=\"height: 50px;\">\n<td style=\"width: 55.4596%; height: 50px;\">\n<h5><strong>Coordinadora de NEE<\/strong><\/h5>\n<\/td>\n<td style=\"width: 43.0349%; height: 50px;\">\n<h5><strong>Inma Cartes Torta<\/strong><\/h5>\n<\/td>\n<\/tr>\n<tr style=\"height: 50px;\">\n<td style=\"width: 55.4596%; height: 50px;\">\n<h5><strong>Coordinadora TIC<\/strong><\/h5>\n<\/td>\n<td style=\"width: 43.0349%; height: 50px;\">\n<h5><strong>Ll\u00facia Mauri Masdeu<\/strong><\/h5>\n<\/td>\n<\/tr>\n<\/tbody>\n<\/table>\n","protected":false},"excerpt":{"rendered":"<p>Coordinadora d&#8217;educaci\u00f3 infantil<\/p>\n<p>Anna Ferreres B\u00f2ria<\/p>\n<p>Coordinadora d&#8217;educaci\u00f3 prim\u00e0ria (cicle inicial)<\/p>\n<p>Maria Jos\u00e9 Barbero Mu\u00f1oz<\/p>\n<p>Coordinadora d&#8217;educaci\u00f3 prim\u00e0ria (cicle mitj\u00e0)<\/p>\n<p>\u00c8ric Aleixandri Pla<\/p>\n<p>Coordinadora d&#8217;educaci\u00f3 prim\u00e0ria (cicle superior)<\/p>\n<p>Paula Camarasa<\/p>\n<p>Coordinadora d&#8217;educaci\u00f3 secund\u00e0ria<\/p>\n<p>Cl\u00e0udia Revert\u00e9 \u00c1lvaro<\/p>\n<p>Coordinadora AICLE<\/p>\n<p>Merc\u00e8 Carceller Guzman<\/p>\n<p>Coordinadora ling\u00fc\u00edstica<\/p>\n<p>No\u00e8lia Alegre Vidal<\/p>\n<p>Coordinadora de NEE<\/p>\n<p>Inma Cartes Torta<\/p>\n<p>Coordinadora TIC<\/p>\n<p>Ll\u00facia Mauri Masdeu<\/p>\n","protected":false},"author":1,"featured_media":0,"parent":19,"menu_order":0,"comment_status":"closed","ping_status":"closed","template":"page-templates\/side-menu.php","meta":{"_bbp_topic_count":0,"_bbp_reply_count":0,"_bbp_total_topic_count":0,"_bbp_total_reply_count":0,"_bbp_voice_count":0,"_bbp_anonymous_reply_count":0,"_bbp_topic_count_hidden":0,"_bbp_reply_count_hidden":0,"_bbp_forum_subforum_count":0,"footnotes":""},"class_list":["post-2616","page","type-page","status-publish","hentry"],"post_mailing_queue_ids":[],"_links":{"self":[{"href":"https:\/\/agora.xtec.cat\/colsagradafamilia-larapita\/wp-json\/wp\/v2\/pages\/2616","targetHints":{"allow":["GET"]}}],"collection":[{"href":"https:\/\/agora.xtec.cat\/colsagradafamilia-larapita\/wp-json\/wp\/v2\/pages"}],"about":[{"href":"https:\/\/agora.xtec.cat\/colsagradafamilia-larapita\/wp-json\/wp\/v2\/types\/page"}],"author":[{"embeddable":true,"href":"https:\/\/agora.xtec.cat\/colsagradafamilia-larapita\/wp-json\/wp\/v2\/users\/1"}],"replies":[{"embeddable":true,"href":"https:\/\/agora.xtec.cat\/colsagradafamilia-larapita\/wp-json\/wp\/v2\/comments?post=2616"}],"version-history":[{"count":3,"href":"https:\/\/agora.xtec.cat\/colsagradafamilia-larapita\/wp-json\/wp\/v2\/pages\/2616\/revisions"}],"predecessor-version":[{"id":4767,"href":"https:\/\/agora.xtec.cat\/colsagradafamilia-larapita\/wp-json\/wp\/v2\/pages\/2616\/revisions\/4767"}],"up":[{"embeddable":true,"href":"https:\/\/agora.xtec.cat\/colsagradafamilia-larapita\/wp-json\/wp\/v2\/pages\/19"}],"wp:attachment":[{"href":"https:\/\/agora.xtec.cat\/colsagradafamilia-larapita\/wp-json\/wp\/v2\/media?parent=2616"}],"curies":[{"name":"wp","href":"https:\/\/api.w.org\/{rel}","templated":true}]}}

Òrgans de coordinació

<table class=" aligncenter" style="border-color: #125dde; background-color: #c4e5f2; height: 516px; width: 73.8182%;">
<tbody>
<tr style="height: 50px;">
<td style="width: 55.4596%; height: 50px;">
<h5><strong>Coordinadora d&#8217;educació infantil</strong></h5>
</td>
<td style="width: 43.0349%; height: 50px;">
<h5><strong>Anna Ferreres Bòria</strong></h5>
</td>
</tr>
<tr style="height: 72px;">
<td style="width: 55.4596%; height: 72px;">
<h5><strong>Coordinadora d&#8217;educació primària (cicle inicial)</strong></h5>
</td>
<td style="width: 43.0349%; height: 72px;">
<h5><strong>Maria José Barbero Muñoz</strong></h5>
</td>
</tr>
<tr style="height: 72px;">
<td style="width: 55.4596%; height: 72px;">
<h5><strong>Coordinadora d&#8217;educació primària (cicle mitjà)</strong></h5>
</td>
<td style="width: 43.0349%; height: 72px;">
<h5><strong>Èric Aleixandri Pla</strong></h5>
</td>
</tr>
<tr style="height: 72px;">
<td style="width: 55.4596%; height: 72px;">
<h5><strong>Coordinadora d&#8217;educació primària (cicle superior)</strong></h5>
</td>
<td style="width: 43.0349%; height: 72px;">
<h5><strong>Paula Camarasa</strong></h5>
</td>
</tr>
<tr style="height: 50px;">
<td style="width: 55.4596%; height: 50px;">
<h5><strong>Coordinadora d&#8217;educació secundària</strong></h5>
</td>
<td style="width: 43.0349%; height: 50px;">
<h5><strong>Clàudia Reverté Álvaro</strong></h5>
</td>
</tr>
<tr style="height: 50px;">
<td style="width: 55.4596%; height: 50px;">
<h5><strong>Coordinadora AICLE</strong></h5>
</td>
<td style="width: 43.0349%; height: 50px;">
<h5><strong>Mercè Carceller Guzman</strong></h5>
</td>
</tr>
<tr style="height: 50px;">
<td style="width: 55.4596%; height: 50px;">
<h5><strong>Coordinadora lingüística</strong></h5>
</td>
<td style="width: 43.0349%; height: 50px;">
<h5><strong>Noèlia Alegre Vidal</strong></h5>
</td>
</tr>
<tr style="height: 50px;">
<td style="width: 55.4596%; height: 50px;">
<h5><strong>Coordinadora de NEE</strong></h5>
</td>
<td style="width: 43.0349%; height: 50px;">
<h5><strong>Inma Cartes Torta</strong></h5>
</td>
</tr>
<tr style="height: 50px;">
<td style="width: 55.4596%; height: 50px;">
<h5><strong>Coordinadora TIC</strong></h5>
</td>
<td style="width: 43.0349%; height: 50px;">
<h5><strong>Llúcia Mauri Masdeu</strong></h5>
</td>
</tr>
</tbody>
</table>

<p>Coordinadora d&#8217;educació infantil</p>
<p>Anna Ferreres Bòria</p>
<p>Coordinadora d&#8217;educació primària (cicle inicial)</p>
<p>Maria José Barbero Muñoz</p>
<p>Coordinadora d&#8217;educació primària (cicle mitjà)</p>
<p>Èric Aleixandri Pla</p>
<p>Coordinadora d&#8217;educació primària (cicle superior)</p>
<p>Paula Camarasa</p>
<p>Coordinadora d&#8217;educació secundària</p>
<p>Clàudia Reverté Álvaro</p>
<p>Coordinadora AICLE</p>
<p>Mercè Carceller Guzman</p>
<p>Coordinadora lingüística</p>
<p>Noèlia Alegre Vidal</p>
<p>Coordinadora de NEE</p>
<p>Inma Cartes Torta</p>
<p>Coordinadora TIC</p>
<p>Llúcia Mauri Masdeu</p>
