{"id":63,"date":"2014-09-18T10:06:31","date_gmt":"2014-09-18T10:06:31","guid":{"rendered":"http:\/\/agora.xtec.cat\/colribas\/?page_id=63"},"modified":"2023-07-07T10:38:15","modified_gmt":"2023-07-07T08:38:15","slug":"serveis","status":"publish","type":"page","link":"https:\/\/agora.xtec.cat\/colribas\/serveis\/","title":{"rendered":"Serveis"},"content":{"rendered":"<p><span style=\"font-family: 'book antiqua', palatino, serif; font-size: 24px;\">La missi\u00f3 educativa del nostre centre va m\u00e9s enll\u00e0 de l&#8217;\u00e0mbit de l&#8217;aprenentatge. Un dels nostres objectius m\u00e9s importants \u00e9s facilitar la conciliaci\u00f3 familiar i establir canals \u00e0gils de comunicaci\u00f3 amb les fam\u00edlies. \u00c9s per aix\u00f2 que l&#8217;Escola Ribas disposa d&#8217;aquests serveis:<\/span><\/p>\n<ul style=\"color: #444444;\">\n<li><span style=\"font-family: 'book antiqua', palatino, serif; font-size: 24px;\">Secretaria<\/span><\/li>\n<li><span style=\"font-family: 'book antiqua', palatino, serif; font-size: 24px;\">Menjador escolar<\/span><\/li>\n<li><span style=\"font-family: 'book antiqua', palatino, serif; font-size: 24px;\">Activitats Extraescolars<\/span><\/li>\n<li><span style=\"font-family: 'book antiqua', palatino, serif; font-size: 24px;\">Acollida matinal<\/span><\/li>\n<li><span style=\"font-family: 'book antiqua', palatino, serif; font-size: 24px;\">Casal d&#8217;Estiu<\/span><\/li>\n<li><span style=\"font-family: 'book antiqua', palatino, serif; font-size: 24px;\">Orientaci\u00f3 psicopedag\u00f2gica<\/span><\/li>\n<li><span style=\"font-family: 'book antiqua', palatino, serif; font-size: 24px;\">Serveis digitals<\/span><\/li>\n<\/ul>\n","protected":false},"excerpt":{"rendered":"<p>La missi\u00f3 educativa del nostre centre va m\u00e9s enll\u00e0 de l&#8217;\u00e0mbit de l&#8217;aprenentatge. Un dels nostres objectius m\u00e9s importants \u00e9s facilitar la conciliaci\u00f3 familiar i establir canals \u00e0gils de comunicaci\u00f3 amb les fam\u00edlies. \u00c9s per aix\u00f2 que l&#8217;Escola Ribas disposa d&#8217;aquests serveis:<\/p>\n<ul style=\"color: #444444;\">\n<li>Secretaria<\/li>\n<li>Menjador escolar<\/li>\n<li>Activitats&hellip;  <a href=\"https:\/\/agora.xtec.cat\/colribas\/serveis\/\" title=\"Read Serveis\">Llegeix m\u00e9s\u00bb<\/a><br \/>\n","protected":false},"author":1,"featured_media":0,"parent":0,"menu_order":0,"comment_status":"closed","ping_status":"closed","template":"page-templates\/side-menu.php","meta":{"_bbp_topic_count":0,"_bbp_reply_count":0,"_bbp_total_topic_count":0,"_bbp_total_reply_count":0,"_bbp_voice_count":0,"_bbp_anonymous_reply_count":0,"_bbp_topic_count_hidden":0,"_bbp_reply_count_hidden":0,"_bbp_forum_subforum_count":0,"footnotes":""},"class_list":["post-63","page","type-page","status-publish","hentry"],"post_mailing_queue_ids":[],"_links":{"self":[{"href":"https:\/\/agora.xtec.cat\/colribas\/wp-json\/wp\/v2\/pages\/63","targetHints":{"allow":["GET"]}}],"collection":[{"href":"https:\/\/agora.xtec.cat\/colribas\/wp-json\/wp\/v2\/pages"}],"about":[{"href":"https:\/\/agora.xtec.cat\/colribas\/wp-json\/wp\/v2\/types\/page"}],"author":[{"embeddable":true,"href":"https:\/\/agora.xtec.cat\/colribas\/wp-json\/wp\/v2\/users\/1"}],"replies":[{"embeddable":true,"href":"https:\/\/agora.xtec.cat\/colribas\/wp-json\/wp\/v2\/comments?post=63"}],"version-history":[{"count":4,"href":"https:\/\/agora.xtec.cat\/colribas\/wp-json\/wp\/v2\/pages\/63\/revisions"}],"predecessor-version":[{"id":5205,"href":"https:\/\/agora.xtec.cat\/colribas\/wp-json\/wp\/v2\/pages\/63\/revisions\/5205"}],"wp:attachment":[{"href":"https:\/\/agora.xtec.cat\/colribas\/wp-json\/wp\/v2\/media?parent=63"}],"curies":[{"name":"wp","href":"https:\/\/api.w.org\/{rel}","templated":true}]}}

<p><span style="font-family: 'book antiqua', palatino, serif; font-size: 24px;">La missió educativa del nostre centre va més enllà de l&#8217;àmbit de l&#8217;aprenentatge. Un dels nostres objectius més importants és facilitar la conciliació familiar i establir canals àgils de comunicació amb les famílies. És per això que l&#8217;Escola Ribas disposa d&#8217;aquests serveis:</span></p>
<ul style="color: #444444;">
<li><span style="font-family: 'book antiqua', palatino, serif; font-size: 24px;">Secretaria</span></li>
<li><span style="font-family: 'book antiqua', palatino, serif; font-size: 24px;">Menjador escolar</span></li>
<li><span style="font-family: 'book antiqua', palatino, serif; font-size: 24px;">Activitats Extraescolars</span></li>
<li><span style="font-family: 'book antiqua', palatino, serif; font-size: 24px;">Acollida matinal</span></li>
<li><span style="font-family: 'book antiqua', palatino, serif; font-size: 24px;">Casal d&#8217;Estiu</span></li>
<li><span style="font-family: 'book antiqua', palatino, serif; font-size: 24px;">Orientació psicopedagògica</span></li>
<li><span style="font-family: 'book antiqua', palatino, serif; font-size: 24px;">Serveis digitals</span></li>
</ul>

<p>La missió educativa del nostre centre va més enllà de l&#8217;àmbit de l&#8217;aprenentatge. Un dels nostres objectius més importants és facilitar la conciliació familiar i establir canals àgils de comunicació amb les famílies. És per això que l&#8217;Escola Ribas disposa d&#8217;aquests serveis:</p>
<ul style="color: #444444;">
<li>Secretaria</li>
<li>Menjador escolar</li>
<li>Activitats&hellip;  <a href="https://agora.xtec.cat/colribas/serveis/" title="Read Serveis">Llegeix més»</a><br />
