{"id":5456,"date":"2024-01-15T15:23:59","date_gmt":"2024-01-15T14:23:59","guid":{"rendered":"https:\/\/agora.xtec.cat\/colribas\/?page_id=5456"},"modified":"2024-01-15T16:33:49","modified_gmt":"2024-01-15T15:33:49","slug":"visio","status":"publish","type":"page","link":"https:\/\/agora.xtec.cat\/colribas\/linstitut\/visio\/","title":{"rendered":"Visi\u00f3"},"content":{"rendered":"<h1><strong><span style=\"font-family: 'book antiqua', palatino, serif; font-size: 20px; color: #000000;\">La nostra Visi\u00f3:\u00a0 Qu\u00e8 volem aconseguir?<\/span><\/strong><\/h1>\n<p style=\"text-align: justify;\"><span style=\"font-family: 'book antiqua', palatino, serif; font-size: 20px; color: #000000;\">En el nostre centre educatiu, aspirem a ser un referent d\u2019excel.l\u00e8ncia en l\u2019educaci\u00f3 del segle XXl, guiats pels preceptes de la nova LOMLOE i compromesos amb la visi\u00f3 progressista de l\u2019Agenda 2030. La nostra finalitat ser\u00e0 formar persones capaces de millorar la societat en la que viuen mitjan\u00e7ant el desenvolupament de compet\u00e8ncies, valors i principis que els porti a millorar la seva pr\u00f2pia vida i la dels altres.<\/span><\/p>\n<p style=\"text-align: justify;\"><span style=\"font-family: 'book antiqua', palatino, serif; font-size: 20px; color: #000000;\">Inclusivitat, equitat i conscienciaci\u00f3 per la sostenibilitat esdevindran actituds imprescindibles en el dia a dia. Aix\u00ed mateix, l\u2019esfor\u00e7, la superaci\u00f3 personal, la llibertat responsable, l\u2019autonomia, el respecte a tothom i a l\u2019entorn, l\u2019acceptaci\u00f3 de la diversitat, l\u2019\u00e8tica, la capacitat de treball en equip, la capacitat de comunicaci\u00f3 i l\u2019esperit cr\u00edtic seran valors a desenvolupar durant tota l\u2019etapa escolar. L\u2019alumnat, des de ben petit, haur\u00e0 d\u2019adquirir rutines positives que mica en mica es converteixin en h\u00e0bits adquirits i que culminin amb el pas del temps en aquests valors assolits.<\/span><\/p>\n<p style=\"text-align: justify;\"><span style=\"font-family: 'book antiqua', palatino, serif; font-size: 20px; color: #000000;\">Finalment, i sense perdre de vista el desenvolupament profund de disciplines vinculades a la cultura i el coneixement hum\u00e0, el foment de la creativitat i l\u2019adquisici\u00f3 de compet\u00e8ncies digitals tamb\u00e9 ser\u00e0 una prioritat en la formaci\u00f3 integral del nostre alumnat.<\/span><\/p>\n<p style=\"text-align: justify;\"><span style=\"font-family: 'book antiqua', palatino, serif; font-size: 20px; color: #000000;\">Aquest cam\u00ed s\u2019haur\u00e0 de realitzar optimitzant recursos disponibles i creant les condicions adients tant pel professorat com per fam\u00edlia i alumnes. La tutoria compartida, la formaci\u00f3 del professorat, la comunicaci\u00f3 bidireccional fam\u00edlia-escola, i la participaci\u00f3 de la fam\u00edlia en l\u2019educaci\u00f3 dels infants seran eixos vertebradors de la nostra tasca educativa. Posant a l\u2019abast de tots, alhora, un curr\u00edculum, uns espais i unes eines sempre vius per tal d\u2019una constant adequaci\u00f3 a l\u2019entorn i context de la seva actualitat, mantenint-nos innovadors per fer de l\u2019escola un catalitzador de les capacitats de tots els i les alumnes.<\/span><\/p>\n","protected":false},"excerpt":{"rendered":"<p>La nostra Visi\u00f3:\u00a0 Qu\u00e8 volem aconseguir?<br \/>\nEn el nostre centre educatiu, aspirem a ser un referent d\u2019excel.l\u00e8ncia en l\u2019educaci\u00f3 del segle XXl, guiats pels preceptes de la nova LOMLOE i compromesos amb la visi\u00f3 progressista de l\u2019Agenda 2030. La nostra finalitat ser\u00e0 formar persones capaces de&hellip;  <a href=\"https:\/\/agora.xtec.cat\/colribas\/linstitut\/visio\/\" title=\"Read Visi\u00f3\">Llegeix m\u00e9s\u00bb<\/a><\/p>\n","protected":false},"author":1,"featured_media":0,"parent":19,"menu_order":6,"comment_status":"closed","ping_status":"closed","template":"page-templates\/side-menu.php","meta":{"_bbp_topic_count":0,"_bbp_reply_count":0,"_bbp_total_topic_count":0,"_bbp_total_reply_count":0,"_bbp_voice_count":0,"_bbp_anonymous_reply_count":0,"_bbp_topic_count_hidden":0,"_bbp_reply_count_hidden":0,"_bbp_forum_subforum_count":0,"footnotes":""},"class_list":["post-5456","page","type-page","status-publish","hentry"],"post_mailing_queue_ids":[],"_links":{"self":[{"href":"https:\/\/agora.xtec.cat\/colribas\/wp-json\/wp\/v2\/pages\/5456","targetHints":{"allow":["GET"]}}],"collection":[{"href":"https:\/\/agora.xtec.cat\/colribas\/wp-json\/wp\/v2\/pages"}],"about":[{"href":"https:\/\/agora.xtec.cat\/colribas\/wp-json\/wp\/v2\/types\/page"}],"author":[{"embeddable":true,"href":"https:\/\/agora.xtec.cat\/colribas\/wp-json\/wp\/v2\/users\/1"}],"replies":[{"embeddable":true,"href":"https:\/\/agora.xtec.cat\/colribas\/wp-json\/wp\/v2\/comments?post=5456"}],"version-history":[{"count":6,"href":"https:\/\/agora.xtec.cat\/colribas\/wp-json\/wp\/v2\/pages\/5456\/revisions"}],"predecessor-version":[{"id":5505,"href":"https:\/\/agora.xtec.cat\/colribas\/wp-json\/wp\/v2\/pages\/5456\/revisions\/5505"}],"up":[{"embeddable":true,"href":"https:\/\/agora.xtec.cat\/colribas\/wp-json\/wp\/v2\/pages\/19"}],"wp:attachment":[{"href":"https:\/\/agora.xtec.cat\/colribas\/wp-json\/wp\/v2\/media?parent=5456"}],"curies":[{"name":"wp","href":"https:\/\/api.w.org\/{rel}","templated":true}]}}

Visió

<h1><strong><span style="font-family: 'book antiqua', palatino, serif; font-size: 20px; color: #000000;">La nostra Visió:  Què volem aconseguir?</span></strong></h1>
<p style="text-align: justify;"><span style="font-family: 'book antiqua', palatino, serif; font-size: 20px; color: #000000;">En el nostre centre educatiu, aspirem a ser un referent d’excel.lència en l’educació del segle XXl, guiats pels preceptes de la nova LOMLOE i compromesos amb la visió progressista de l’Agenda 2030. La nostra finalitat serà formar persones capaces de millorar la societat en la que viuen mitjançant el desenvolupament de competències, valors i principis que els porti a millorar la seva pròpia vida i la dels altres.</span></p>
<p style="text-align: justify;"><span style="font-family: 'book antiqua', palatino, serif; font-size: 20px; color: #000000;">Inclusivitat, equitat i conscienciació per la sostenibilitat esdevindran actituds imprescindibles en el dia a dia. Així mateix, l’esforç, la superació personal, la llibertat responsable, l’autonomia, el respecte a tothom i a l’entorn, l’acceptació de la diversitat, l’ètica, la capacitat de treball en equip, la capacitat de comunicació i l’esperit crític seran valors a desenvolupar durant tota l’etapa escolar. L’alumnat, des de ben petit, haurà d’adquirir rutines positives que mica en mica es converteixin en hàbits adquirits i que culminin amb el pas del temps en aquests valors assolits.</span></p>
<p style="text-align: justify;"><span style="font-family: 'book antiqua', palatino, serif; font-size: 20px; color: #000000;">Finalment, i sense perdre de vista el desenvolupament profund de disciplines vinculades a la cultura i el coneixement humà, el foment de la creativitat i l’adquisició de competències digitals també serà una prioritat en la formació integral del nostre alumnat.</span></p>
<p style="text-align: justify;"><span style="font-family: 'book antiqua', palatino, serif; font-size: 20px; color: #000000;">Aquest camí s’haurà de realitzar optimitzant recursos disponibles i creant les condicions adients tant pel professorat com per família i alumnes. La tutoria compartida, la formació del professorat, la comunicació bidireccional família-escola, i la participació de la família en l’educació dels infants seran eixos vertebradors de la nostra tasca educativa. Posant a l’abast de tots, alhora, un currículum, uns espais i unes eines sempre vius per tal d’una constant adequació a l’entorn i context de la seva actualitat, mantenint-nos innovadors per fer de l’escola un catalitzador de les capacitats de tots els i les alumnes.</span></p>

<p>La nostra Visió:  Què volem aconseguir?<br />
En el nostre centre educatiu, aspirem a ser un referent d’excel.lència en l’educació del segle XXl, guiats pels preceptes de la nova LOMLOE i compromesos amb la visió progressista de l’Agenda 2030. La nostra finalitat serà formar persones capaces de&hellip;  <a href="https://agora.xtec.cat/colribas/linstitut/visio/" title="Read Visió">Llegeix més»</a></p>
