{"id":49,"date":"2014-09-17T16:55:55","date_gmt":"2014-09-17T15:55:55","guid":{"rendered":"http:\/\/agora.xtec.cat\/colribas\/?page_id=49"},"modified":"2024-01-15T16:30:54","modified_gmt":"2024-01-15T15:30:54","slug":"normes-dorganitzacio-i-funcionament","status":"publish","type":"page","link":"https:\/\/agora.xtec.cat\/colribas\/linstitut\/normes-dorganitzacio-i-funcionament\/","title":{"rendered":"Normes i Funcionament"},"content":{"rendered":"<p style=\"text-align: justify;\"><span style=\"font-family: 'book antiqua', palatino, serif; font-size: 20px;\">Per tal que l&#8217;alumnat esdevinguin persones responsables, tolerants amb valors referents a la vida col\u00b7lectiva, creiem imprescindible complir un m\u00ednim de normes:<\/span><\/p>\n<ul>\n<li style=\"text-align: justify;\"><span style=\"font-family: 'book antiqua', palatino, serif; font-size: 20px;\">Assistir puntualment a les classes. La puntualitat haur\u00e0 d&#8217;observar-se sempre en tots els actes i activitats de l\u2019Escola.<\/span><\/li>\n<li style=\"text-align: justify;\"><span style=\"font-family: 'book antiqua', palatino, serif; font-size: 20px;\">Presentar-se nets i polits de cos i vestit.<\/span><\/li>\n<li style=\"text-align: justify;\"><span style=\"font-family: 'book antiqua', palatino, serif; font-size: 20px;\">Conservar la neteja de tots els llocs del recinte escola i del seu entorn, deixant els papers i altres en els llocs adients.<\/span><\/li>\n<li style=\"text-align: justify;\"><span style=\"font-family: 'book antiqua', palatino, serif; font-size: 20px;\">Obeir a tots els professors del Col\u00b7legi, no pertorbar l\u2019ordre, sostenir relacions amigables amb els seus condeixebles i no faltar a la dec\u00e8ncia i a la urbanitat.<\/span><\/li>\n<li style=\"text-align: justify;\"><span style=\"font-family: 'book antiqua', palatino, serif; font-size: 20px;\">Guardar a les classes l\u2019atenci\u00f3 deguda i a realitzar els treballs escolars que se li assenyalin.<\/span><\/li>\n<li style=\"text-align: justify;\"><span style=\"font-family: 'book antiqua', palatino, serif; font-size: 20px;\">Respectar a dins i a fora de l\u2019Escola, no nom\u00e9s el seu mestre\/a, sin\u00f3 a tots els altres, utilitzant les formes de cortesia tradicionals en el tracte amb els professors\/es i amb la resta de persones grans, com \u00e9s per exemple el tractament de vost\u00e8.<\/span><\/li>\n<li style=\"text-align: justify;\"><span style=\"font-family: 'book antiqua', palatino, serif; font-size: 20px;\">Respectar a tots els empleats de l\u2019Escola i a obeir-los sempre que els mestres no hi siguin presents. Tamb\u00e9 respectar els materials del Col\u00b7legi. Al referir-nos al material tamb\u00e9 s&#8217;ha d&#8217;incloure\u00a0 el propi i el dels companys\/es.<\/span><\/li>\n<li style=\"text-align: justify;\"><span style=\"font-family: 'book antiqua', palatino, serif; font-size: 20px;\">Proveir-se dels llibres i material d\u2019ensenyament indispensable per a complir els deures escolars.<\/span><\/li>\n<li style=\"text-align: justify;\"><span style=\"font-family: 'book antiqua', palatino, serif; font-size: 20px;\">L\u2019assist\u00e8ncia al Col\u00b7legi de forma constant i regular.<\/span><\/li>\n<li style=\"text-align: justify;\"><span style=\"font-family: 'book antiqua', palatino, serif; font-size: 20px;\">Portar l\u2019equip d\u2019Educaci\u00f3 F\u00edsica els dies i hores assenyalades pel centre.<\/span><\/li>\n<li style=\"text-align: justify;\"><span style=\"font-family: 'book antiqua', palatino, serif; font-size: 20px;\">Portar l\u2019uniforme i la bata escollida pel Centre.<\/span><\/li>\n<li style=\"text-align: justify;\"><span style=\"font-family: 'book antiqua', palatino, serif; font-size: 20px;\">No dur al Col\u00b7legi objectes de valor o perillosos.<\/span><\/li>\n<li style=\"text-align: justify;\"><span style=\"font-family: 'book antiqua', palatino, serif; font-size: 20px;\">En cas de portar m\u00f2bil o d\u2019altres dispositius electr\u00f2nics, dins del recinte escolar, han d\u2019estar desconnectats. Si \u00e9s necessari establir contacte alumne-fam\u00edlia, tenen a la seva disposici\u00f3 els tel\u00e8fons de l\u2019escola.\u00a0 Si l\u2019alumne\/a fa un mal \u00fas d\u2019aquests dipositius (dins o fora de l\u2019horari lectiu i del recinte escolar) que impliqui atemptar contra la intimitat, l\u2019honor i la imatge de qualsevol persona, us volem recordar que est\u00e0 incorrent en un delicte tipificat al codi penal. A m\u00e9s a m\u00e9s, a nivell intern prendrem les mesures sancionadores educatives que es considerin oportunes.<\/span><\/li>\n<li style=\"text-align: justify;\"><span style=\"font-family: 'book antiqua', palatino, serif; font-size: 20px;\">No es podr\u00e0 fumar a dins del recinte escolar.<\/span><\/li>\n<li style=\"text-align: justify;\"><span style=\"font-family: 'book antiqua', palatino, serif; font-size: 20px;\">L&#8217;alumnat, a dins del recinte escolar, no portar\u00e0 pearcings.<\/span><\/li>\n<li style=\"text-align: justify;\"><span style=\"font-family: 'book antiqua', palatino, serif; font-size: 20px;\">Donat el car\u00e0cter propi del centre, dur\u00e0 un tall de cabell normal, sense rapades, tint, cues, crestes, etc.<\/span><\/li>\n<li style=\"text-align: justify;\"><span style=\"font-family: 'book antiqua', palatino, serif; font-size: 20px;\">Sempre que es realitzi una activitat fora del Centre, cal que tots els que hi participin estiguin degudament autoritzats per les seves fam\u00edlies sin\u00f3, romandran al col\u00b7legi a c\u00e0rrec del professor\/a de gu\u00e0rdia.<\/span><\/li>\n<\/ul>\n","protected":false},"excerpt":{"rendered":"<p>Per tal que l&#8217;alumnat esdevinguin persones responsables, tolerants amb valors referents a la vida col\u00b7lectiva, creiem imprescindible complir un m\u00ednim de normes:<\/p>\n<ul>\n<li style=\"text-align: justify;\">Assistir puntualment a les classes. La puntualitat haur\u00e0 d&#8217;observar-se sempre en tots els actes i activitats de l\u2019Escola.<\/li>\n<li style=\"text-align: justify;\">Presentar-se nets i&hellip;  <a href=\"https:\/\/agora.xtec.cat\/colribas\/linstitut\/normes-dorganitzacio-i-funcionament\/\" title=\"Read Normes i Funcionament\">Llegeix m\u00e9s\u00bb<\/a><br \/>\n","protected":false},"author":1,"featured_media":0,"parent":19,"menu_order":3,"comment_status":"closed","ping_status":"closed","template":"page-templates\/side-menu.php","meta":{"_bbp_topic_count":0,"_bbp_reply_count":0,"_bbp_total_topic_count":0,"_bbp_total_reply_count":0,"_bbp_voice_count":0,"_bbp_anonymous_reply_count":0,"_bbp_topic_count_hidden":0,"_bbp_reply_count_hidden":0,"_bbp_forum_subforum_count":0,"footnotes":""},"class_list":["post-49","page","type-page","status-publish","hentry"],"post_mailing_queue_ids":[],"_links":{"self":[{"href":"https:\/\/agora.xtec.cat\/colribas\/wp-json\/wp\/v2\/pages\/49","targetHints":{"allow":["GET"]}}],"collection":[{"href":"https:\/\/agora.xtec.cat\/colribas\/wp-json\/wp\/v2\/pages"}],"about":[{"href":"https:\/\/agora.xtec.cat\/colribas\/wp-json\/wp\/v2\/types\/page"}],"author":[{"embeddable":true,"href":"https:\/\/agora.xtec.cat\/colribas\/wp-json\/wp\/v2\/users\/1"}],"replies":[{"embeddable":true,"href":"https:\/\/agora.xtec.cat\/colribas\/wp-json\/wp\/v2\/comments?post=49"}],"version-history":[{"count":5,"href":"https:\/\/agora.xtec.cat\/colribas\/wp-json\/wp\/v2\/pages\/49\/revisions"}],"predecessor-version":[{"id":5496,"href":"https:\/\/agora.xtec.cat\/colribas\/wp-json\/wp\/v2\/pages\/49\/revisions\/5496"}],"up":[{"embeddable":true,"href":"https:\/\/agora.xtec.cat\/colribas\/wp-json\/wp\/v2\/pages\/19"}],"wp:attachment":[{"href":"https:\/\/agora.xtec.cat\/colribas\/wp-json\/wp\/v2\/media?parent=49"}],"curies":[{"name":"wp","href":"https:\/\/api.w.org\/{rel}","templated":true}]}}

<p style="text-align: justify;"><span style="font-family: 'book antiqua', palatino, serif; font-size: 20px;">Per tal que l&#8217;alumnat esdevinguin persones responsables, tolerants amb valors referents a la vida col·lectiva, creiem imprescindible complir un mínim de normes:</span></p>
<ul>
<li style="text-align: justify;"><span style="font-family: 'book antiqua', palatino, serif; font-size: 20px;">Assistir puntualment a les classes. La puntualitat haurà d&#8217;observar-se sempre en tots els actes i activitats de l’Escola.</span></li>
<li style="text-align: justify;"><span style="font-family: 'book antiqua', palatino, serif; font-size: 20px;">Presentar-se nets i polits de cos i vestit.</span></li>
<li style="text-align: justify;"><span style="font-family: 'book antiqua', palatino, serif; font-size: 20px;">Conservar la neteja de tots els llocs del recinte escola i del seu entorn, deixant els papers i altres en els llocs adients.</span></li>
<li style="text-align: justify;"><span style="font-family: 'book antiqua', palatino, serif; font-size: 20px;">Obeir a tots els professors del Col·legi, no pertorbar l’ordre, sostenir relacions amigables amb els seus condeixebles i no faltar a la decència i a la urbanitat.</span></li>
<li style="text-align: justify;"><span style="font-family: 'book antiqua', palatino, serif; font-size: 20px;">Guardar a les classes l’atenció deguda i a realitzar els treballs escolars que se li assenyalin.</span></li>
<li style="text-align: justify;"><span style="font-family: 'book antiqua', palatino, serif; font-size: 20px;">Respectar a dins i a fora de l’Escola, no només el seu mestre/a, sinó a tots els altres, utilitzant les formes de cortesia tradicionals en el tracte amb els professors/es i amb la resta de persones grans, com és per exemple el tractament de vostè.</span></li>
<li style="text-align: justify;"><span style="font-family: 'book antiqua', palatino, serif; font-size: 20px;">Respectar a tots els empleats de l’Escola i a obeir-los sempre que els mestres no hi siguin presents. També respectar els materials del Col·legi. Al referir-nos al material també s&#8217;ha d&#8217;incloure  el propi i el dels companys/es.</span></li>
<li style="text-align: justify;"><span style="font-family: 'book antiqua', palatino, serif; font-size: 20px;">Proveir-se dels llibres i material d’ensenyament indispensable per a complir els deures escolars.</span></li>
<li style="text-align: justify;"><span style="font-family: 'book antiqua', palatino, serif; font-size: 20px;">L’assistència al Col·legi de forma constant i regular.</span></li>
<li style="text-align: justify;"><span style="font-family: 'book antiqua', palatino, serif; font-size: 20px;">Portar l’equip d’Educació Física els dies i hores assenyalades pel centre.</span></li>
<li style="text-align: justify;"><span style="font-family: 'book antiqua', palatino, serif; font-size: 20px;">Portar l’uniforme i la bata escollida pel Centre.</span></li>
<li style="text-align: justify;"><span style="font-family: 'book antiqua', palatino, serif; font-size: 20px;">No dur al Col·legi objectes de valor o perillosos.</span></li>
<li style="text-align: justify;"><span style="font-family: 'book antiqua', palatino, serif; font-size: 20px;">En cas de portar mòbil o d’altres dispositius electrònics, dins del recinte escolar, han d’estar desconnectats. Si és necessari establir contacte alumne-família, tenen a la seva disposició els telèfons de l’escola.  Si l’alumne/a fa un mal ús d’aquests dipositius (dins o fora de l’horari lectiu i del recinte escolar) que impliqui atemptar contra la intimitat, l’honor i la imatge de qualsevol persona, us volem recordar que està incorrent en un delicte tipificat al codi penal. A més a més, a nivell intern prendrem les mesures sancionadores educatives que es considerin oportunes.</span></li>
<li style="text-align: justify;"><span style="font-family: 'book antiqua', palatino, serif; font-size: 20px;">No es podrà fumar a dins del recinte escolar.</span></li>
<li style="text-align: justify;"><span style="font-family: 'book antiqua', palatino, serif; font-size: 20px;">L&#8217;alumnat, a dins del recinte escolar, no portarà pearcings.</span></li>
<li style="text-align: justify;"><span style="font-family: 'book antiqua', palatino, serif; font-size: 20px;">Donat el caràcter propi del centre, durà un tall de cabell normal, sense rapades, tint, cues, crestes, etc.</span></li>
<li style="text-align: justify;"><span style="font-family: 'book antiqua', palatino, serif; font-size: 20px;">Sempre que es realitzi una activitat fora del Centre, cal que tots els que hi participin estiguin degudament autoritzats per les seves famílies sinó, romandran al col·legi a càrrec del professor/a de guàrdia.</span></li>
</ul>

<p>Per tal que l&#8217;alumnat esdevinguin persones responsables, tolerants amb valors referents a la vida col·lectiva, creiem imprescindible complir un mínim de normes:</p>
<ul>
<li style="text-align: justify;">Assistir puntualment a les classes. La puntualitat haurà d&#8217;observar-se sempre en tots els actes i activitats de l’Escola.</li>
<li style="text-align: justify;">Presentar-se nets i&hellip;  <a href="https://agora.xtec.cat/colribas/linstitut/normes-dorganitzacio-i-funcionament/" title="Read Normes i Funcionament">Llegeix més»</a><br />
