{"id":1903,"date":"2020-01-16T17:20:55","date_gmt":"2020-01-16T16:20:55","guid":{"rendered":"http:\/\/agora.xtec.cat\/colribas\/?page_id=1903"},"modified":"2020-03-02T10:50:53","modified_gmt":"2020-03-02T09:50:53","slug":"educacio-primaria-2","status":"publish","type":"page","link":"https:\/\/agora.xtec.cat\/colribas\/estudis\/educacio-primaria-2\/","title":{"rendered":"Educaci\u00f3 Prim\u00e0ria"},"content":{"rendered":"<p style=\"text-align: center;\"><span style=\"font-size: 32px;\"><em>L&#8217;art d&#8217;ensenyar \u00e9s l&#8217;art d&#8217;ajudar a descobrir<\/em><\/span><\/p>\n<p style=\"text-align: justify;\"><span style=\"font-size: 20px; font-family: 'book antiqua', palatino, serif;\"><b>OBJECTIUS D&#8217;APRENENTATGE<\/b><\/span><\/p>\n<p><span style=\"font-family: 'book antiqua', palatino, serif; font-size: 20px;\"><span style=\"font-weight: 400;\"><span style=\"font-weight: 400;\">-F<\/span>omentar el gust per la lectura i el llegir per aprendre.<br \/>\n<\/span><span style=\"font-weight: 400;\"><span style=\"font-weight: 400;\">-G<\/span>audir del fet d\u2019escriure trobant plaer i sentit en all\u00f2 que escriuen.<br \/>\n<\/span><span style=\"font-weight: 400;\"><span style=\"font-weight: 400;\">-A<\/span>propar la ci\u00e8ncia i la tecnologia als alumnes per tal de despertar en ells la curiositat i el coneixement del m\u00f3n que els envolta.<br \/>\n<\/span><span style=\"font-weight: 400;\"><span style=\"font-weight: 400;\">-D<\/span>esenvolupar l\u2019autonomia dels alumnes i estimular la iniciativa personal.<br \/>\n<\/span><span style=\"font-weight: 400;\"><span style=\"font-weight: 400;\">-A<\/span>conseguir un aprenentatge competencial i significatiu en totes les \u00e0rees.<br \/>\n<\/span><span style=\"font-weight: 400;\"><span style=\"font-weight: 400;\">-Tr<\/span>eballar els continguts de manera contextualitzada.<br \/>\n<\/span><span style=\"font-weight: 400;\"><span style=\"font-weight: 400;\">-A<\/span>mpliar i millorar el coneixement de la llengua anglesa.<br \/>\n<\/span><span style=\"font-weight: 400;\"><span style=\"font-weight: 400;\">-A<\/span>favorir el raonament i el pensament cr\u00edtic.<br \/>\n<\/span><span style=\"font-weight: 400;\"><span style=\"font-weight: 400;\">-E<\/span>xperimentar amb totes les manifestacions art\u00edstiques per despertar la creativitat.<br \/>\n<\/span><span style=\"font-weight: 400;\"><span style=\"font-weight: 400;\">-S<\/span>er capa\u00e7 d\u2019adaptar-se i emprar\u00a0 els diferents registres ling\u00fc\u00edstics.<br \/>\n<\/span><span style=\"font-weight: 400;\">-Potenciar l\u2019art de parlar en p\u00fablic amb flu\u00efdesa.\u00a0<\/span><\/span><\/p>\n<p style=\"text-align: justify;\"><span style=\"font-family: 'book antiqua', palatino, serif; font-size: 20px;\"><strong>COM ELS ACONSEGUIM?<\/strong><\/span><\/p>\n<ul>\n<li style=\"text-align: justify;\"><span style=\"font-size: 20px; font-family: 'book antiqua', palatino, serif;\"><b>Motivaci\u00f3<\/b><\/span><\/li>\n<\/ul>\n<p style=\"text-align: justify;\"><span style=\"font-weight: 400; font-size: 20px; font-family: 'book antiqua', palatino, serif;\">Amb la utilitzaci\u00f3 de diferents estrat\u00e8gies i metodologies captem l\u2019inter\u00e8s de l\u2019alumnat i despertem la seva curiositat per aprendre.<\/span><\/p>\n<ul>\n<li style=\"text-align: justify;\"><span style=\"font-size: 20px; font-family: 'book antiqua', palatino, serif;\"><b>Experimentaci\u00f3<\/b><\/span><\/li>\n<\/ul>\n<p style=\"text-align: justify;\"><span style=\"font-weight: 400; font-size: 20px; font-family: 'book antiqua', palatino, serif;\">Amb la realitzaci\u00f3 de petits experiments, l\u2019alumne observa, fa prediccions i extreu conclusions adquirint aix\u00ed un aprenentatge significatiu.<\/span><\/p>\n<ul>\n<li style=\"text-align: justify;\"><span style=\"font-size: 20px; font-family: 'book antiqua', palatino, serif;\"><b>Projectes<\/b><\/span><\/li>\n<\/ul>\n<p style=\"text-align: justify;\"><span style=\"font-weight: 400; font-size: 20px; font-family: 'book antiqua', palatino, serif;\">Mitjan\u00e7ant els projectes\u00a0 aconseguim assolir el coneixement amb un enfocament interdisciplinari i ens ajuda a investigar, reflexionar i afavoreix l\u2019autonomia de l\u2019alumne en el seu proc\u00e9s d\u2019aprenentatge.<\/span><\/p>\n<ul>\n<li style=\"text-align: justify;\"><span style=\"font-size: 20px; font-family: 'book antiqua', palatino, serif;\"><b>Raonament i pensament cr\u00edtic<\/b><\/span><\/li>\n<\/ul>\n<p style=\"text-align: justify;\"><span style=\"font-weight: 400; font-size: 20px; font-family: 'book antiqua', palatino, serif;\">Cerquem situacions de comunicaci\u00f3 on els alumnes puguin verbalitzar el seu coneixement, generar idees, hip\u00f2tesis i afavorir el pensament cr\u00edtic per ajudar-los per a entendre el m\u00f3n.<\/span><\/p>\n<ul>\n<li style=\"text-align: justify;\"><span style=\"font-size: 20px; font-family: 'book antiqua', palatino, serif;\"><b>Treball cooperatiu<\/b><\/span><\/li>\n<\/ul>\n<p style=\"text-align: justify;\"><span style=\"font-weight: 400; font-size: 20px; font-family: 'book antiqua', palatino, serif;\">L\u2019organitzaci\u00f3 en petits grups per treballar tots junts i aconseguir un objectiu com\u00fa, ens ajuda a responsabilitzar als propis alumnes\u00a0 del seu propi aprenentatge.<\/span><\/p>\n","protected":false},"excerpt":{"rendered":"<p>L&#8217;art d&#8217;ensenyar \u00e9s l&#8217;art d&#8217;ajudar a descobrir<br \/>\nOBJECTIUS D&#8217;APRENENTATGE<br \/>\n-Fomentar el gust per la lectura i el llegir per aprendre.<br \/>\n-Gaudir del fet d\u2019escriure trobant plaer i sentit en all\u00f2 que escriuen.<br \/>\n-Apropar la ci\u00e8ncia i la tecnologia als alumnes per tal de despertar en ells la curiositat i&hellip;  <a href=\"https:\/\/agora.xtec.cat\/colribas\/estudis\/educacio-primaria-2\/\" title=\"Read Educaci\u00f3 Prim\u00e0ria\">Llegeix m\u00e9s\u00bb<\/a><\/p>\n","protected":false},"author":1,"featured_media":0,"parent":195,"menu_order":2,"comment_status":"closed","ping_status":"closed","template":"page-templates\/side-menu.php","meta":{"_bbp_topic_count":0,"_bbp_reply_count":0,"_bbp_total_topic_count":0,"_bbp_total_reply_count":0,"_bbp_voice_count":0,"_bbp_anonymous_reply_count":0,"_bbp_topic_count_hidden":0,"_bbp_reply_count_hidden":0,"_bbp_forum_subforum_count":0,"footnotes":""},"class_list":["post-1903","page","type-page","status-publish","hentry"],"post_mailing_queue_ids":[],"_links":{"self":[{"href":"https:\/\/agora.xtec.cat\/colribas\/wp-json\/wp\/v2\/pages\/1903","targetHints":{"allow":["GET"]}}],"collection":[{"href":"https:\/\/agora.xtec.cat\/colribas\/wp-json\/wp\/v2\/pages"}],"about":[{"href":"https:\/\/agora.xtec.cat\/colribas\/wp-json\/wp\/v2\/types\/page"}],"author":[{"embeddable":true,"href":"https:\/\/agora.xtec.cat\/colribas\/wp-json\/wp\/v2\/users\/1"}],"replies":[{"embeddable":true,"href":"https:\/\/agora.xtec.cat\/colribas\/wp-json\/wp\/v2\/comments?post=1903"}],"version-history":[{"count":3,"href":"https:\/\/agora.xtec.cat\/colribas\/wp-json\/wp\/v2\/pages\/1903\/revisions"}],"predecessor-version":[{"id":2408,"href":"https:\/\/agora.xtec.cat\/colribas\/wp-json\/wp\/v2\/pages\/1903\/revisions\/2408"}],"up":[{"embeddable":true,"href":"https:\/\/agora.xtec.cat\/colribas\/wp-json\/wp\/v2\/pages\/195"}],"wp:attachment":[{"href":"https:\/\/agora.xtec.cat\/colribas\/wp-json\/wp\/v2\/media?parent=1903"}],"curies":[{"name":"wp","href":"https:\/\/api.w.org\/{rel}","templated":true}]}}