{"id":1015,"date":"2017-05-17T17:17:37","date_gmt":"2017-05-17T15:17:37","guid":{"rendered":"http:\/\/agora.xtec.cat\/colribas\/wp-content\/uploads\/usu945\/2017\/05\/FF1.jpg"},"modified":"2017-05-17T17:19:11","modified_gmt":"2017-05-17T15:19:11","slug":"ff1","status":"inherit","type":"attachment","link":"https:\/\/agora.xtec.cat\/colribas\/ff1\/","title":{"rendered":"Festa Fundadors"},"author":1,"featured_media":0,"comment_status":"open","ping_status":"closed","template":"","meta":{"_bbp_topic_count":0,"_bbp_reply_count":0,"_bbp_total_topic_count":0,"_bbp_total_reply_count":0,"_bbp_voice_count":0,"_bbp_anonymous_reply_count":0,"_bbp_topic_count_hidden":0,"_bbp_reply_count_hidden":0,"_bbp_forum_subforum_count":0},"class_list":["post-1015","attachment","type-attachment","status-inherit","hentry"],"description":{"rendered":"<p class=\"attachment\"><a href='https:\/\/agora.xtec.cat\/colribas\/wp-content\/uploads\/usu945\/2017\/05\/FF1.jpg'><img loading=\"lazy\" decoding=\"async\" width=\"210\" height=\"300\" src=\"https:\/\/agora.xtec.cat\/colribas\/wp-content\/uploads\/usu945\/2017\/05\/FF1-210x300.jpg\" class=\"attachment-medium size-medium\" alt=\"\" srcset=\"https:\/\/agora.xtec.cat\/colribas\/wp-content\/uploads\/usu945\/2017\/05\/FF1-210x300.jpg 210w, https:\/\/agora.xtec.cat\/colribas\/wp-content\/uploads\/usu945\/2017\/05\/FF1.jpg 387w\" sizes=\"auto, (max-width: 210px) 100vw, 210px\" \/><\/a><\/p>\n"},"caption":{"rendered":"<p><a href='https:\/\/agora.xtec.cat\/colribas\/wp-content\/uploads\/usu945\/2017\/05\/FF1.jpg'><\/a><\/p>\n"},"alt_text":"","media_type":"image","mime_type":"image\/jpeg","media_details":{"width":387,"height":554,"file":"2017\/05\/FF1.jpg","sizes":{"thumbnail":{"file":"FF1-150x150.jpg","width":150,"height":150,"mime_type":"image\/jpeg","source_url":"https:\/\/agora.xtec.cat\/colribas\/wp-content\/uploads\/usu945\/2017\/05\/FF1-150x150.jpg"},"medium":{"file":"FF1-210x300.jpg","width":210,"height":300,"mime_type":"image\/jpeg","source_url":"https:\/\/agora.xtec.cat\/colribas\/wp-content\/uploads\/usu945\/2017\/05\/FF1-210x300.jpg"},"thumb-300":{"file":"FF1-300x250.jpg","width":300,"height":250,"mime_type":"image\/jpeg","source_url":"https:\/\/agora.xtec.cat\/colribas\/wp-content\/uploads\/usu945\/2017\/05\/FF1-300x250.jpg"},"thumb-200":{"file":"FF1-200x150.jpg","width":200,"height":150,"mime_type":"image\/jpeg","source_url":"https:\/\/agora.xtec.cat\/colribas\/wp-content\/uploads\/usu945\/2017\/05\/FF1-200x150.jpg"},"full":{"file":"FF1.jpg","width":387,"height":554,"mime_type":"image\/jpeg","source_url":"https:\/\/agora.xtec.cat\/colribas\/wp-content\/uploads\/usu945\/2017\/05\/FF1.jpg"}},"image_meta":{"aperture":"0","credit":"Ram\u00f3n Jos\u00e9 And\u00fajar","camera":"","caption":"","created_timestamp":"1495034195","copyright":"","focal_length":"0","iso":"0","shutter_speed":"0","title":"","orientation":"0","keywords":[]}},"post":null,"source_url":"https:\/\/agora.xtec.cat\/colribas\/wp-content\/uploads\/usu945\/2017\/05\/FF1.jpg","_links":{"self":[{"href":"https:\/\/agora.xtec.cat\/colribas\/wp-json\/wp\/v2\/media\/1015","targetHints":{"allow":["GET"]}}],"collection":[{"href":"https:\/\/agora.xtec.cat\/colribas\/wp-json\/wp\/v2\/media"}],"about":[{"href":"https:\/\/agora.xtec.cat\/colribas\/wp-json\/wp\/v2\/types\/attachment"}],"author":[{"embeddable":true,"href":"https:\/\/agora.xtec.cat\/colribas\/wp-json\/wp\/v2\/users\/1"}],"replies":[{"embeddable":true,"href":"https:\/\/agora.xtec.cat\/colribas\/wp-json\/wp\/v2\/comments?post=1015"}]}}

Ramón José Andújar
