{"id":80,"date":"2014-09-18T14:09:48","date_gmt":"2014-09-18T13:09:48","guid":{"rendered":"http:\/\/agora.xtec.cat\/coldivinaprovidencia\/?page_id=80"},"modified":"2016-04-04T15:49:43","modified_gmt":"2016-04-04T14:49:43","slug":"transport-escolar","status":"publish","type":"page","link":"https:\/\/agora.xtec.cat\/coldivinaprovidencia\/serveis\/transport-escolar\/","title":{"rendered":"Gabinet psicopedag\u00f2gic"},"content":{"rendered":"<div id=\"coscentral\">\n<p>El col\u00b7legi vol donar resposta als alumnes amb necessitats educatives espec\u00edfiques i als que mostren dificultats puntuals. Per fer front a aquest repte, el nostre gabinet psicopedag\u00f2gic, integrat per\u00a0<strong>Isabel Puente i Ra\u00fcl Garcia <\/strong>i coordinats amb els\u00a0serveis externs\u00a0(EAP, CDIAP, CSMIJ&#8230;), atenen les necessitats, acompanyant als professors i a les fam\u00edlies dels alumnes.<\/p>\n<\/div>\n<p>Cada alumne \u00e9s diferent. Per tant vetllem pel seguiment i\u00a0desenvolupament de les seves capacitats i per l&#8217;adquisici\u00f3 progressiva de les compet\u00e8ncies b\u00e0siques pr\u00f2pies de cada etapa en el punt on es troba.<\/p>\n<p class=\"titol-serveis\">\n","protected":false},"excerpt":{"rendered":"<p>El col\u00b7legi vol donar resposta als alumnes amb necessitats educatives espec\u00edfiques i als que mostren dificultats puntuals. Per fer front a aquest repte, el nostre gabinet psicopedag\u00f2gic, integrat per\u00a0Isabel Puente i Ra\u00fcl Garcia i coordinats amb els\u00a0serveis externs\u00a0(EAP, CDIAP, CSMIJ&#8230;), atenen les necessitats, acompanyant als&hellip;  <a href=\"https:\/\/agora.xtec.cat\/coldivinaprovidencia\/serveis\/transport-escolar\/\" title=\"Read Gabinet psicopedag\u00f2gic\">Llegeix m\u00e9s\u00bb<\/a><\/p>\n","protected":false},"author":1,"featured_media":0,"parent":66,"menu_order":40,"comment_status":"closed","ping_status":"closed","template":"page-templates\/side-menu.php","meta":{"_bbp_topic_count":0,"_bbp_reply_count":0,"_bbp_total_topic_count":0,"_bbp_total_reply_count":0,"_bbp_voice_count":0,"_bbp_anonymous_reply_count":0,"_bbp_topic_count_hidden":0,"_bbp_reply_count_hidden":0,"_bbp_forum_subforum_count":0,"footnotes":""},"class_list":["post-80","page","type-page","status-publish","hentry"],"post_mailing_queue_ids":[],"_links":{"self":[{"href":"https:\/\/agora.xtec.cat\/coldivinaprovidencia\/wp-json\/wp\/v2\/pages\/80","targetHints":{"allow":["GET"]}}],"collection":[{"href":"https:\/\/agora.xtec.cat\/coldivinaprovidencia\/wp-json\/wp\/v2\/pages"}],"about":[{"href":"https:\/\/agora.xtec.cat\/coldivinaprovidencia\/wp-json\/wp\/v2\/types\/page"}],"author":[{"embeddable":true,"href":"https:\/\/agora.xtec.cat\/coldivinaprovidencia\/wp-json\/wp\/v2\/users\/1"}],"replies":[{"embeddable":true,"href":"https:\/\/agora.xtec.cat\/coldivinaprovidencia\/wp-json\/wp\/v2\/comments?post=80"}],"version-history":[{"count":3,"href":"https:\/\/agora.xtec.cat\/coldivinaprovidencia\/wp-json\/wp\/v2\/pages\/80\/revisions"}],"predecessor-version":[{"id":506,"href":"https:\/\/agora.xtec.cat\/coldivinaprovidencia\/wp-json\/wp\/v2\/pages\/80\/revisions\/506"}],"up":[{"embeddable":true,"href":"https:\/\/agora.xtec.cat\/coldivinaprovidencia\/wp-json\/wp\/v2\/pages\/66"}],"wp:attachment":[{"href":"https:\/\/agora.xtec.cat\/coldivinaprovidencia\/wp-json\/wp\/v2\/media?parent=80"}],"curies":[{"name":"wp","href":"https:\/\/api.w.org\/{rel}","templated":true}]}}

Gabinet psicopedagògic

<div id="coscentral">
<p>El col·legi vol donar resposta als alumnes amb necessitats educatives específiques i als que mostren dificultats puntuals. Per fer front a aquest repte, el nostre gabinet psicopedagògic, integrat per <strong>Isabel Puente i Raül Garcia </strong>i coordinats amb els serveis externs (EAP, CDIAP, CSMIJ&#8230;), atenen les necessitats, acompanyant als professors i a les famílies dels alumnes.</p>
</div>
<p>Cada alumne és diferent. Per tant vetllem pel seguiment i desenvolupament de les seves capacitats i per l&#8217;adquisició progressiva de les competències bàsiques pròpies de cada etapa en el punt on es troba.</p>
<p class="titol-serveis">

<p>El col·legi vol donar resposta als alumnes amb necessitats educatives específiques i als que mostren dificultats puntuals. Per fer front a aquest repte, el nostre gabinet psicopedagògic, integrat per Isabel Puente i Raül Garcia i coordinats amb els serveis externs (EAP, CDIAP, CSMIJ&#8230;), atenen les necessitats, acompanyant als&hellip;  <a href="https://agora.xtec.cat/coldivinaprovidencia/serveis/transport-escolar/" title="Read Gabinet psicopedagògic">Llegeix més»</a></p>
