{"id":73,"date":"2014-09-18T14:01:51","date_gmt":"2014-09-18T13:01:51","guid":{"rendered":"http:\/\/agora.xtec.cat\/coldivinaprovidencia\/?page_id=73"},"modified":"2018-06-01T15:15:17","modified_gmt":"2018-06-01T13:15:17","slug":"menjador-escolar","status":"publish","type":"page","link":"https:\/\/agora.xtec.cat\/coldivinaprovidencia\/serveis\/menjador-escolar\/","title":{"rendered":"Menjador escolar"},"content":{"rendered":"<p style=\"text-align: left;\">El col\u00b7legi\u00a0disposa de menjador amb <strong>cuina pr\u00f2pia<\/strong>.<br \/>\nEl servei el formen la cuinera que \u00e9s una religiosa i un equip de set professors que s\u00f3n els responsables de fomentar els h\u00e0bits d\u2019alimentaci\u00f3 i higiene saludables, aix\u00ed com vetllar pel bon comportament de l\u2019alumnat durant l\u2019estona que funciona el servei.<\/p>\n<p style=\"text-align: center;\">Es lliuren fulls mensuals del men\u00fa, <strong>revisats pel servei de Salut de l\u2019Ajuntament de Vilanova<\/strong>.<\/p>\n<table style=\"height: 167px;\" width=\"1029\">\n<tbody>\n<tr style=\"height: 32px;\">\n<td style=\"text-align: center; height: 32px;\"><a href=\"http:\/\/agora.xtec.cat\/coldivinaprovidencia\/docs\/menu-de-setembre-2017\/\">Men\u00fa del mes de setembre<\/a><\/td>\n<td style=\"text-align: center; height: 32px;\"><a href=\"http:\/\/agora.xtec.cat\/coldivinaprovidencia\/docs\/menu-febrer-2018\/\">Men\u00fa del mes de febrer<\/a><\/td>\n<\/tr>\n<tr style=\"height: 32px;\">\n<td style=\"text-align: center; height: 32px;\"><a href=\"http:\/\/agora.xtec.cat\/coldivinaprovidencia\/docs\/menu-octubre\/\">Men\u00fa del mes d&#8217;octubre<\/a><\/td>\n<td style=\"text-align: center; height: 32px;\"><a href=\"http:\/\/agora.xtec.cat\/coldivinaprovidencia\/docs\/menu-de-marc\/\">Men\u00fa del mes de mar\u00e7<\/a><\/td>\n<\/tr>\n<tr style=\"height: 32px;\">\n<td style=\"text-align: center; height: 32px;\"><a href=\"http:\/\/agora.xtec.cat\/coldivinaprovidencia\/docs\/menjador-novembre\/\">Men\u00fa del mes de novembre<\/a><\/td>\n<td style=\"text-align: center; height: 32px;\"><a href=\"http:\/\/agora.xtec.cat\/coldivinaprovidencia\/docs\/menu-mes-dabril\/\">Men\u00fa del mes d&#8217;abril<\/a><\/td>\n<\/tr>\n<tr style=\"height: 32px;\">\n<td style=\"text-align: center; height: 32px;\"><a href=\"http:\/\/agora.xtec.cat\/coldivinaprovidencia\/docs\/menjador-desembre\/\">Men\u00fa del mes de desembre<\/a><\/td>\n<td style=\"text-align: center; height: 32px;\"><a href=\"http:\/\/agora.xtec.cat\/coldivinaprovidencia\/docs\/menu-mes-maig\/\">Men\u00fa del mes de maig<\/a><\/td>\n<\/tr>\n<tr style=\"height: 32px;\">\n<td style=\"text-align: center; height: 32px;\"><a href=\"http:\/\/agora.xtec.cat\/coldivinaprovidencia\/docs\/menu-gener-2018\/\">Men\u00fa del mes de gener<\/a><\/td>\n<td style=\"text-align: center; height: 32px;\"><a href=\"http:\/\/agora.xtec.cat\/coldivinaprovidencia\/docs\/menu-del-mes-de-juny\/\">Men\u00fa del mes de juny<\/a><\/td>\n<\/tr>\n<\/tbody>\n<\/table>\n<p style=\"text-align: center;\"><em>*Els alumnes que necessiten fer dieta o r\u00e8gim especial ho comuniquen amb una nota escrita dels pares o b\u00e9 telefonant al centre.\u00a0<\/em><\/p>\n<p style=\"text-align: center;\"><em>Es pret\u00e9n que el servei de menjador esdevingui una activitat formativa m\u00e9s del centre i tamb\u00e9 de qualitat.<\/em><\/p>\n","protected":false},"excerpt":{"rendered":"<p>El col\u00b7legi\u00a0disposa de menjador amb cuina pr\u00f2pia.<br \/>\nEl servei el formen la cuinera que \u00e9s una religiosa i un equip de set professors que s\u00f3n els responsables de fomentar els h\u00e0bits d\u2019alimentaci\u00f3 i higiene saludables, aix\u00ed com vetllar pel bon comportament de l\u2019alumnat durant l\u2019estona que&hellip;  <a href=\"https:\/\/agora.xtec.cat\/coldivinaprovidencia\/serveis\/menjador-escolar\/\" title=\"Read Menjador escolar\">Llegeix m\u00e9s\u00bb<\/a><\/p>\n","protected":false},"author":1,"featured_media":0,"parent":66,"menu_order":30,"comment_status":"closed","ping_status":"closed","template":"page-templates\/side-menu.php","meta":{"_bbp_topic_count":0,"_bbp_reply_count":0,"_bbp_total_topic_count":0,"_bbp_total_reply_count":0,"_bbp_voice_count":0,"_bbp_anonymous_reply_count":0,"_bbp_topic_count_hidden":0,"_bbp_reply_count_hidden":0,"_bbp_forum_subforum_count":0,"footnotes":""},"class_list":["post-73","page","type-page","status-publish","hentry"],"post_mailing_queue_ids":[],"_links":{"self":[{"href":"https:\/\/agora.xtec.cat\/coldivinaprovidencia\/wp-json\/wp\/v2\/pages\/73","targetHints":{"allow":["GET"]}}],"collection":[{"href":"https:\/\/agora.xtec.cat\/coldivinaprovidencia\/wp-json\/wp\/v2\/pages"}],"about":[{"href":"https:\/\/agora.xtec.cat\/coldivinaprovidencia\/wp-json\/wp\/v2\/types\/page"}],"author":[{"embeddable":true,"href":"https:\/\/agora.xtec.cat\/coldivinaprovidencia\/wp-json\/wp\/v2\/users\/1"}],"replies":[{"embeddable":true,"href":"https:\/\/agora.xtec.cat\/coldivinaprovidencia\/wp-json\/wp\/v2\/comments?post=73"}],"version-history":[{"count":4,"href":"https:\/\/agora.xtec.cat\/coldivinaprovidencia\/wp-json\/wp\/v2\/pages\/73\/revisions"}],"predecessor-version":[{"id":4428,"href":"https:\/\/agora.xtec.cat\/coldivinaprovidencia\/wp-json\/wp\/v2\/pages\/73\/revisions\/4428"}],"up":[{"embeddable":true,"href":"https:\/\/agora.xtec.cat\/coldivinaprovidencia\/wp-json\/wp\/v2\/pages\/66"}],"wp:attachment":[{"href":"https:\/\/agora.xtec.cat\/coldivinaprovidencia\/wp-json\/wp\/v2\/media?parent=73"}],"curies":[{"name":"wp","href":"https:\/\/api.w.org\/{rel}","templated":true}]}}

<p style="text-align: left;">El col·legi disposa de menjador amb <strong>cuina pròpia</strong>.<br />
El servei el formen la cuinera que és una religiosa i un equip de set professors que són els responsables de fomentar els hàbits d’alimentació i higiene saludables, així com vetllar pel bon comportament de l’alumnat durant l’estona que funciona el servei.</p>
<p style="text-align: center;">Es lliuren fulls mensuals del menú, <strong>revisats pel servei de Salut de l’Ajuntament de Vilanova</strong>.</p>
<table style="height: 167px;" width="1029">
<tbody>
<tr style="height: 32px;">
<td style="text-align: center; height: 32px;"><a href="http://agora.xtec.cat/coldivinaprovidencia/docs/menu-de-setembre-2017/">Menú del mes de setembre</a></td>
<td style="text-align: center; height: 32px;"><a href="http://agora.xtec.cat/coldivinaprovidencia/docs/menu-febrer-2018/">Menú del mes de febrer</a></td>
</tr>
<tr style="height: 32px;">
<td style="text-align: center; height: 32px;"><a href="http://agora.xtec.cat/coldivinaprovidencia/docs/menu-octubre/">Menú del mes d&#8217;octubre</a></td>
<td style="text-align: center; height: 32px;"><a href="http://agora.xtec.cat/coldivinaprovidencia/docs/menu-de-marc/">Menú del mes de març</a></td>
</tr>
<tr style="height: 32px;">
<td style="text-align: center; height: 32px;"><a href="http://agora.xtec.cat/coldivinaprovidencia/docs/menjador-novembre/">Menú del mes de novembre</a></td>
<td style="text-align: center; height: 32px;"><a href="http://agora.xtec.cat/coldivinaprovidencia/docs/menu-mes-dabril/">Menú del mes d&#8217;abril</a></td>
</tr>
<tr style="height: 32px;">
<td style="text-align: center; height: 32px;"><a href="http://agora.xtec.cat/coldivinaprovidencia/docs/menjador-desembre/">Menú del mes de desembre</a></td>
<td style="text-align: center; height: 32px;"><a href="http://agora.xtec.cat/coldivinaprovidencia/docs/menu-mes-maig/">Menú del mes de maig</a></td>
</tr>
<tr style="height: 32px;">
<td style="text-align: center; height: 32px;"><a href="http://agora.xtec.cat/coldivinaprovidencia/docs/menu-gener-2018/">Menú del mes de gener</a></td>
<td style="text-align: center; height: 32px;"><a href="http://agora.xtec.cat/coldivinaprovidencia/docs/menu-del-mes-de-juny/">Menú del mes de juny</a></td>
</tr>
</tbody>
</table>
<p style="text-align: center;"><em>*Els alumnes que necessiten fer dieta o règim especial ho comuniquen amb una nota escrita dels pares o bé telefonant al centre. </em></p>
<p style="text-align: center;"><em>Es pretén que el servei de menjador esdevingui una activitat formativa més del centre i també de qualitat.</em></p>

<p>El col·legi disposa de menjador amb cuina pròpia.<br />
El servei el formen la cuinera que és una religiosa i un equip de set professors que són els responsables de fomentar els hàbits d’alimentació i higiene saludables, així com vetllar pel bon comportament de l’alumnat durant l’estona que&hellip;  <a href="https://agora.xtec.cat/coldivinaprovidencia/serveis/menjador-escolar/" title="Read Menjador escolar">Llegeix més»</a></p>
