{"id":457,"date":"2016-04-04T14:20:27","date_gmt":"2016-04-04T13:20:27","guid":{"rendered":"http:\/\/agora.xtec.cat\/coldivinaprovidencia\/?page_id=457"},"modified":"2016-04-05T15:45:45","modified_gmt":"2016-04-05T14:45:45","slug":"projecte-educatiu","status":"publish","type":"page","link":"https:\/\/agora.xtec.cat\/coldivinaprovidencia\/lescola\/projecte-educatiu\/","title":{"rendered":"Projecte educatiu"},"content":{"rendered":"<p>Entenem que l&#8217;educaci\u00f3 consisteix en el desenvolupament natural, progressiu i sistem\u00e0tic de totes les capacitats dels alumnes, en ordre a la construcci\u00f3 de la pr\u00f2pia personalitat en el marc de l&#8217;educaci\u00f3 cristiana.<\/p>\n<p><strong>El col\u00b7legi t\u00e9 com a objectius prioritaris:<\/strong><br \/>\n&#8211; La formaci\u00f3 integral i permanent, per assolir la maduresa emocional i l\u2019equilibri personal de l&#8217;alumne\/a.<br \/>\n&#8211; Una educaci\u00f3 personalitzada per potenciar els valors morals, socials i democr\u00e0tics que facin dels nostres alumnes ciutadans integrats a la societat actual i amb esperit cr\u00edtic. Acompanyament personalitzat mitjan\u00e7ant tutories individuals.<br \/>\n&#8211; Promoure el respecte per la diversitat, la conviv\u00e8ncia, l&#8217;equitat, la toler\u00e0ncia, les minories, la pau, &#8230;<br \/>\n&#8211; Estimular la relaci\u00f3 fam\u00edlia-escola<br \/>\n&#8211; Facilitar coneixement i estimaci\u00f3 del patrimoni cultural catal\u00e0, tamb\u00e9 sentit de pertinen\u00e7a i arrelament al pa\u00eds.<br \/>\n&#8211; Crear consci\u00e8ncia de la import\u00e0ncia de con\u00e8ixer, respectar i conservar el medi ambient.<br \/>\n&#8211; Desenvolupar h\u00e0bits de treball individual i d&#8217;equip, d&#8217;esfor\u00e7 i responsabilitat en l&#8217;estudi.<br \/>\n&#8211; Adquirir habilitats per la prevenci\u00f3 i soluci\u00f3 de conflictes que els permeti desenvolupar-se en tots els \u00e0mbits.<br \/>\n&#8211; Adquirir les habilitats necess\u00e0ries per tal que els alumnes entenguin i s&#8217;expressin en llengua anglesa.<br \/>\n&#8211; Adquirir una formaci\u00f3 acad\u00e8mica adient als moments actuals, realista, actualitzada, pr\u00e0ctica, innovadora i atenta a les necessitats espec\u00edfiques i a la situaci\u00f3 de cada alumne\/a. Tamb\u00e9 actituds de confian\u00e7a i iniciativa.<\/p>\n","protected":false},"excerpt":{"rendered":"<p>Entenem que l&#8217;educaci\u00f3 consisteix en el desenvolupament natural, progressiu i sistem\u00e0tic de totes les capacitats dels alumnes, en ordre a la construcci\u00f3 de la pr\u00f2pia personalitat en el marc de l&#8217;educaci\u00f3 cristiana.<br \/>\nEl col\u00b7legi t\u00e9 com a objectius prioritaris:<br \/>\n&#8211; La formaci\u00f3 integral i permanent, per assolir&hellip;  <a href=\"https:\/\/agora.xtec.cat\/coldivinaprovidencia\/lescola\/projecte-educatiu\/\" title=\"Read Projecte educatiu\">Llegeix m\u00e9s\u00bb<\/a><\/p>\n","protected":false},"author":1,"featured_media":0,"parent":22,"menu_order":30,"comment_status":"closed","ping_status":"closed","template":"page-templates\/side-menu.php","meta":{"_bbp_topic_count":0,"_bbp_reply_count":0,"_bbp_total_topic_count":0,"_bbp_total_reply_count":0,"_bbp_voice_count":0,"_bbp_anonymous_reply_count":0,"_bbp_topic_count_hidden":0,"_bbp_reply_count_hidden":0,"_bbp_forum_subforum_count":0,"footnotes":""},"class_list":["post-457","page","type-page","status-publish","hentry"],"post_mailing_queue_ids":[],"_links":{"self":[{"href":"https:\/\/agora.xtec.cat\/coldivinaprovidencia\/wp-json\/wp\/v2\/pages\/457","targetHints":{"allow":["GET"]}}],"collection":[{"href":"https:\/\/agora.xtec.cat\/coldivinaprovidencia\/wp-json\/wp\/v2\/pages"}],"about":[{"href":"https:\/\/agora.xtec.cat\/coldivinaprovidencia\/wp-json\/wp\/v2\/types\/page"}],"author":[{"embeddable":true,"href":"https:\/\/agora.xtec.cat\/coldivinaprovidencia\/wp-json\/wp\/v2\/users\/1"}],"replies":[{"embeddable":true,"href":"https:\/\/agora.xtec.cat\/coldivinaprovidencia\/wp-json\/wp\/v2\/comments?post=457"}],"version-history":[{"count":2,"href":"https:\/\/agora.xtec.cat\/coldivinaprovidencia\/wp-json\/wp\/v2\/pages\/457\/revisions"}],"predecessor-version":[{"id":541,"href":"https:\/\/agora.xtec.cat\/coldivinaprovidencia\/wp-json\/wp\/v2\/pages\/457\/revisions\/541"}],"up":[{"embeddable":true,"href":"https:\/\/agora.xtec.cat\/coldivinaprovidencia\/wp-json\/wp\/v2\/pages\/22"}],"wp:attachment":[{"href":"https:\/\/agora.xtec.cat\/coldivinaprovidencia\/wp-json\/wp\/v2\/media?parent=457"}],"curies":[{"name":"wp","href":"https:\/\/api.w.org\/{rel}","templated":true}]}}

<p>Entenem que l&#8217;educació consisteix en el desenvolupament natural, progressiu i sistemàtic de totes les capacitats dels alumnes, en ordre a la construcció de la pròpia personalitat en el marc de l&#8217;educació cristiana.</p>
<p><strong>El col·legi té com a objectius prioritaris:</strong><br />
&#8211; La formació integral i permanent, per assolir la maduresa emocional i l’equilibri personal de l&#8217;alumne/a.<br />
&#8211; Una educació personalitzada per potenciar els valors morals, socials i democràtics que facin dels nostres alumnes ciutadans integrats a la societat actual i amb esperit crític. Acompanyament personalitzat mitjançant tutories individuals.<br />
&#8211; Promoure el respecte per la diversitat, la convivència, l&#8217;equitat, la tolerància, les minories, la pau, &#8230;<br />
&#8211; Estimular la relació família-escola<br />
&#8211; Facilitar coneixement i estimació del patrimoni cultural català, també sentit de pertinença i arrelament al país.<br />
&#8211; Crear consciència de la importància de conèixer, respectar i conservar el medi ambient.<br />
&#8211; Desenvolupar hàbits de treball individual i d&#8217;equip, d&#8217;esforç i responsabilitat en l&#8217;estudi.<br />
&#8211; Adquirir habilitats per la prevenció i solució de conflictes que els permeti desenvolupar-se en tots els àmbits.<br />
&#8211; Adquirir les habilitats necessàries per tal que els alumnes entenguin i s&#8217;expressin en llengua anglesa.<br />
&#8211; Adquirir una formació acadèmica adient als moments actuals, realista, actualitzada, pràctica, innovadora i atenta a les necessitats específiques i a la situació de cada alumne/a. També actituds de confiança i iniciativa.</p>

<p>Entenem que l&#8217;educació consisteix en el desenvolupament natural, progressiu i sistemàtic de totes les capacitats dels alumnes, en ordre a la construcció de la pròpia personalitat en el marc de l&#8217;educació cristiana.<br />
El col·legi té com a objectius prioritaris:<br />
&#8211; La formació integral i permanent, per assolir&hellip;  <a href="https://agora.xtec.cat/coldivinaprovidencia/lescola/projecte-educatiu/" title="Read Projecte educatiu">Llegeix més»</a></p>
