{"id":32,"date":"2014-09-18T12:31:33","date_gmt":"2014-09-18T11:31:33","guid":{"rendered":"http:\/\/agora.xtec.cat\/coldivinaprovidencia\/?page_id=32"},"modified":"2017-10-02T12:16:12","modified_gmt":"2017-10-02T10:16:12","slug":"calendari-del-curs","status":"publish","type":"page","link":"https:\/\/agora.xtec.cat\/coldivinaprovidencia\/lescola\/calendari-del-curs\/","title":{"rendered":"Calendari del curs"},"content":{"rendered":"<p><strong>CALENDARI CURS ESCOLAR 2017\/18<\/strong><\/p>\n<p><strong>SETEMBRE<\/strong><\/p>\n<p>Dia 12, INICI classes E.I.- E.P.- E.S.O. mat\u00ed i tarda<\/p>\n<p>Reunions de pares E.I. &#8211; E.P. &#8211; E.S.O.<\/p>\n<p>&nbsp;<\/p>\n<p><strong><em>OCTUBRE\u00a0<\/em><\/strong><\/p>\n<p>Dia 4, Festa de sant Francesc: Celebraci\u00f3 de la Paraula<\/p>\n<p><strong><em><u>Primer dia obligatori de portar uniforme<\/u><\/em><\/strong><\/p>\n<p>Dia 12, NO LECTIU (festa estatal)<\/p>\n<p>Dia 13, NO LECTIU (lliure disposici\u00f3)<\/p>\n<p>Dia 31, festa de la castanyada<\/p>\n<p><strong>\u00a0<\/strong><\/p>\n<p><strong><em>NOVEMBRE<\/em><\/strong><\/p>\n<p>Dia 1, NO LECTIU (Tots Sants)<\/p>\n<p>FIRA: Visita al recinte firal E. I.<\/p>\n<p><em>\u00a0<\/em><\/p>\n<p><strong><em>DESEMBRE<\/em><\/strong><\/p>\n<p>Dia 6, NO LECTIU (festa estatal)<\/p>\n<p>Dia 7, NO LECTIU (festa lliure disposici\u00f3)<\/p>\n<p>Dia 8, NO LECTIU (Dia de la Immaculada Concepci\u00f3)<\/p>\n<p>Dia 22, celebraci\u00f3 del Nadal<\/p>\n<p>Dia 22, entrega informes\/notes 1a avaluaci\u00f3<\/p>\n<p><strong><em>INICI vacances de Nadal<\/em><\/strong><\/p>\n<p>&nbsp;<\/p>\n<p><strong><em>GENER<\/em><\/strong><em>\u00a0 <\/em><\/p>\n<p>Dia 8, tornem de les vacances de Nadal<\/p>\n<p>Dia 17, NO LECTIU (Sant Antoni Abat)<\/p>\n<p>&nbsp;<\/p>\n<p>&nbsp;<\/p>\n<p><strong><em>FEBRER<\/em><\/strong><\/p>\n<p>Dia 2, celebraci\u00f3 de la Candelera<\/p>\n<p>Dia 9, celebraci\u00f3 del carnaval a l\u2019escola<\/p>\n<p>Dia 12, NO LECTIU (festa local)<\/p>\n<p>Dia 14, Dimecres de Cendra (comen\u00e7a la Quaresma)<\/p>\n<p>&nbsp;<\/p>\n<p>&nbsp;<\/p>\n<p><strong>MAR\u00c7<\/strong><\/p>\n<p>Dia 23, entrega notes\/informes 2a Avaluaci\u00f3<\/p>\n<p>Dies 24 al 2 d\u2019abril, <strong>vacances Setmana Santa<\/strong><\/p>\n<p><em>\u00a0<\/em><\/p>\n<p><strong><em>ABRIL<\/em><\/strong><em>\u00a0 <\/em><\/p>\n<p>Dia 3, tornem de les vacances de Setmana Santa<\/p>\n<p>Del 18 al 21, Setmana Cultural<\/p>\n<p>Dia 23, Jocs Florals (per la tarda)<\/p>\n<p>Dia 30, NO LECTIU (festa lliure disposici\u00f3)<\/p>\n<p>&nbsp;<\/p>\n<p><strong><em>MAIG\u00a0\u00a0\u00a0\u00a0\u00a0 <\/em><\/strong><\/p>\n<p>&#8211; Dia 1, NO LECTIU (festa estatal)<\/p>\n<p>&#8211; Dia 24, Celebraci\u00f3 de la Mare de D\u00e9u de la Divina Provid\u00e8ncia<\/p>\n<p><strong><em><u>\u00daltim dia obligatori de portar l&#8217;uniforme<\/u><\/em><\/strong><\/p>\n<p>&nbsp;<\/p>\n<p><strong><em>JUNY <\/em><\/strong><\/p>\n<p>Dies 6, 7 i 8, col\u00f2nies CM i CS<\/p>\n<p>Dies 7 i 8, col\u00f2nies Infantil<\/p>\n<p>Dia 11, comen\u00e7a la jornada intensiva per tota l\u2019escola<\/p>\n<p>Dia 12, graduaci\u00f3 Infantil 5 anys<\/p>\n<p>Dia 22, Festa \u201cFi de curs\u201d<\/p>\n<p>Entrega informes\/notes 3a av (Infantil i Prim\u00e0ria)<\/p>\n<p>Graduaci\u00f3 4t d\u2019ESO<\/p>\n<p><strong>INICI vacances d\u2019estiu<\/strong><\/p>\n<p>Notes ESO (a concretar)<\/p>\n","protected":false},"excerpt":{"rendered":"<p>CALENDARI CURS ESCOLAR 2017\/18<br \/>\nSETEMBRE<br \/>\nDia 12, INICI classes E.I.- E.P.- E.S.O. mat\u00ed i tarda<br \/>\nReunions de pares E.I. &#8211; E.P. &#8211; E.S.O.<br \/>\n&nbsp;<br \/>\nOCTUBRE\u00a0<br \/>\nDia 4, Festa de sant Francesc: Celebraci\u00f3 de la Paraula<br \/>\nPrimer dia obligatori de portar uniforme<br \/>\nDia 12, NO LECTIU (festa estatal)<br \/>\nDia 13, NO LECTIU (lliure disposici\u00f3)<br \/>\nDia 31,&hellip;  <a href=\"https:\/\/agora.xtec.cat\/coldivinaprovidencia\/lescola\/calendari-del-curs\/\" title=\"Read Calendari del curs\">Llegeix m\u00e9s\u00bb<\/a><\/p>\n","protected":false},"author":1,"featured_media":0,"parent":22,"menu_order":60,"comment_status":"closed","ping_status":"closed","template":"page-templates\/side-menu.php","meta":{"_bbp_topic_count":0,"_bbp_reply_count":0,"_bbp_total_topic_count":0,"_bbp_total_reply_count":0,"_bbp_voice_count":0,"_bbp_anonymous_reply_count":0,"_bbp_topic_count_hidden":0,"_bbp_reply_count_hidden":0,"_bbp_forum_subforum_count":0,"footnotes":""},"class_list":["post-32","page","type-page","status-publish","hentry"],"post_mailing_queue_ids":[],"_links":{"self":[{"href":"https:\/\/agora.xtec.cat\/coldivinaprovidencia\/wp-json\/wp\/v2\/pages\/32","targetHints":{"allow":["GET"]}}],"collection":[{"href":"https:\/\/agora.xtec.cat\/coldivinaprovidencia\/wp-json\/wp\/v2\/pages"}],"about":[{"href":"https:\/\/agora.xtec.cat\/coldivinaprovidencia\/wp-json\/wp\/v2\/types\/page"}],"author":[{"embeddable":true,"href":"https:\/\/agora.xtec.cat\/coldivinaprovidencia\/wp-json\/wp\/v2\/users\/1"}],"replies":[{"embeddable":true,"href":"https:\/\/agora.xtec.cat\/coldivinaprovidencia\/wp-json\/wp\/v2\/comments?post=32"}],"version-history":[{"count":3,"href":"https:\/\/agora.xtec.cat\/coldivinaprovidencia\/wp-json\/wp\/v2\/pages\/32\/revisions"}],"predecessor-version":[{"id":4084,"href":"https:\/\/agora.xtec.cat\/coldivinaprovidencia\/wp-json\/wp\/v2\/pages\/32\/revisions\/4084"}],"up":[{"embeddable":true,"href":"https:\/\/agora.xtec.cat\/coldivinaprovidencia\/wp-json\/wp\/v2\/pages\/22"}],"wp:attachment":[{"href":"https:\/\/agora.xtec.cat\/coldivinaprovidencia\/wp-json\/wp\/v2\/media?parent=32"}],"curies":[{"name":"wp","href":"https:\/\/api.w.org\/{rel}","templated":true}]}}

<p><strong>CALENDARI CURS ESCOLAR 2017/18</strong></p>
<p><strong>SETEMBRE</strong></p>
<p>Dia 12, INICI classes E.I.- E.P.- E.S.O. matí i tarda</p>
<p>Reunions de pares E.I. &#8211; E.P. &#8211; E.S.O.</p>
<p>&nbsp;</p>
<p><strong><em>OCTUBRE </em></strong></p>
<p>Dia 4, Festa de sant Francesc: Celebració de la Paraula</p>
<p><strong><em><u>Primer dia obligatori de portar uniforme</u></em></strong></p>
<p>Dia 12, NO LECTIU (festa estatal)</p>
<p>Dia 13, NO LECTIU (lliure disposició)</p>
<p>Dia 31, festa de la castanyada</p>
<p><strong> </strong></p>
<p><strong><em>NOVEMBRE</em></strong></p>
<p>Dia 1, NO LECTIU (Tots Sants)</p>
<p>FIRA: Visita al recinte firal E. I.</p>
<p><em> </em></p>
<p><strong><em>DESEMBRE</em></strong></p>
<p>Dia 6, NO LECTIU (festa estatal)</p>
<p>Dia 7, NO LECTIU (festa lliure disposició)</p>
<p>Dia 8, NO LECTIU (Dia de la Immaculada Concepció)</p>
<p>Dia 22, celebració del Nadal</p>
<p>Dia 22, entrega informes/notes 1a avaluació</p>
<p><strong><em>INICI vacances de Nadal</em></strong></p>
<p>&nbsp;</p>
<p><strong><em>GENER</em></strong><em>  </em></p>
<p>Dia 8, tornem de les vacances de Nadal</p>
<p>Dia 17, NO LECTIU (Sant Antoni Abat)</p>
<p>&nbsp;</p>
<p>&nbsp;</p>
<p><strong><em>FEBRER</em></strong></p>
<p>Dia 2, celebració de la Candelera</p>
<p>Dia 9, celebració del carnaval a l’escola</p>
<p>Dia 12, NO LECTIU (festa local)</p>
<p>Dia 14, Dimecres de Cendra (comença la Quaresma)</p>
<p>&nbsp;</p>
<p>&nbsp;</p>
<p><strong>MARÇ</strong></p>
<p>Dia 23, entrega notes/informes 2a Avaluació</p>
<p>Dies 24 al 2 d’abril, <strong>vacances Setmana Santa</strong></p>
<p><em> </em></p>
<p><strong><em>ABRIL</em></strong><em>  </em></p>
<p>Dia 3, tornem de les vacances de Setmana Santa</p>
<p>Del 18 al 21, Setmana Cultural</p>
<p>Dia 23, Jocs Florals (per la tarda)</p>
<p>Dia 30, NO LECTIU (festa lliure disposició)</p>
<p>&nbsp;</p>
<p><strong><em>MAIG      </em></strong></p>
<p>&#8211; Dia 1, NO LECTIU (festa estatal)</p>
<p>&#8211; Dia 24, Celebració de la Mare de Déu de la Divina Providència</p>
<p><strong><em><u>Últim dia obligatori de portar l&#8217;uniforme</u></em></strong></p>
<p>&nbsp;</p>
<p><strong><em>JUNY </em></strong></p>
<p>Dies 6, 7 i 8, colònies CM i CS</p>
<p>Dies 7 i 8, colònies Infantil</p>
<p>Dia 11, comença la jornada intensiva per tota l’escola</p>
<p>Dia 12, graduació Infantil 5 anys</p>
<p>Dia 22, Festa “Fi de curs”</p>
<p>Entrega informes/notes 3a av (Infantil i Primària)</p>
<p>Graduació 4t d’ESO</p>
<p><strong>INICI vacances d’estiu</strong></p>
<p>Notes ESO (a concretar)</p>

<p>CALENDARI CURS ESCOLAR 2017/18<br />
SETEMBRE<br />
Dia 12, INICI classes E.I.- E.P.- E.S.O. matí i tarda<br />
Reunions de pares E.I. &#8211; E.P. &#8211; E.S.O.<br />
&nbsp;<br />
OCTUBRE <br />
Dia 4, Festa de sant Francesc: Celebració de la Paraula<br />
Primer dia obligatori de portar uniforme<br />
Dia 12, NO LECTIU (festa estatal)<br />
Dia 13, NO LECTIU (lliure disposició)<br />
Dia 31,&hellip;  <a href="https://agora.xtec.cat/coldivinaprovidencia/lescola/calendari-del-curs/" title="Read Calendari del curs">Llegeix més»</a></p>
