{"id":26,"date":"2014-09-18T12:24:32","date_gmt":"2014-09-18T11:24:32","guid":{"rendered":"http:\/\/agora.xtec.cat\/coldivinaprovidencia\/?page_id=26"},"modified":"2016-03-30T11:04:26","modified_gmt":"2016-03-30T10:04:26","slug":"historia","status":"publish","type":"page","link":"https:\/\/agora.xtec.cat\/coldivinaprovidencia\/lescola\/historia\/","title":{"rendered":"Hist\u00f2ria"},"content":{"rendered":"<p><strong>M\u00e9s de 150 anys de la Provid\u00e8ncia a Vilanova<\/strong><\/p>\n<p>Fa m\u00e9s de 150 anys, un 16 de novembre de 1858, que a les tres del mat\u00ed, sortien amb dues tartanes del convent de Gr\u00e0cia de Barcelona dotze monges clarisses de la Mare de D\u00e9u de la Divina Provid\u00e8ncia i arribaven a la nostra ciutat de Vilanova i La Geltr\u00fa. El motiu era per fer-se c\u00e0rrec d\u2019un nou monestir que, l\u2019any seg\u00fcent, el 1859, obri\u00adria una escola gratu\u00efta per a nenes de fam\u00edlies pobres.<\/p>\n<p>Aquesta \u00e9s la not\u00edcia dels historiadors, per\u00f2 si aprofundim m\u00e9s en aquella efem\u00e8ride, la copsarem curulla de fe, de realitats fermes i no de llegendes superficials&#8230; Al costat d\u2019un monestir contemplatiu de preg\u00e0ria, va n\u00e9ixer i cr\u00e9ixer una escola per infants, que s\u00f3n els predilectes de Jes\u00fas.      <\/p>\n<p>L\u2019institut de monges clarisses de la Divina Provid\u00e8ncia havia estat fundat a Barcelona l\u2019any 1849 per sor Teresa Arguyol i Fontseca, una santa dona; de car\u00e0cter ferm i de provada austeritat, per\u00f2 tamb\u00e9 enamorada de l\u2019Evangeli de Jes\u00fas i molt afectuosa amb els infants&#8230;<\/p>\n<p>Despr\u00e9s de v\u00e8ncer nombroses dificultats, sor Teresa obtingu\u00e9 el perm\u00eds verbal del papa Pius IX per fundar una nova modalitat de les ja conegudes religioses clarisses-franciscanes. Una de les dificultats provenia del govern laic d\u2019aquell temps que no reconeixia la pres\u00e8ncia de cap monestir de vida contemplativa, si les monges no es lliuraven a una obra social.   Els convents que no es dedicaven a una obra ben\u00e8fica, serien i foren tancats per ordre governativa&#8230;<\/p>\n<p>Sor Teresa, la fundadora, accept\u00e0 aquestes condicions, imposades per l\u2019administraci\u00f3 p\u00fablica i es fundaren monestirs a diferents indrets de Catalunya, entre ells el de Vilanova.  <\/p>\n<p>Passat el temps, els monestirs van poder eximir-se de l\u2019obligaci\u00f3 de dur a terme una obra social&#8230; Aix\u00ed ho feren molts convents fe\u00admenins que passaren de nou a una vida d\u2019estricte clausura&#8230;  Els de la Divina Provid\u00e8ncia, per\u00f2, no ho feren&#8230;, sin\u00f3 que volgueren continuar amb l\u2019escola gratu\u00efta per a infants que corrien i vagaven pels carrers mentre els seus pares eren a treballar; una obra social que sempre s\u2019ha agra\u00eft a les monges de la Provid\u00e8ncia.   <\/p>\n<p>No ha mancat en la hist\u00f2ria penes, lluites, guerres civils i dificultats de tota mena, per\u00f2 aquest monestir i llur escola s\u2019han mantingut \u00edntegres fins avui. El ve\u00efnat coneix i estima  les monges i el col\u00b7legi de la Divina Provid\u00e8ncia. <\/p>\n<p>Cal dir, per\u00f2, que en aquests darrers temps la tasca d\u2019ensenyament  reclama unes exig\u00e8ncies i normativa no f\u00e0cil d\u2019aplicar. Els canvis socials i pol\u00edtics, aix\u00ed com les diverses situacions internes dels ordes religiosos -com s\u00f3n la manca de vocacions- han necessitat un ajut de professorat seglar.<\/p>\n<p>Aquesta \u00e9s la hist\u00f2ria, no d\u2019un home, ni d\u2019un poble&#8230;, \u00e9s la hist\u00f2ria apretada del  nostre (i vostre) col\u00b7legi de la Provid\u00e8ncia que, juntament amb el monestir \u2013pres\u00e8ncia contemplativa de preg\u00e0ria-, ja t\u00e9 m\u00e9s de 150 anys.<\/p>\n","protected":false},"excerpt":{"rendered":"<p>M\u00e9s de 150 anys de la Provid\u00e8ncia a Vilanova<br \/>\nFa m\u00e9s de 150 anys, un 16 de novembre de 1858, que a les tres del mat\u00ed, sortien amb dues tartanes del convent de Gr\u00e0cia de Barcelona dotze monges clarisses de la Mare de D\u00e9u de la&hellip;  <a href=\"https:\/\/agora.xtec.cat\/coldivinaprovidencia\/lescola\/historia\/\" title=\"Read Hist\u00f2ria\">Llegeix m\u00e9s\u00bb<\/a><\/p>\n","protected":false},"author":1,"featured_media":0,"parent":22,"menu_order":20,"comment_status":"closed","ping_status":"closed","template":"page-templates\/side-menu.php","meta":{"_bbp_topic_count":0,"_bbp_reply_count":0,"_bbp_total_topic_count":0,"_bbp_total_reply_count":0,"_bbp_voice_count":0,"_bbp_anonymous_reply_count":0,"_bbp_topic_count_hidden":0,"_bbp_reply_count_hidden":0,"_bbp_forum_subforum_count":0,"footnotes":""},"class_list":["post-26","page","type-page","status-publish","hentry"],"post_mailing_queue_ids":[],"_links":{"self":[{"href":"https:\/\/agora.xtec.cat\/coldivinaprovidencia\/wp-json\/wp\/v2\/pages\/26","targetHints":{"allow":["GET"]}}],"collection":[{"href":"https:\/\/agora.xtec.cat\/coldivinaprovidencia\/wp-json\/wp\/v2\/pages"}],"about":[{"href":"https:\/\/agora.xtec.cat\/coldivinaprovidencia\/wp-json\/wp\/v2\/types\/page"}],"author":[{"embeddable":true,"href":"https:\/\/agora.xtec.cat\/coldivinaprovidencia\/wp-json\/wp\/v2\/users\/1"}],"replies":[{"embeddable":true,"href":"https:\/\/agora.xtec.cat\/coldivinaprovidencia\/wp-json\/wp\/v2\/comments?post=26"}],"version-history":[{"count":2,"href":"https:\/\/agora.xtec.cat\/coldivinaprovidencia\/wp-json\/wp\/v2\/pages\/26\/revisions"}],"predecessor-version":[{"id":443,"href":"https:\/\/agora.xtec.cat\/coldivinaprovidencia\/wp-json\/wp\/v2\/pages\/26\/revisions\/443"}],"up":[{"embeddable":true,"href":"https:\/\/agora.xtec.cat\/coldivinaprovidencia\/wp-json\/wp\/v2\/pages\/22"}],"wp:attachment":[{"href":"https:\/\/agora.xtec.cat\/coldivinaprovidencia\/wp-json\/wp\/v2\/media?parent=26"}],"curies":[{"name":"wp","href":"https:\/\/api.w.org\/{rel}","templated":true}]}}

Història

<p><strong>Més de 150 anys de la Providència a Vilanova</strong></p>
<p>Fa més de 150 anys, un 16 de novembre de 1858, que a les tres del matí, sortien amb dues tartanes del convent de Gràcia de Barcelona dotze monges clarisses de la Mare de Déu de la Divina Providència i arribaven a la nostra ciutat de Vilanova i La Geltrú. El motiu era per fer-se càrrec d’un nou monestir que, l’any següent, el 1859, obri­ria una escola gratuïta per a nenes de famílies pobres.</p>
<p>Aquesta és la notícia dels historiadors, però si aprofundim més en aquella efemèride, la copsarem curulla de fe, de realitats fermes i no de llegendes superficials&#8230; Al costat d’un monestir contemplatiu de pregària, va néixer i créixer una escola per infants, que són els predilectes de Jesús.      </p>
<p>L’institut de monges clarisses de la Divina Providència havia estat fundat a Barcelona l’any 1849 per sor Teresa Arguyol i Fontseca, una santa dona; de caràcter ferm i de provada austeritat, però també enamorada de l’Evangeli de Jesús i molt afectuosa amb els infants&#8230;</p>
<p>Després de vèncer nombroses dificultats, sor Teresa obtingué el permís verbal del papa Pius IX per fundar una nova modalitat de les ja conegudes religioses clarisses-franciscanes. Una de les dificultats provenia del govern laic d’aquell temps que no reconeixia la presència de cap monestir de vida contemplativa, si les monges no es lliuraven a una obra social.   Els convents que no es dedicaven a una obra benèfica, serien i foren tancats per ordre governativa&#8230;</p>
<p>Sor Teresa, la fundadora, acceptà aquestes condicions, imposades per l’administració pública i es fundaren monestirs a diferents indrets de Catalunya, entre ells el de Vilanova.  </p>
<p>Passat el temps, els monestirs van poder eximir-se de l’obligació de dur a terme una obra social&#8230; Així ho feren molts convents fe­menins que passaren de nou a una vida d’estricte clausura&#8230;  Els de la Divina Providència, però, no ho feren&#8230;, sinó que volgueren continuar amb l’escola gratuïta per a infants que corrien i vagaven pels carrers mentre els seus pares eren a treballar; una obra social que sempre s’ha agraït a les monges de la Providència.   </p>
<p>No ha mancat en la història penes, lluites, guerres civils i dificultats de tota mena, però aquest monestir i llur escola s’han mantingut íntegres fins avui. El veïnat coneix i estima  les monges i el col·legi de la Divina Providència. </p>
<p>Cal dir, però, que en aquests darrers temps la tasca d’ensenyament  reclama unes exigències i normativa no fàcil d’aplicar. Els canvis socials i polítics, així com les diverses situacions internes dels ordes religiosos -com són la manca de vocacions- han necessitat un ajut de professorat seglar.</p>
<p>Aquesta és la història, no d’un home, ni d’un poble&#8230;, és la història apretada del  nostre (i vostre) col·legi de la Providència que, juntament amb el monestir –presència contemplativa de pregària-, ja té més de 150 anys.</p>

<p>Més de 150 anys de la Providència a Vilanova<br />
Fa més de 150 anys, un 16 de novembre de 1858, que a les tres del matí, sortien amb dues tartanes del convent de Gràcia de Barcelona dotze monges clarisses de la Mare de Déu de la&hellip;  <a href="https://agora.xtec.cat/coldivinaprovidencia/lescola/historia/" title="Read Història">Llegeix més»</a></p>
