{"id":529,"date":"2016-12-21T13:07:44","date_gmt":"2016-12-21T12:07:44","guid":{"rendered":"http:\/\/agora.xtec.cat\/col-tarres\/?page_id=529"},"modified":"2026-04-11T19:05:07","modified_gmt":"2026-04-11T17:05:07","slug":"llengues","status":"publish","type":"page","link":"https:\/\/agora.xtec.cat\/col-tarres\/projectes\/llengues\/","title":{"rendered":"Projecte Ling\u00fc\u00edstic"},"content":{"rendered":"\n<h2 class=\"wp-block-heading has-text-align-center\">PROJECTE LING\u00dc\u00cdSTIC<\/h2>\n\n\n\n<hr class=\"wp-block-separator has-text-color has-ast-global-color-1-color has-alpha-channel-opacity has-ast-global-color-1-background-color has-background\"\/>\n\n\n\n<p class=\"has-text-align-center\">Com a escola catalana garantim el coneixement i la compet\u00e8ncia ling\u00fc\u00edstica tant en <strong>catal\u00e0<\/strong> com en <strong>castell\u00e0<\/strong>. Potenciem el domini de l&#8217;<strong>angl\u00e8s<\/strong>, augmentant les hores a cada etapa, i a la Secund\u00e0ria, apostem pel coneixement d&#8217;una segona llengua estrangera, en el nostre cas, el <strong><span style=\"color: #000000;\">franc\u00e8s<\/span><\/strong>.<\/p>\n\n\n\n<p class=\"has-text-align-center\">La base del nostre projecte ling\u00fc\u00edstic, en totes les lleng\u00fces, es troba en la <strong>comprensi\u00f3 lectora<\/strong> i l&#8217;<strong>expressi\u00f3 oral<\/strong>.<\/p>\n\n\n\n<div class=\"wp-block-columns is-layout-flex wp-container-core-columns-is-layout-1 wp-block-columns-is-layout-flex\">\n<div class=\"wp-block-column is-layout-flow wp-block-column-is-layout-flow\" style=\"padding-right:var(--wp--preset--spacing--30);padding-left:var(--wp--preset--spacing--30);flex-basis:50%\">\n<h4 class=\"wp-block-heading has-ast-global-color-1-color has-text-color has-link-color wp-elements-6196fe533ec2aedda0b0ab19d21401cd\">Catal\u00e0 i castell\u00e0<\/h4>\n\n\n\n<p class=\"has-black-color has-text-color has-link-color wp-elements-e0ec1ea86dd8572b20c3e542b72b4924\"><span style=\"color: #008000;\"><strong># <\/strong><\/span>Potenciem la lectura sistem\u00e0tica <strong>en totes les \u00e0rees<\/strong> i mat\u00e8ries del curr\u00edculum al llarg de tota l&#8217;escolaritat b\u00e0sica, per augmentar la compet\u00e8ncia comunicativa i ling\u00fc\u00edstica.<\/p>\n\n\n\n<p><span style=\"color: #008000;\"><strong># <\/strong><\/span>Volem desenvolupar l&#8217;<strong>h\u00e0bit lector<\/strong> dels infants i joves, sense oblidar que la compet\u00e8ncia lectora \u00e9s la base de molts aprenentatges i un requisit per participar amb \u00e8xit en bona part dels \u00e0mbits de la vida adulta. \u00c9s per aix\u00f2 que a <strong>Prim\u00e0ria <\/strong>fem <strong>30 minuts diaris de lectura<\/strong> a l&#8217;iniciar la jornada.<\/p>\n\n\n\n<p><span lang=\"CA\"><span style=\"color: #008000;\"><strong># <\/strong><\/span>Participem al <strong>Projecte d&#8217;Impuls a la Lectura<\/strong> (ILEC) promogut pels departaments d&#8217;Educaci\u00f3 i de Cultura de la Generalitat de Catalunya establint com a objectiu estrat\u00e8gic la millora de l&#8217;\u00e8xit escolar de tot l&#8217;alumnat.<\/span><\/p>\n\n\n\n<figure class=\"wp-block-image aligncenter is-resized\"><a href=\"https:\/\/agora.xtec.cat\/col-tarres\/wp-content\/uploads\/usu1585\/2019\/07\/Captura-de-Pantalla-2019-07-25-a-les-17.45.57.png\"><img loading=\"lazy\" decoding=\"async\" width=\"960\" height=\"786\" src=\"https:\/\/agora.xtec.cat\/col-tarres\/wp-content\/uploads\/usu1585\/2019\/07\/Captura-de-Pantalla-2019-07-25-a-les-17.45.57.png\" alt=\"\" class=\"wp-image-11342\" style=\"width:359px;height:auto\" srcset=\"https:\/\/agora.xtec.cat\/col-tarres\/wp-content\/uploads\/usu1585\/2019\/07\/Captura-de-Pantalla-2019-07-25-a-les-17.45.57.png 960w, https:\/\/agora.xtec.cat\/col-tarres\/wp-content\/uploads\/usu1585\/2019\/07\/Captura-de-Pantalla-2019-07-25-a-les-17.45.57-300x246.png 300w, https:\/\/agora.xtec.cat\/col-tarres\/wp-content\/uploads\/usu1585\/2019\/07\/Captura-de-Pantalla-2019-07-25-a-les-17.45.57-768x629.png 768w\" sizes=\"auto, (max-width: 960px) 100vw, 960px\" \/><\/a><\/figure>\n\n\n\n<h4 class=\"wp-block-heading has-ast-global-color-1-color has-text-color has-link-color wp-elements-378876b328fc9e632a2b33c83d188e42\">Resultats<\/h4>\n\n\n\n<p><span lang=\"CA\"><span style=\"color: #008000;\"><strong># <\/strong><\/span>Aquest potenciament de les lleng\u00fces i la lectura \u00e9s avalat a les <strong>Compet\u00e8ncies B\u00e0siques<\/strong> de 6\u00e8 de Prim\u00e0ria i 4t d&#8217;ESO amb uns molts bons resultats any rere any, en les proves de catal\u00e0, castell\u00e0 i angl\u00e8s, amb mitjanes superiors a la resta de Sabadell i Catalunya.<\/span><\/p>\n\n\n\n<h4 class=\"wp-block-heading has-ast-global-color-1-color has-text-color has-link-color wp-elements-91348c488c5dd09139c6d07083cadd18\">Projecte ling\u00fc\u00edstic de Centre<\/h4>\n\n\n\n<div class=\"wp-block-buttons is-layout-flex wp-block-buttons-is-layout-flex\">\n<div class=\"wp-block-button\"><a class=\"wp-block-button__link wp-element-button\">Consulta aqu\u00ed el PLC<\/a><\/div>\n<\/div>\n<\/div>\n\n\n\n<div class=\"wp-block-column is-layout-flow wp-block-column-is-layout-flow\" style=\"padding-right:var(--wp--preset--spacing--30);padding-left:var(--wp--preset--spacing--30);flex-basis:50%\">\n<h4 class=\"wp-block-heading has-ast-global-color-1-color has-text-color has-link-color wp-elements-9076716c53c97756124e7ac4b6449e05\">Angl\u00e8s i franc\u00e8s<\/h4>\n\n\n\n<p><span lang=\"CA\"><span style=\"color: #008000;\"><strong># <\/strong><\/span>Al primer curs d&#8217;<strong>Infantil<\/strong> ja comencem el primer contacte dels infants amb l&#8217;angl\u00e8s amb <strong>1,5 hores setmanals<\/strong>: una hora \u00e9s amb el grup desdoblat (12\/13 nens) i l&#8217;altra amb el grup-classe. Les dues hores s\u00f3n amb la mestra especialista d&#8217;angl\u00e8s i es treballen els conceptes m\u00e9s b\u00e0sics a partir de can\u00e7ons i contes, representacions, h\u00e0bits, etc.<\/span><\/p>\n\n\n\n<p><span style=\"color: #008000;\"><strong># <\/strong><\/span>A partir de <strong>1r de Prim\u00e0ria<\/strong> incorporem auxiliars ling\u00fc\u00edstics en llengua anglesa per tal de treballar l&#8217;expressi\u00f3 oral en grups redu\u00efts. En cursos m\u00e9s grans, els auxiliars s\u00f3n nadius per tal que aportin un bagatge cultural m\u00e9s enriquidor i una millor pronuncia.<\/p>\n\n\n\n<div class=\"wp-block-buttons is-layout-flex wp-block-buttons-is-layout-flex\">\n<div class=\"wp-block-button\"><a class=\"wp-block-button__link wp-element-button\" href=\"https:\/\/agora.xtec.cat\/col-tarres\/projectes\/llengues\/auxiliars-de-conversa-en-angles\/\">Llegeix-ne m\u00e9s sobre els auxiliars d&#8217;angl\u00e8s<\/a><\/div>\n<\/div>\n\n\n\n<p><span style=\"color: #008000;\"><strong># <\/strong><\/span>A partir de <strong>Cicle Mitj\u00e0 <\/strong>de Prim\u00e0ria fem 3  hores setmanals<strong> <\/strong>d&#8217;angl\u00e8s amb l&#8217;especialista.<\/p>\n\n\n\n<p><span style=\"color: #008000;\"><strong># <\/strong><\/span>A l&#8217;<strong>ESO<\/strong> fem 4 hores de classes d&#8217;angl\u00e8s setmanals, una de les quals \u00e9s sempre desdoblada (14\/15 alumnes per grup).<\/p>\n\n\n\n<p><span style=\"color: #008000;\"><strong># <\/strong><\/span>Des del Tarr\u00e9s fa una clara aposta a favor de l&#8217;angl\u00e8s per a enfortir-lo i fer que els nostres alumnes finalitzin la seva escolaritzaci\u00f3 obligat\u00f2ria amb un <strong>molt bon nivell<\/strong> d&#8217;aquesta llengua. Aix\u00ed \u00e9s com ho corroboren els bons resultats a les Compet\u00e8ncies B\u00e0siques de 4t d&#8217;ESO dels darrers anys.<\/p>\n\n\n\n<p><span style=\"color: #008000;\"><strong># <\/strong><\/span>A m\u00e9s, els alumnes de <strong>Secund\u00e0ria<\/strong> tamb\u00e9 tenen l&#8217;opci\u00f3 de triar <strong>franc\u00e8s<\/strong> com a<strong> <\/strong>segona llengua estrangera amb 1 hora setmanal (2h a 4t) i amb l&#8217;especialista en la llengua.<\/p>\n\n\n\n<figure class=\"wp-block-image aligncenter\"><img loading=\"lazy\" decoding=\"async\" width=\"1024\" height=\"768\" src=\"https:\/\/agora.xtec.cat\/col-tarres\/wp-content\/uploads\/usu1585\/2023\/01\/bona4-1-1024x768.jpg\" alt=\"\" class=\"wp-image-16041\" srcset=\"https:\/\/agora.xtec.cat\/col-tarres\/wp-content\/uploads\/usu1585\/2023\/01\/bona4-1-1024x768.jpg 1024w, https:\/\/agora.xtec.cat\/col-tarres\/wp-content\/uploads\/usu1585\/2023\/01\/bona4-1-300x225.jpg 300w, https:\/\/agora.xtec.cat\/col-tarres\/wp-content\/uploads\/usu1585\/2023\/01\/bona4-1-768x576.jpg 768w, https:\/\/agora.xtec.cat\/col-tarres\/wp-content\/uploads\/usu1585\/2023\/01\/bona4-1-1536x1152.jpg 1536w, https:\/\/agora.xtec.cat\/col-tarres\/wp-content\/uploads\/usu1585\/2023\/01\/bona4-1-2048x1536.jpg 2048w, https:\/\/agora.xtec.cat\/col-tarres\/wp-content\/uploads\/usu1585\/2023\/01\/bona4-1-200x150.jpg 200w\" sizes=\"auto, (max-width: 1024px) 100vw, 1024px\" \/><figcaption class=\"wp-element-caption\">Auxiliar d&#8217;angl\u00e8s amb un grup de 4t de Prim\u00e0ria.<\/figcaption><\/figure>\n<\/div>\n<\/div>\n","protected":false},"excerpt":{"rendered":"<p>PROJECTE LING\u00dc\u00cdSTIC Com a escola catalana garantim el coneixement i la compet\u00e8ncia ling\u00fc\u00edstica tant en catal\u00e0 com en castell\u00e0. Potenciem [&hellip;]<\/p>\n","protected":false},"author":4,"featured_media":0,"parent":57,"menu_order":2,"comment_status":"closed","ping_status":"closed","template":"","meta":{"_bbp_topic_count":0,"_bbp_reply_count":0,"_bbp_total_topic_count":0,"_bbp_total_reply_count":0,"_bbp_voice_count":0,"_bbp_anonymous_reply_count":0,"_bbp_topic_count_hidden":0,"_bbp_reply_count_hidden":0,"_bbp_forum_subforum_count":0,"site-sidebar-layout":"default","site-content-layout":"","ast-site-content-layout":"default","site-content-style":"default","site-sidebar-style":"default","ast-global-header-display":"","ast-banner-title-visibility":"","ast-main-header-display":"","ast-hfb-above-header-display":"","ast-hfb-below-header-display":"","ast-hfb-mobile-header-display":"","site-post-title":"disabled","ast-breadcrumbs-content":"","ast-featured-img":"","footer-sml-layout":"","theme-transparent-header-meta":"","adv-header-id-meta":"","stick-header-meta":"","header-above-stick-meta":"","header-main-stick-meta":"","header-below-stick-meta":"","astra-migrate-meta-layouts":"set","ast-page-background-enabled":"default","ast-page-background-meta":{"desktop":{"background-color":"var(--ast-global-color-4)","background-image":"","background-repeat":"repeat","background-position":"center center","background-size":"auto","background-attachment":"scroll","background-type":"","background-media":"","overlay-type":"","overlay-color":"","overlay-opacity":"","overlay-gradient":""},"tablet":{"background-color":"","background-image":"","background-repeat":"repeat","background-position":"center center","background-size":"auto","background-attachment":"scroll","background-type":"","background-media":"","overlay-type":"","overlay-color":"","overlay-opacity":"","overlay-gradient":""},"mobile":{"background-color":"","background-image":"","background-repeat":"repeat","background-position":"center center","background-size":"auto","background-attachment":"scroll","background-type":"","background-media":"","overlay-type":"","overlay-color":"","overlay-opacity":"","overlay-gradient":""}},"ast-content-background-meta":{"desktop":{"background-color":"var(--ast-global-color-5)","background-image":"","background-repeat":"repeat","background-position":"center center","background-size":"auto","background-attachment":"scroll","background-type":"","background-media":"","overlay-type":"","overlay-color":"","overlay-opacity":"","overlay-gradient":""},"tablet":{"background-color":"var(--ast-global-color-5)","background-image":"","background-repeat":"repeat","background-position":"center center","background-size":"auto","background-attachment":"scroll","background-type":"","background-media":"","overlay-type":"","overlay-color":"","overlay-opacity":"","overlay-gradient":""},"mobile":{"background-color":"var(--ast-global-color-5)","background-image":"","background-repeat":"repeat","background-position":"center center","background-size":"auto","background-attachment":"scroll","background-type":"","background-media":"","overlay-type":"","overlay-color":"","overlay-opacity":"","overlay-gradient":""}},"footnotes":""},"class_list":["post-529","page","type-page","status-publish","hentry"],"post_mailing_queue_ids":[],"_links":{"self":[{"href":"https:\/\/agora.xtec.cat\/col-tarres\/wp-json\/wp\/v2\/pages\/529","targetHints":{"allow":["GET"]}}],"collection":[{"href":"https:\/\/agora.xtec.cat\/col-tarres\/wp-json\/wp\/v2\/pages"}],"about":[{"href":"https:\/\/agora.xtec.cat\/col-tarres\/wp-json\/wp\/v2\/types\/page"}],"author":[{"embeddable":true,"href":"https:\/\/agora.xtec.cat\/col-tarres\/wp-json\/wp\/v2\/users\/4"}],"replies":[{"embeddable":true,"href":"https:\/\/agora.xtec.cat\/col-tarres\/wp-json\/wp\/v2\/comments?post=529"}],"version-history":[{"count":6,"href":"https:\/\/agora.xtec.cat\/col-tarres\/wp-json\/wp\/v2\/pages\/529\/revisions"}],"predecessor-version":[{"id":19848,"href":"https:\/\/agora.xtec.cat\/col-tarres\/wp-json\/wp\/v2\/pages\/529\/revisions\/19848"}],"up":[{"embeddable":true,"href":"https:\/\/agora.xtec.cat\/col-tarres\/wp-json\/wp\/v2\/pages\/57"}],"wp:attachment":[{"href":"https:\/\/agora.xtec.cat\/col-tarres\/wp-json\/wp\/v2\/media?parent=529"}],"curies":[{"name":"wp","href":"https:\/\/api.w.org\/{rel}","templated":true}]}}

Projecte Lingüístic

<h2 class="wp-block-heading has-text-align-center">PROJECTE LINGÜÍSTIC</h2>



<hr class="wp-block-separator has-text-color has-ast-global-color-1-color has-alpha-channel-opacity has-ast-global-color-1-background-color has-background"/>



<p class="has-text-align-center">Com a escola catalana garantim el coneixement i la competència lingüística tant en <strong>català</strong> com en <strong>castellà</strong>. Potenciem el domini de l&#8217;<strong>anglès</strong>, augmentant les hores a cada etapa, i a la Secundària, apostem pel coneixement d&#8217;una segona llengua estrangera, en el nostre cas, el <strong><span style="color: #000000;">francès</span></strong>.</p>



<p class="has-text-align-center">La base del nostre projecte lingüístic, en totes les llengües, es troba en la <strong>comprensió lectora</strong> i l&#8217;<strong>expressió oral</strong>.</p>



<div class="wp-block-columns is-layout-flex wp-container-core-columns-is-layout-1 wp-block-columns-is-layout-flex">
<div class="wp-block-column is-layout-flow wp-block-column-is-layout-flow" style="padding-right:var(--wp--preset--spacing--30);padding-left:var(--wp--preset--spacing--30);flex-basis:50%">
<h4 class="wp-block-heading has-ast-global-color-1-color has-text-color has-link-color wp-elements-6196fe533ec2aedda0b0ab19d21401cd">Català i castellà</h4>



<p class="has-black-color has-text-color has-link-color wp-elements-e0ec1ea86dd8572b20c3e542b72b4924"><span style="color: #008000;"><strong># </strong></span>Potenciem la lectura sistemàtica <strong>en totes les àrees</strong> i matèries del currículum al llarg de tota l&#8217;escolaritat bàsica, per augmentar la competència comunicativa i lingüística.</p>



<p><span style="color: #008000;"><strong># </strong></span>Volem desenvolupar l&#8217;<strong>hàbit lector</strong> dels infants i joves, sense oblidar que la competència lectora és la base de molts aprenentatges i un requisit per participar amb èxit en bona part dels àmbits de la vida adulta. És per això que a <strong>Primària </strong>fem <strong>30 minuts diaris de lectura</strong> a l&#8217;iniciar la jornada.</p>



<p><span lang="CA"><span style="color: #008000;"><strong># </strong></span>Participem al <strong>Projecte d&#8217;Impuls a la Lectura</strong> (ILEC) promogut pels departaments d&#8217;Educació i de Cultura de la Generalitat de Catalunya establint com a objectiu estratègic la millora de l&#8217;èxit escolar de tot l&#8217;alumnat.</span></p>



<figure class="wp-block-image aligncenter is-resized"><a href="https://agora.xtec.cat/col-tarres/wp-content/uploads/usu1585/2019/07/Captura-de-Pantalla-2019-07-25-a-les-17.45.57.png"><img loading="lazy" decoding="async" width="960" height="786" src="https://agora.xtec.cat/col-tarres/wp-content/uploads/usu1585/2019/07/Captura-de-Pantalla-2019-07-25-a-les-17.45.57.png" alt="" class="wp-image-11342" style="width:359px;height:auto" srcset="https://agora.xtec.cat/col-tarres/wp-content/uploads/usu1585/2019/07/Captura-de-Pantalla-2019-07-25-a-les-17.45.57.png 960w, https://agora.xtec.cat/col-tarres/wp-content/uploads/usu1585/2019/07/Captura-de-Pantalla-2019-07-25-a-les-17.45.57-300x246.png 300w, https://agora.xtec.cat/col-tarres/wp-content/uploads/usu1585/2019/07/Captura-de-Pantalla-2019-07-25-a-les-17.45.57-768x629.png 768w" sizes="auto, (max-width: 960px) 100vw, 960px" /></a></figure>



<h4 class="wp-block-heading has-ast-global-color-1-color has-text-color has-link-color wp-elements-378876b328fc9e632a2b33c83d188e42">Resultats</h4>



<p><span lang="CA"><span style="color: #008000;"><strong># </strong></span>Aquest potenciament de les llengües i la lectura és avalat a les <strong>Competències Bàsiques</strong> de 6è de Primària i 4t d&#8217;ESO amb uns molts bons resultats any rere any, en les proves de català, castellà i anglès, amb mitjanes superiors a la resta de Sabadell i Catalunya.</span></p>



<h4 class="wp-block-heading has-ast-global-color-1-color has-text-color has-link-color wp-elements-91348c488c5dd09139c6d07083cadd18">Projecte lingüístic de Centre</h4>



<div class="wp-block-buttons is-layout-flex wp-block-buttons-is-layout-flex">
<div class="wp-block-button"><a class="wp-block-button__link wp-element-button">Consulta aquí el PLC</a></div>
</div>
</div>



<div class="wp-block-column is-layout-flow wp-block-column-is-layout-flow" style="padding-right:var(--wp--preset--spacing--30);padding-left:var(--wp--preset--spacing--30);flex-basis:50%">
<h4 class="wp-block-heading has-ast-global-color-1-color has-text-color has-link-color wp-elements-9076716c53c97756124e7ac4b6449e05">Anglès i francès</h4>



<p><span lang="CA"><span style="color: #008000;"><strong># </strong></span>Al primer curs d&#8217;<strong>Infantil</strong> ja comencem el primer contacte dels infants amb l&#8217;anglès amb <strong>1,5 hores setmanals</strong>: una hora és amb el grup desdoblat (12/13 nens) i l&#8217;altra amb el grup-classe. Les dues hores són amb la mestra especialista d&#8217;anglès i es treballen els conceptes més bàsics a partir de cançons i contes, representacions, hàbits, etc.</span></p>



<p><span style="color: #008000;"><strong># </strong></span>A partir de <strong>1r de Primària</strong> incorporem auxiliars lingüístics en llengua anglesa per tal de treballar l&#8217;expressió oral en grups reduïts. En cursos més grans, els auxiliars són nadius per tal que aportin un bagatge cultural més enriquidor i una millor pronuncia.</p>



<div class="wp-block-buttons is-layout-flex wp-block-buttons-is-layout-flex">
<div class="wp-block-button"><a class="wp-block-button__link wp-element-button" href="https://agora.xtec.cat/col-tarres/projectes/llengues/auxiliars-de-conversa-en-angles/">Llegeix-ne més sobre els auxiliars d&#8217;anglès</a></div>
</div>



<p><span style="color: #008000;"><strong># </strong></span>A partir de <strong>Cicle Mitjà </strong>de Primària fem 3  hores setmanals<strong> </strong>d&#8217;anglès amb l&#8217;especialista.</p>



<p><span style="color: #008000;"><strong># </strong></span>A l&#8217;<strong>ESO</strong> fem 4 hores de classes d&#8217;anglès setmanals, una de les quals és sempre desdoblada (14/15 alumnes per grup).</p>



<p><span style="color: #008000;"><strong># </strong></span>Des del Tarrés fa una clara aposta a favor de l&#8217;anglès per a enfortir-lo i fer que els nostres alumnes finalitzin la seva escolarització obligatòria amb un <strong>molt bon nivell</strong> d&#8217;aquesta llengua. Així és com ho corroboren els bons resultats a les Competències Bàsiques de 4t d&#8217;ESO dels darrers anys.</p>



<p><span style="color: #008000;"><strong># </strong></span>A més, els alumnes de <strong>Secundària</strong> també tenen l&#8217;opció de triar <strong>francès</strong> com a<strong> </strong>segona llengua estrangera amb 1 hora setmanal (2h a 4t) i amb l&#8217;especialista en la llengua.</p>



<figure class="wp-block-image aligncenter"><img loading="lazy" decoding="async" width="1024" height="768" src="https://agora.xtec.cat/col-tarres/wp-content/uploads/usu1585/2023/01/bona4-1-1024x768.jpg" alt="" class="wp-image-16041" srcset="https://agora.xtec.cat/col-tarres/wp-content/uploads/usu1585/2023/01/bona4-1-1024x768.jpg 1024w, https://agora.xtec.cat/col-tarres/wp-content/uploads/usu1585/2023/01/bona4-1-300x225.jpg 300w, https://agora.xtec.cat/col-tarres/wp-content/uploads/usu1585/2023/01/bona4-1-768x576.jpg 768w, https://agora.xtec.cat/col-tarres/wp-content/uploads/usu1585/2023/01/bona4-1-1536x1152.jpg 1536w, https://agora.xtec.cat/col-tarres/wp-content/uploads/usu1585/2023/01/bona4-1-2048x1536.jpg 2048w, https://agora.xtec.cat/col-tarres/wp-content/uploads/usu1585/2023/01/bona4-1-200x150.jpg 200w" sizes="auto, (max-width: 1024px) 100vw, 1024px" /><figcaption class="wp-element-caption">Auxiliar d&#8217;anglès amb un grup de 4t de Primària.</figcaption></figure>
</div>
</div>

<p>PROJECTE LINGÜÍSTIC Com a escola catalana garantim el coneixement i la competència lingüística tant en català com en castellà. Potenciem [&hellip;]</p>
