{"id":39,"date":"2014-09-17T16:36:44","date_gmt":"2014-09-17T16:36:44","guid":{"rendered":"http:\/\/agora.xtec.cat\/col-tarres\/?page_id=39"},"modified":"2025-08-30T08:34:12","modified_gmt":"2025-08-30T06:34:12","slug":"instal-lacions","status":"publish","type":"page","link":"https:\/\/agora.xtec.cat\/col-tarres\/escola\/instal-lacions\/","title":{"rendered":"Instal\u00b7lacions"},"content":{"rendered":"\n<h2 class=\"wp-block-heading has-text-align-center\">INSTAL\u00b7LACIONS<\/h2>\n\n\n\n<hr class=\"wp-block-separator has-text-color has-ast-global-color-1-color has-alpha-channel-opacity has-ast-global-color-1-background-color has-background\"\/>\n\n\n\n<p class=\"has-text-align-center\">Disposem d&#8217;un conjunt d&#8217;espais de m\u00e9s de 2.000 metres quadrats.<\/p>\n\n\n\n<div class=\"wp-block-columns has-ast-global-color-1-color has-text-color has-link-color wp-elements-47caec3ef4ae8080bfb145d8aaeb44c1 is-layout-flex wp-container-core-columns-is-layout-1 wp-block-columns-is-layout-flex\" style=\"padding-top:var(--wp--preset--spacing--40);padding-bottom:var(--wp--preset--spacing--40)\">\n<div class=\"wp-block-column has-black-color has-text-color has-link-color wp-elements-65541e52bfd9fc58bb448c89f183706d is-layout-flow wp-block-column-is-layout-flow\" style=\"padding-right:var(--wp--preset--spacing--50);flex-basis:50%\">\n<h4 class=\"wp-block-heading has-ast-global-color-1-color has-text-color has-link-color wp-elements-3f037c8ceb6b6e662949fa16c4f7c32f\">Educaci\u00f3 Infantil<\/h4>\n\n\n\n<p class=\"has-black-color has-text-color has-link-color wp-elements-fec6d026bdf91d6c55a188b9d5d45464\" style=\"padding-top:0;padding-bottom:0\">Les 3 aules d&#8217;Infantil s&#8217;ubiquen a la planta baixa de l&#8217;edifici Canonge Joncar, al costat de l&#8217;\u00e0mbit de secretaria i d&#8217;administraci\u00f3:<\/p>\n\n\n\n<ul class=\"wp-block-list\">\n<li style=\"margin-top:var(--wp--preset--spacing--20);margin-bottom:var(--wp--preset--spacing--20)\">Tres aules grupals \u00e0mplies<\/li>\n\n\n\n<li>Les tres aules disposen d&#8217;aire condicionat<\/li>\n\n\n\n<li style=\"margin-top:var(--wp--preset--spacing--20);margin-bottom:var(--wp--preset--spacing--20)\">Amb lavabo incorporat a cada aula<\/li>\n\n\n\n<li style=\"margin-top:var(--wp--preset--spacing--20);margin-bottom:var(--wp--preset--spacing--20)\">Pissara digital interactiva (PDI)<\/li>\n\n\n\n<li style=\"margin-top:var(--wp--preset--spacing--20);margin-bottom:var(--wp--preset--spacing--20)\">L&#8217;aula d&#8217;Infantil-3 t\u00e9 acc\u00e9s directe al pati<\/li>\n\n\n\n<li style=\"margin-top:var(--wp--preset--spacing--20);margin-bottom:var(--wp--preset--spacing--20)\">Aula d&#8217;Ambients (al 1r pis)<\/li>\n<\/ul>\n<\/div>\n\n\n\n<div class=\"wp-block-column has-black-color has-text-color has-link-color wp-elements-2bc01cba6fc51bcd5ee0a9584fb77c06 is-layout-flow wp-block-column-is-layout-flow\" style=\"padding-left:var(--wp--preset--spacing--50);flex-basis:50%\">\n<h4 class=\"wp-block-heading has-ast-global-color-1-color has-text-color has-link-color wp-elements-8fb223808bb850b2cc466d72e60d9f3a\">Educaci\u00f3 Prim\u00e0ria<\/h4>\n\n\n\n<p>Els espais de Prim\u00e0ria constitueixen el primer i segon pis de l&#8217;edifici Canonge Joncar:<\/p>\n\n\n\n<ul class=\"wp-block-list\">\n<li style=\"margin-top:var(--wp--preset--spacing--20);margin-bottom:var(--wp--preset--spacing--20)\">Sis aules grupals<\/li>\n\n\n\n<li style=\"margin-top:var(--wp--preset--spacing--20);margin-bottom:var(--wp--preset--spacing--20)\">Aula de desdoblaments<\/li>\n\n\n\n<li style=\"margin-top:var(--wp--preset--spacing--20);margin-bottom:var(--wp--preset--spacing--20)\">Aula d&#8217;Ambients (compartida amb Infantil)<\/li>\n\n\n\n<li style=\"margin-top:var(--wp--preset--spacing--20);margin-bottom:var(--wp--preset--spacing--20)\">Sala de Psicomotricitat amb aire condicionat (compartida amb Infantil)<\/li>\n\n\n\n<li style=\"margin-top:var(--wp--preset--spacing--20);margin-bottom:var(--wp--preset--spacing--20)\">Saleta d&#8217;Atenci\u00f3 a l&#8217;Educaci\u00f3 Inclusiva (SIEI)<\/li>\n\n\n\n<li style=\"margin-top:var(--wp--preset--spacing--20);margin-bottom:var(--wp--preset--spacing--20)\">Totes les aules disposen de ventiladors de sostre.<\/li>\n\n\n\n<li>Totes les aules disposen de pissarra digital interactiva (PDI)<\/li>\n<\/ul>\n<\/div>\n<\/div>\n\n\n\n<div class=\"wp-block-columns has-ast-global-color-1-color has-text-color has-link-color wp-elements-69f23f21d58be7b8d3aa65b2a00f464d is-layout-flex wp-container-core-columns-is-layout-2 wp-block-columns-is-layout-flex\" style=\"padding-top:var(--wp--preset--spacing--40);padding-bottom:var(--wp--preset--spacing--40)\">\n<div class=\"wp-block-column has-black-color has-text-color has-link-color wp-elements-c180a5682c260068f7972b9603e5d2a6 is-layout-flow wp-block-column-is-layout-flow\" style=\"padding-right:var(--wp--preset--spacing--50);flex-basis:50%\">\n<h4 class=\"wp-block-heading has-ast-global-color-1-color has-text-color has-link-color wp-elements-075933cb24e97d90fc3d18bda4aeb870\">Educaci\u00f3 Secund\u00e0ria<\/h4>\n\n\n\n<p class=\"has-black-color has-text-color has-link-color wp-elements-b87827bf92440885e5bef5738c039af7\" style=\"padding-top:0;padding-bottom:0\">Els espais de l&#8217;ESO es troben a l&#8217;edifici Vallcorba, independent del de Prim\u00e0ria i connectat a aquest a trav\u00e9s del pati i la terrasseta:<\/p>\n\n\n\n<ul class=\"wp-block-list\">\n<li style=\"margin-top:var(--wp--preset--spacing--20);margin-bottom:var(--wp--preset--spacing--20)\">Quatre aules grupals amb pantalla t\u00e0ctil i endolls per l&#8217;alumnat<\/li>\n\n\n\n<li style=\"margin-top:var(--wp--preset--spacing--20);margin-bottom:var(--wp--preset--spacing--20)\">Aire condicionat a 3r i 4t d&#8217;ESO<\/li>\n\n\n\n<li style=\"margin-top:var(--wp--preset--spacing--20);margin-bottom:var(--wp--preset--spacing--20)\">Aula d&#8217;inform\u00e0tica<\/li>\n\n\n\n<li style=\"margin-top:var(--wp--preset--spacing--20);margin-bottom:var(--wp--preset--spacing--20)\">Laboratori de f\u00edsica i qu\u00edmica<\/li>\n\n\n\n<li style=\"margin-top:var(--wp--preset--spacing--20);margin-bottom:var(--wp--preset--spacing--20)\">Taller de pl\u00e0stica i tecnologia<\/li>\n\n\n\n<li style=\"margin-top:var(--wp--preset--spacing--20);margin-bottom:var(--wp--preset--spacing--20)\">Biblioteca<\/li>\n\n\n\n<li style=\"margin-top:var(--wp--preset--spacing--20);margin-bottom:var(--wp--preset--spacing--20)\">Aula de desdoblaments (10\/12 alumnes)<\/li>\n<\/ul>\n<\/div>\n\n\n\n<div class=\"wp-block-column has-black-color has-text-color has-link-color wp-elements-670ae468f6bd0a3ef0cf769a00e6eef8 is-layout-flow wp-block-column-is-layout-flow\" style=\"padding-left:var(--wp--preset--spacing--50);flex-basis:50%\">\n<h4 class=\"wp-block-heading has-ast-global-color-1-color has-text-color has-link-color wp-elements-7530808109ae4dc8ec0af874926355ec\">Equipaments generals<\/h4>\n\n\n\n<p>Hi ha un seguit d&#8217;equipaments i espais a disposici\u00f3 de tots els nivells de l&#8217;Escola:<\/p>\n\n\n\n<ul class=\"wp-block-list\">\n<li style=\"margin-top:var(--wp--preset--spacing--20);margin-bottom:var(--wp--preset--spacing--20)\">Totes les aules disposen de pissarra digital interactiva (PDI) o gran pantalla digital.<\/li>\n\n\n\n<li style=\"margin-top:var(--wp--preset--spacing--20);margin-bottom:var(--wp--preset--spacing--20)\">Ventiladors a les aules que no disposen d&#8217;aire condicionat.<\/li>\n\n\n\n<li style=\"margin-top:var(--wp--preset--spacing--20);margin-bottom:var(--wp--preset--spacing--20)\">Pati principal amb un espai de porxo (cobert)<\/li>\n\n\n\n<li style=\"margin-top:var(--wp--preset--spacing--20);margin-bottom:var(--wp--preset--spacing--20)\">Terrassa de l&#8217;hort a l&#8217;edifici de Prim\u00e0ria<\/li>\n\n\n\n<li style=\"margin-top:var(--wp--preset--spacing--20);margin-bottom:var(--wp--preset--spacing--20)\">Terrassa \u00e0mplia sobre edifici Secund\u00e0ria<\/li>\n\n\n\n<li style=\"margin-top:var(--wp--preset--spacing--20);margin-bottom:var(--wp--preset--spacing--20)\">Lavabos a cada planta<\/li>\n\n\n\n<li style=\"margin-top:var(--wp--preset--spacing--20);margin-bottom:var(--wp--preset--spacing--20)\">Menjador<\/li>\n\n\n\n<li style=\"margin-top:var(--wp--preset--spacing--20);margin-bottom:var(--wp--preset--spacing--20)\">Xarxa Wi-Fi de gran pot\u00e8ncia a tots els espais.<\/li>\n<\/ul>\n<\/div>\n<\/div>\n\n\n\n<hr class=\"wp-block-separator has-text-color has-ast-global-color-1-color has-alpha-channel-opacity has-ast-global-color-1-background-color has-background\"\/>\n\n\n\n<h4 class=\"wp-block-heading has-text-align-center\"><strong>Millores de les instal\u00b7lacions<\/strong><\/h4>\n\n\n\n<p class=\"has-text-align-center\">Els darrers anys hem estat realitzant importants millores en les infraestructures de l&#8217;Escola. Ho podeu consultar a continuaci\u00f3:<\/p>\n\n\n\n<div class=\"wp-block-buttons is-content-justification-center is-layout-flex wp-container-core-buttons-is-layout-1 wp-block-buttons-is-layout-flex\" style=\"margin-top:var(--wp--preset--spacing--20);margin-bottom:var(--wp--preset--spacing--20)\">\n<div class=\"wp-block-button has-custom-width wp-block-button__width-25\"><a class=\"wp-block-button__link wp-element-button\" href=\"https:\/\/agora.xtec.cat\/col-tarres\/bloctarres\/millores-2023\/\" style=\"padding-right:0;padding-left:0\">Millores any 2023<\/a><\/div>\n<\/div>\n\n\n\n<div class=\"wp-block-buttons is-content-justification-center is-layout-flex wp-container-core-buttons-is-layout-2 wp-block-buttons-is-layout-flex\" style=\"margin-top:var(--wp--preset--spacing--30);margin-bottom:var(--wp--preset--spacing--30)\">\n<div class=\"wp-block-button has-custom-width wp-block-button__width-25\"><a class=\"wp-block-button__link wp-element-button\" href=\"https:\/\/agora.xtec.cat\/col-tarres\/bloctarres\/millores-escola-2024\/\" style=\"padding-right:0;padding-left:0\">Millores any 2024<\/a><\/div>\n<\/div>\n\n\n\n<hr class=\"wp-block-separator has-alpha-channel-opacity\"\/>\n\n\n\n<h4 class=\"wp-block-heading has-text-align-center\"><strong>Un tomb pel Tarr\u00e9s<\/strong><\/h4>\n\n\n\n<p class=\"has-text-align-center\"><span style=\"font-family: inherit; font-size: 1em;\">Podeu visitar les instal\u00b7lacions seguint el <strong>recorregut virtual en 360\u00ba<\/strong> a trav\u00e9s de <\/span><em style=\"font-family: inherit; font-size: 1em;\">Google Street View<\/em><span style=\"font-family: inherit; font-size: 1em;\">&nbsp;que vam realitzar el gener de 2018<\/span>. L&#8217;Escola ha canviat una mica des d&#8217;aleshores!<\/p>\n\n\n\n<p class=\"has-text-align-center\"><iframe loading=\"lazy\" src=\"https:\/\/www.google.com\/maps\/embed?pb=!4v1516801055751!6m8!1m7!1sCAoSLEFGMVFpcE8tdmprUU1YbF96dm9lTVQ3VklUb0JEa29ORFlSRGlxRFlrWXZY!2m2!1d41.5580026313!2d2.1038666973227!3f40.58718128216587!4f-4.425155968197259!5f0.7820865974627469\" width=\"800\" height=\"600\" frameborder=\"0\"><\/iframe><\/p>\n\n\n\n<hr class=\"wp-block-separator has-text-color has-ast-global-color-1-color has-alpha-channel-opacity has-ast-global-color-1-background-color has-background\"\/>\n\n\n\n<div class=\"wp-block-columns is-layout-flex wp-container-core-columns-is-layout-3 wp-block-columns-is-layout-flex\">\n<div class=\"wp-block-column is-layout-flow wp-block-column-is-layout-flow\" style=\"flex-basis:66.66%\">\n<h4 class=\"wp-block-heading has-ast-global-color-1-color has-text-color has-link-color wp-elements-c0663c2e3f61711fe7f16d4e8df3f7ef\">Escola sostenible<\/h4>\n\n\n\n<p>El desembre de 2023 vam instal\u00b7lar una<strong> planta fotovoltaica<\/strong> amb 22 plaques solars a la coberta de l&#8217;edifici de Prim\u00e0ria.<\/p>\n\n\n\n<p>Aquesta instal\u00b7laci\u00f3 es correspon a una pot\u00e8ncia de <strong>12,1 kWp<\/strong> i permet que entre el 15 i el 20% de l&#8217;energia consumida els mesos de fred (desembre-mar\u00e7) i d&#8217;entre el 50 i el 70% la resta de l&#8217;any, tingui un <strong>origen 100% verd.<\/strong><\/p>\n\n\n\n<p>Durant el 2024. aquesta instal\u00b7laci\u00f3 ha perm\u00e8s:<\/p>\n\n\n\n<ul class=\"wp-block-list\">\n<li>Energia produ\u00efda: <strong>12,93 MWh<\/strong><\/li>\n\n\n\n<li>Factor d&#8217;autoconsum: <strong>29 %<\/strong><\/li>\n\n\n\n<li>Reducci\u00f3 del consum el\u00e8ctric (energia importada): <strong>-30 %<\/strong><\/li>\n\n\n\n<li>Reducci\u00f3 de la petjada CO2 equivalent: <strong>-2,87 Tn CO2<\/strong><\/li>\n<\/ul>\n\n\n\n<p>Projecte acollit al <strong>programa d\u2019incentius lligats a l\u2019autoconsum i l\u2019emmagatzematge, amb fonts d\u2019energia renovable<\/strong>, aix\u00ed com a la implantaci\u00f3 de sistemes t\u00e8rmics renovables en el sector de serveis, en el marc del <strong>Pla de Recuperaci\u00f3, Transformaci\u00f3 i Resili\u00e8ncia<\/strong>, finan\u00e7at per la <strong>Uni\u00f3 Europea \u2013 NextGenerationEU<\/strong>.<\/p>\n\n\n\n<figure class=\"wp-block-image size-large\"><a href=\"https:\/\/agora.xtec.cat\/col-tarres\/wp-content\/uploads\/usu1585\/2025\/08\/ICAEN_Harmonitzacio_logos_nous_AUTOCONSUM_IDAE_h-scaled.jpg\"><img loading=\"lazy\" decoding=\"async\" width=\"1024\" height=\"46\" src=\"https:\/\/agora.xtec.cat\/col-tarres\/wp-content\/uploads\/usu1585\/2025\/08\/ICAEN_Harmonitzacio_logos_nous_AUTOCONSUM_IDAE_h-1024x46.jpg\" alt=\"\" class=\"wp-image-19112\" srcset=\"https:\/\/agora.xtec.cat\/col-tarres\/wp-content\/uploads\/usu1585\/2025\/08\/ICAEN_Harmonitzacio_logos_nous_AUTOCONSUM_IDAE_h-1024x46.jpg 1024w, https:\/\/agora.xtec.cat\/col-tarres\/wp-content\/uploads\/usu1585\/2025\/08\/ICAEN_Harmonitzacio_logos_nous_AUTOCONSUM_IDAE_h-300x14.jpg 300w, https:\/\/agora.xtec.cat\/col-tarres\/wp-content\/uploads\/usu1585\/2025\/08\/ICAEN_Harmonitzacio_logos_nous_AUTOCONSUM_IDAE_h-768x35.jpg 768w, https:\/\/agora.xtec.cat\/col-tarres\/wp-content\/uploads\/usu1585\/2025\/08\/ICAEN_Harmonitzacio_logos_nous_AUTOCONSUM_IDAE_h-1536x69.jpg 1536w, https:\/\/agora.xtec.cat\/col-tarres\/wp-content\/uploads\/usu1585\/2025\/08\/ICAEN_Harmonitzacio_logos_nous_AUTOCONSUM_IDAE_h-2048x92.jpg 2048w\" sizes=\"auto, (max-width: 1024px) 100vw, 1024px\" \/><\/a><\/figure>\n<\/div>\n\n\n\n<div class=\"wp-block-column is-layout-flow wp-block-column-is-layout-flow\" style=\"flex-basis:33.33%\">\n<figure class=\"wp-block-image aligncenter size-full is-resized\"><a href=\"https:\/\/agora.xtec.cat\/col-tarres\/wp-content\/uploads\/usu1585\/2025\/08\/Renovables_v-copia.png\"><img loading=\"lazy\" decoding=\"async\" width=\"787\" height=\"783\" src=\"https:\/\/agora.xtec.cat\/col-tarres\/wp-content\/uploads\/usu1585\/2025\/08\/Renovables_v-copia.png\" alt=\"\" class=\"wp-image-19115\" style=\"width:312px;height:auto\" srcset=\"https:\/\/agora.xtec.cat\/col-tarres\/wp-content\/uploads\/usu1585\/2025\/08\/Renovables_v-copia.png 787w, https:\/\/agora.xtec.cat\/col-tarres\/wp-content\/uploads\/usu1585\/2025\/08\/Renovables_v-copia-300x298.png 300w, https:\/\/agora.xtec.cat\/col-tarres\/wp-content\/uploads\/usu1585\/2025\/08\/Renovables_v-copia-150x150.png 150w, https:\/\/agora.xtec.cat\/col-tarres\/wp-content\/uploads\/usu1585\/2025\/08\/Renovables_v-copia-768x764.png 768w\" sizes=\"auto, (max-width: 787px) 100vw, 787px\" \/><\/a><\/figure>\n\n\n\n<figure class=\"wp-block-image aligncenter size-large is-resized\"><a href=\"https:\/\/agora.xtec.cat\/col-tarres\/wp-content\/uploads\/usu1585\/2023\/12\/IMG_5203-scaled.jpg\"><img loading=\"lazy\" decoding=\"async\" width=\"1024\" height=\"768\" src=\"https:\/\/agora.xtec.cat\/col-tarres\/wp-content\/uploads\/usu1585\/2023\/12\/IMG_5203-1024x768.jpg\" alt=\"\" class=\"wp-image-17077\" style=\"width:301px;height:auto\" srcset=\"https:\/\/agora.xtec.cat\/col-tarres\/wp-content\/uploads\/usu1585\/2023\/12\/IMG_5203-1024x768.jpg 1024w, https:\/\/agora.xtec.cat\/col-tarres\/wp-content\/uploads\/usu1585\/2023\/12\/IMG_5203-300x225.jpg 300w, https:\/\/agora.xtec.cat\/col-tarres\/wp-content\/uploads\/usu1585\/2023\/12\/IMG_5203-768x576.jpg 768w, https:\/\/agora.xtec.cat\/col-tarres\/wp-content\/uploads\/usu1585\/2023\/12\/IMG_5203-1536x1152.jpg 1536w, https:\/\/agora.xtec.cat\/col-tarres\/wp-content\/uploads\/usu1585\/2023\/12\/IMG_5203-2048x1536.jpg 2048w, https:\/\/agora.xtec.cat\/col-tarres\/wp-content\/uploads\/usu1585\/2023\/12\/IMG_5203-200x150.jpg 200w\" sizes=\"auto, (max-width: 1024px) 100vw, 1024px\" \/><\/a><\/figure>\n<\/div>\n<\/div>\n\n\n\n<p><\/p>\n","protected":false},"excerpt":{"rendered":"<p>INSTAL\u00b7LACIONS Disposem d&#8217;un conjunt d&#8217;espais de m\u00e9s de 2.000 metres quadrats. Educaci\u00f3 Infantil Les 3 aules d&#8217;Infantil s&#8217;ubiquen a la [&hellip;]<\/p>\n","protected":false},"author":1,"featured_media":0,"parent":19,"menu_order":5,"comment_status":"closed","ping_status":"closed","template":"","meta":{"_bbp_topic_count":0,"_bbp_reply_count":0,"_bbp_total_topic_count":0,"_bbp_total_reply_count":0,"_bbp_voice_count":0,"_bbp_anonymous_reply_count":0,"_bbp_topic_count_hidden":0,"_bbp_reply_count_hidden":0,"_bbp_forum_subforum_count":0,"site-sidebar-layout":"default","site-content-layout":"","ast-site-content-layout":"default","site-content-style":"default","site-sidebar-style":"default","ast-global-header-display":"","ast-banner-title-visibility":"","ast-main-header-display":"","ast-hfb-above-header-display":"","ast-hfb-below-header-display":"","ast-hfb-mobile-header-display":"","site-post-title":"disabled","ast-breadcrumbs-content":"","ast-featured-img":"","footer-sml-layout":"","theme-transparent-header-meta":"default","adv-header-id-meta":"","stick-header-meta":"","header-above-stick-meta":"","header-main-stick-meta":"","header-below-stick-meta":"","astra-migrate-meta-layouts":"set","ast-page-background-enabled":"default","ast-page-background-meta":{"desktop":{"background-color":"var(--ast-global-color-4)","background-image":"","background-repeat":"repeat","background-position":"center center","background-size":"auto","background-attachment":"scroll","background-type":"","background-media":"","overlay-type":"","overlay-color":"","overlay-opacity":"","overlay-gradient":""},"tablet":{"background-color":"","background-image":"","background-repeat":"repeat","background-position":"center center","background-size":"auto","background-attachment":"scroll","background-type":"","background-media":"","overlay-type":"","overlay-color":"","overlay-opacity":"","overlay-gradient":""},"mobile":{"background-color":"","background-image":"","background-repeat":"repeat","background-position":"center center","background-size":"auto","background-attachment":"scroll","background-type":"","background-media":"","overlay-type":"","overlay-color":"","overlay-opacity":"","overlay-gradient":""}},"ast-content-background-meta":{"desktop":{"background-color":"var(--ast-global-color-5)","background-image":"","background-repeat":"repeat","background-position":"center center","background-size":"auto","background-attachment":"scroll","background-type":"","background-media":"","overlay-type":"","overlay-color":"","overlay-opacity":"","overlay-gradient":""},"tablet":{"background-color":"var(--ast-global-color-5)","background-image":"","background-repeat":"repeat","background-position":"center center","background-size":"auto","background-attachment":"scroll","background-type":"","background-media":"","overlay-type":"","overlay-color":"","overlay-opacity":"","overlay-gradient":""},"mobile":{"background-color":"var(--ast-global-color-5)","background-image":"","background-repeat":"repeat","background-position":"center center","background-size":"auto","background-attachment":"scroll","background-type":"","background-media":"","overlay-type":"","overlay-color":"","overlay-opacity":"","overlay-gradient":""}},"footnotes":""},"class_list":["post-39","page","type-page","status-publish","hentry"],"post_mailing_queue_ids":[],"_links":{"self":[{"href":"https:\/\/agora.xtec.cat\/col-tarres\/wp-json\/wp\/v2\/pages\/39","targetHints":{"allow":["GET"]}}],"collection":[{"href":"https:\/\/agora.xtec.cat\/col-tarres\/wp-json\/wp\/v2\/pages"}],"about":[{"href":"https:\/\/agora.xtec.cat\/col-tarres\/wp-json\/wp\/v2\/types\/page"}],"author":[{"embeddable":true,"href":"https:\/\/agora.xtec.cat\/col-tarres\/wp-json\/wp\/v2\/users\/1"}],"replies":[{"embeddable":true,"href":"https:\/\/agora.xtec.cat\/col-tarres\/wp-json\/wp\/v2\/comments?post=39"}],"version-history":[{"count":6,"href":"https:\/\/agora.xtec.cat\/col-tarres\/wp-json\/wp\/v2\/pages\/39\/revisions"}],"predecessor-version":[{"id":19143,"href":"https:\/\/agora.xtec.cat\/col-tarres\/wp-json\/wp\/v2\/pages\/39\/revisions\/19143"}],"up":[{"embeddable":true,"href":"https:\/\/agora.xtec.cat\/col-tarres\/wp-json\/wp\/v2\/pages\/19"}],"wp:attachment":[{"href":"https:\/\/agora.xtec.cat\/col-tarres\/wp-json\/wp\/v2\/media?parent=39"}],"curies":[{"name":"wp","href":"https:\/\/api.w.org\/{rel}","templated":true}]}}