{"id":14057,"date":"2021-05-01T21:31:42","date_gmt":"2021-05-01T19:31:42","guid":{"rendered":"http:\/\/agora.xtec.cat\/col-tarres\/?page_id=14057"},"modified":"2026-01-26T23:37:46","modified_gmt":"2026-01-26T22:37:46","slug":"postobligatoris","status":"publish","type":"page","link":"https:\/\/agora.xtec.cat\/col-tarres\/estudis\/postobligatoris\/","title":{"rendered":"Batxillerat i Cicles Formatius"},"content":{"rendered":"\n<h2 class=\"wp-block-heading has-text-align-center\">BATXILLERAT I CICLES FORMATIUS<\/h2>\n\n\n\n<hr class=\"wp-block-separator has-text-color has-ast-global-color-1-color has-alpha-channel-opacity has-ast-global-color-1-background-color has-background\"\/>\n\n\n\n<figure class=\"wp-block-image aligncenter\"><img loading=\"lazy\" decoding=\"async\" width=\"1024\" height=\"225\" src=\"https:\/\/agora.xtec.cat\/col-tarres\/wp-content\/uploads\/usu1585\/2021\/04\/viladoms-1024x225.png\" alt=\"\" class=\"wp-image-13844\" srcset=\"https:\/\/agora.xtec.cat\/col-tarres\/wp-content\/uploads\/usu1585\/2021\/04\/viladoms-1024x225.png 1024w, https:\/\/agora.xtec.cat\/col-tarres\/wp-content\/uploads\/usu1585\/2021\/04\/viladoms-300x66.png 300w, https:\/\/agora.xtec.cat\/col-tarres\/wp-content\/uploads\/usu1585\/2021\/04\/viladoms-768x169.png 768w, https:\/\/agora.xtec.cat\/col-tarres\/wp-content\/uploads\/usu1585\/2021\/04\/viladoms.png 1567w\" sizes=\"auto, (max-width: 1024px) 100vw, 1024px\" \/><\/figure>\n\n\n\n<p class=\"has-text-align-left\">Fa m\u00e9s d&#8217;una d\u00e8cada que des del <strong>Col\u00b7legi Tarr\u00e9s<\/strong> mantenim una estreta col\u00b7laboraci\u00f3 amb el <strong>Centre Educatiu<\/strong> <strong>Jaume Viladoms<\/strong> i, gr\u00e0cies al <strong>conveni de col\u00b7laboraci\u00f3 i adscripci\u00f3<\/strong> signat amb nosaltres, permet que els alumnes del Tarr\u00e9s que vulguin continuar amb els estudis de Batxillerat puguin fer-ho en qualsevol de les modalitats que aquest centre ofereix. Concretament, Jaume Viladoms ofereix les 3 modalitats existents de l&#8217;etapa postobligat\u00f2ria.<\/p>\n\n\n\n<p class=\"has-text-align-center\"><strong>Jaume Viladoms<\/strong> \u00e9s un centre referent en <strong>innovaci\u00f3 pedag\u00f2gica<\/strong> a Sabadell i Catalunya (forma part de la <a href=\"https:\/\/www.fundaciotrams.org\/\">Fundaci\u00f3 Tr@ms<\/a>) en totes les seves etapes educatives, amb un model educatiu integral i uns ideals i visi\u00f3 basada en els valors humans, socials i democr\u00e0tics. \u00c9s una escola acollidora, integradora i amb un seguiment personalitzat del seu alumnat.<\/p>\n\n\n\n<hr class=\"wp-block-separator has-text-color has-ast-global-color-1-color has-alpha-channel-opacity has-ast-global-color-1-background-color has-background\"\/>\n\n\n\n<div class=\"wp-block-columns has-ast-global-color-1-color has-text-color has-link-color wp-elements-55b569a46749d72a1891a78f929b89ca is-layout-flex wp-container-core-columns-is-layout-1 wp-block-columns-is-layout-flex\" style=\"padding-top:var(--wp--preset--spacing--20);padding-bottom:var(--wp--preset--spacing--20)\">\n<div class=\"wp-block-column has-black-color has-text-color has-link-color wp-elements-d4e4673ddb56c6f49e155e4c9e9a3211 is-layout-flow wp-block-column-is-layout-flow\" style=\"padding-right:var(--wp--preset--spacing--50);flex-basis:50%\">\n<h4 class=\"wp-block-heading has-ast-global-color-1-color has-text-color has-link-color wp-elements-2d90c6cad45ddde0cad5d129bf700981\">Batxillerat<\/h4>\n\n\n\n<p class=\"has-black-color has-text-color has-link-color wp-elements-8c526b22a93cb026c282bc3d20595142\" style=\"padding-top:0;padding-bottom:0\">El <strong>Batxillerat<\/strong> (16-18 anys) \u00e9s una etapa que t\u00e9 una durada de dos cursos acad\u00e8mics. Aquesta etapa es defineix com a preparat\u00f2ria per a la realitzaci\u00f3 dels futurs estudis superiors, sobretot vers la <strong>Universitat<\/strong>, per\u00f2 tamb\u00e9 es pot encaminar cap a <strong>Cicles Formatius de Grau Superior<\/strong> o la incorporaci\u00f3 al <strong>m\u00f3n laboral<\/strong>.<\/p>\n\n\n\n<p>\u00c9s una etapa que demana dels alumnes l\u2019adquisici\u00f3 d\u2019una s\u00e8rie d\u2019h\u00e0bits de treball que els&nbsp;proporcionin prou maduresa per adquirir autonomia i rigor en el treball intel\u00b7lectual,&nbsp;disciplina i ordre en l\u2019estudi i m\u00e8tode de treball cient\u00edfic.<\/p>\n\n\n\n<p>El batxillerat ha de fomentar l\u2019<strong>aprenentatge al llarg de tota la vida<\/strong>. El jove ha de tenir una&nbsp;formaci\u00f3 completa, tant en coneixements com en compet\u00e8ncies, que li permeti continuar&nbsp;aprenent i que pugui combinar l\u2019estudi i la formaci\u00f3, amb l\u2019activitat laboral o amb altres&nbsp;dedicacions.<\/p>\n\n\n\n<p>En acabar el batxillerat, els alumnes han de triar quins estudis superiors volen cursar. Per tal d\u2019ajudar-los a prendre de manera responsable i encertada aquesta decisi\u00f3, acomplim una tasca d\u2019orientaci\u00f3 acad\u00e8mica i professional on el tutor \u00e9s la pe\u00e7a clau, a trav\u00e9s de tutories personalitzades i de l\u2019equip d\u2019orientaci\u00f3 del centre.<\/p>\n\n\n\n<div class=\"wp-block-buttons is-layout-flex wp-block-buttons-is-layout-flex\">\n<div class=\"wp-block-button\"><a class=\"wp-block-button__link wp-element-button\" href=\"https:\/\/www.jviladoms.cat\/ca\/batxillerats\/batxillerat\/29\">M\u00e9s informaci\u00f3 BATX-JV<\/a><\/div>\n<\/div>\n<\/div>\n\n\n\n<div class=\"wp-block-column has-black-color has-text-color has-link-color wp-elements-3b2eba055119aca03eaac667df67160a is-layout-flow wp-block-column-is-layout-flow\" style=\"padding-left:var(--wp--preset--spacing--50);flex-basis:50%\">\n<h4 class=\"wp-block-heading has-ast-global-color-1-color has-text-color has-link-color wp-elements-bf283c0c4b4e2ef4b336206c1d663276\">Cicles Formatius<\/h4>\n\n\n\n<p>El <strong><a href=\"https:\/\/www.jviladomsfp.cat\/ca\">Centre Formatiu del Jaume Viladoms<\/a><\/strong> ofereix els estudis professionals de <strong>Cicles Formatius de Grau Mitj\u00e0 i Superior<\/strong> amb una variada oferta de graus en els \u00e0mbits:<\/p>\n\n\n\n<ul class=\"wp-block-list\">\n<li><strong>Administratiu<\/strong><\/li>\n\n\n\n<li><strong>Inform\u00e0tica<\/strong><\/li>\n\n\n\n<li><strong>Sociosanitari<\/strong><\/li>\n<\/ul>\n\n\n\n<p>El centre Jaume Viladoms \u00e9s pioner en la introducci\u00f3 de l&#8217;<strong>FP Dual<\/strong> en diversos graus, que permet una estreta relaci\u00f3 entre la formaci\u00f3 acad\u00e8mica i el m\u00f3n empresarial. Tamb\u00e9 s&#8217;ofereixen cursos de Formaci\u00f3 Cont\u00ednua, PFI, entre altres certificats t\u00e8cnics i professionals.<\/p>\n\n\n\n<p>En aquest sentit, som <strong>empresa formadora <\/strong>del <strong>Cicle Formatiu del Grau Superior en Educaci\u00f3 Infantil<\/strong> de Jaume Viladoms, acollint, cada curs, alumnes en pr\u00e0ctiques a les nostres aules dels nivells d&#8217;Infantil.<\/p>\n\n\n\n<div class=\"wp-block-buttons is-layout-flex wp-block-buttons-is-layout-flex\">\n<div class=\"wp-block-button\"><a class=\"wp-block-button__link wp-element-button\" href=\"https:\/\/www.jviladomsfp.cat\/\">M\u00e9s informaci\u00f3 CF-JV<\/a><\/div>\n<\/div>\n\n\n\n<figure class=\"wp-block-embed is-type-video is-provider-youtube wp-block-embed-youtube wp-embed-aspect-16-9 wp-has-aspect-ratio\" style=\"margin-top:var(--wp--preset--spacing--40);margin-bottom:var(--wp--preset--spacing--40)\"><div class=\"wp-block-embed__wrapper\">\n<div class=\"ast-oembed-container \" style=\"height: 100%;\"><iframe loading=\"lazy\" title=\"FP Jaume Viladoms Spot\" width=\"500\" height=\"281\" src=\"https:\/\/www.youtube.com\/embed\/n3QaOjL0XiM?feature=oembed\" frameborder=\"0\" allow=\"accelerometer; autoplay; clipboard-write; encrypted-media; gyroscope; picture-in-picture; web-share\" referrerpolicy=\"strict-origin-when-cross-origin\" allowfullscreen><\/iframe><\/div>\n<\/div><\/figure>\n<\/div>\n<\/div>\n","protected":false},"excerpt":{"rendered":"<p>BATXILLERAT I CICLES FORMATIUS Fa m\u00e9s d&#8217;una d\u00e8cada que des del Col\u00b7legi Tarr\u00e9s mantenim una estreta col\u00b7laboraci\u00f3 amb el Centre [&hellip;]<\/p>\n","protected":false},"author":8,"featured_media":0,"parent":195,"menu_order":4,"comment_status":"closed","ping_status":"closed","template":"","meta":{"_bbp_topic_count":0,"_bbp_reply_count":0,"_bbp_total_topic_count":0,"_bbp_total_reply_count":0,"_bbp_voice_count":0,"_bbp_anonymous_reply_count":0,"_bbp_topic_count_hidden":0,"_bbp_reply_count_hidden":0,"_bbp_forum_subforum_count":0,"site-sidebar-layout":"default","site-content-layout":"","ast-site-content-layout":"default","site-content-style":"default","site-sidebar-style":"default","ast-global-header-display":"","ast-banner-title-visibility":"","ast-main-header-display":"","ast-hfb-above-header-display":"","ast-hfb-below-header-display":"","ast-hfb-mobile-header-display":"","site-post-title":"disabled","ast-breadcrumbs-content":"","ast-featured-img":"","footer-sml-layout":"","theme-transparent-header-meta":"","adv-header-id-meta":"","stick-header-meta":"","header-above-stick-meta":"","header-main-stick-meta":"","header-below-stick-meta":"","astra-migrate-meta-layouts":"set","ast-page-background-enabled":"default","ast-page-background-meta":{"desktop":{"background-color":"var(--ast-global-color-4)","background-image":"","background-repeat":"repeat","background-position":"center center","background-size":"auto","background-attachment":"scroll","background-type":"","background-media":"","overlay-type":"","overlay-color":"","overlay-opacity":"","overlay-gradient":""},"tablet":{"background-color":"","background-image":"","background-repeat":"repeat","background-position":"center center","background-size":"auto","background-attachment":"scroll","background-type":"","background-media":"","overlay-type":"","overlay-color":"","overlay-opacity":"","overlay-gradient":""},"mobile":{"background-color":"","background-image":"","background-repeat":"repeat","background-position":"center center","background-size":"auto","background-attachment":"scroll","background-type":"","background-media":"","overlay-type":"","overlay-color":"","overlay-opacity":"","overlay-gradient":""}},"ast-content-background-meta":{"desktop":{"background-color":"var(--ast-global-color-5)","background-image":"","background-repeat":"repeat","background-position":"center center","background-size":"auto","background-attachment":"scroll","background-type":"","background-media":"","overlay-type":"","overlay-color":"","overlay-opacity":"","overlay-gradient":""},"tablet":{"background-color":"var(--ast-global-color-5)","background-image":"","background-repeat":"repeat","background-position":"center center","background-size":"auto","background-attachment":"scroll","background-type":"","background-media":"","overlay-type":"","overlay-color":"","overlay-opacity":"","overlay-gradient":""},"mobile":{"background-color":"var(--ast-global-color-5)","background-image":"","background-repeat":"repeat","background-position":"center center","background-size":"auto","background-attachment":"scroll","background-type":"","background-media":"","overlay-type":"","overlay-color":"","overlay-opacity":"","overlay-gradient":""}},"footnotes":""},"class_list":["post-14057","page","type-page","status-publish","hentry"],"post_mailing_queue_ids":[],"_links":{"self":[{"href":"https:\/\/agora.xtec.cat\/col-tarres\/wp-json\/wp\/v2\/pages\/14057","targetHints":{"allow":["GET"]}}],"collection":[{"href":"https:\/\/agora.xtec.cat\/col-tarres\/wp-json\/wp\/v2\/pages"}],"about":[{"href":"https:\/\/agora.xtec.cat\/col-tarres\/wp-json\/wp\/v2\/types\/page"}],"author":[{"embeddable":true,"href":"https:\/\/agora.xtec.cat\/col-tarres\/wp-json\/wp\/v2\/users\/8"}],"replies":[{"embeddable":true,"href":"https:\/\/agora.xtec.cat\/col-tarres\/wp-json\/wp\/v2\/comments?post=14057"}],"version-history":[{"count":6,"href":"https:\/\/agora.xtec.cat\/col-tarres\/wp-json\/wp\/v2\/pages\/14057\/revisions"}],"predecessor-version":[{"id":19634,"href":"https:\/\/agora.xtec.cat\/col-tarres\/wp-json\/wp\/v2\/pages\/14057\/revisions\/19634"}],"up":[{"embeddable":true,"href":"https:\/\/agora.xtec.cat\/col-tarres\/wp-json\/wp\/v2\/pages\/195"}],"wp:attachment":[{"href":"https:\/\/agora.xtec.cat\/col-tarres\/wp-json\/wp\/v2\/media?parent=14057"}],"curies":[{"name":"wp","href":"https:\/\/api.w.org\/{rel}","templated":true}]}}

<h2 class="wp-block-heading has-text-align-center">BATXILLERAT I CICLES FORMATIUS</h2>



<hr class="wp-block-separator has-text-color has-ast-global-color-1-color has-alpha-channel-opacity has-ast-global-color-1-background-color has-background"/>



<figure class="wp-block-image aligncenter"><img loading="lazy" decoding="async" width="1024" height="225" src="https://agora.xtec.cat/col-tarres/wp-content/uploads/usu1585/2021/04/viladoms-1024x225.png" alt="" class="wp-image-13844" srcset="https://agora.xtec.cat/col-tarres/wp-content/uploads/usu1585/2021/04/viladoms-1024x225.png 1024w, https://agora.xtec.cat/col-tarres/wp-content/uploads/usu1585/2021/04/viladoms-300x66.png 300w, https://agora.xtec.cat/col-tarres/wp-content/uploads/usu1585/2021/04/viladoms-768x169.png 768w, https://agora.xtec.cat/col-tarres/wp-content/uploads/usu1585/2021/04/viladoms.png 1567w" sizes="auto, (max-width: 1024px) 100vw, 1024px" /></figure>



<p class="has-text-align-left">Fa més d&#8217;una dècada que des del <strong>Col·legi Tarrés</strong> mantenim una estreta col·laboració amb el <strong>Centre Educatiu</strong> <strong>Jaume Viladoms</strong> i, gràcies al <strong>conveni de col·laboració i adscripció</strong> signat amb nosaltres, permet que els alumnes del Tarrés que vulguin continuar amb els estudis de Batxillerat puguin fer-ho en qualsevol de les modalitats que aquest centre ofereix. Concretament, Jaume Viladoms ofereix les 3 modalitats existents de l&#8217;etapa postobligatòria.</p>



<p class="has-text-align-center"><strong>Jaume Viladoms</strong> és un centre referent en <strong>innovació pedagògica</strong> a Sabadell i Catalunya (forma part de la <a href="https://www.fundaciotrams.org/">Fundació Tr@ms</a>) en totes les seves etapes educatives, amb un model educatiu integral i uns ideals i visió basada en els valors humans, socials i democràtics. És una escola acollidora, integradora i amb un seguiment personalitzat del seu alumnat.</p>



<hr class="wp-block-separator has-text-color has-ast-global-color-1-color has-alpha-channel-opacity has-ast-global-color-1-background-color has-background"/>



<div class="wp-block-columns has-ast-global-color-1-color has-text-color has-link-color wp-elements-55b569a46749d72a1891a78f929b89ca is-layout-flex wp-container-core-columns-is-layout-1 wp-block-columns-is-layout-flex" style="padding-top:var(--wp--preset--spacing--20);padding-bottom:var(--wp--preset--spacing--20)">
<div class="wp-block-column has-black-color has-text-color has-link-color wp-elements-d4e4673ddb56c6f49e155e4c9e9a3211 is-layout-flow wp-block-column-is-layout-flow" style="padding-right:var(--wp--preset--spacing--50);flex-basis:50%">
<h4 class="wp-block-heading has-ast-global-color-1-color has-text-color has-link-color wp-elements-2d90c6cad45ddde0cad5d129bf700981">Batxillerat</h4>



<p class="has-black-color has-text-color has-link-color wp-elements-8c526b22a93cb026c282bc3d20595142" style="padding-top:0;padding-bottom:0">El <strong>Batxillerat</strong> (16-18 anys) és una etapa que té una durada de dos cursos acadèmics. Aquesta etapa es defineix com a preparatòria per a la realització dels futurs estudis superiors, sobretot vers la <strong>Universitat</strong>, però també es pot encaminar cap a <strong>Cicles Formatius de Grau Superior</strong> o la incorporació al <strong>món laboral</strong>.</p>



<p>És una etapa que demana dels alumnes l’adquisició d’una sèrie d’hàbits de treball que els&nbsp;proporcionin prou maduresa per adquirir autonomia i rigor en el treball intel·lectual,&nbsp;disciplina i ordre en l’estudi i mètode de treball científic.</p>



<p>El batxillerat ha de fomentar l’<strong>aprenentatge al llarg de tota la vida</strong>. El jove ha de tenir una&nbsp;formació completa, tant en coneixements com en competències, que li permeti continuar&nbsp;aprenent i que pugui combinar l’estudi i la formació, amb l’activitat laboral o amb altres&nbsp;dedicacions.</p>



<p>En acabar el batxillerat, els alumnes han de triar quins estudis superiors volen cursar. Per tal d’ajudar-los a prendre de manera responsable i encertada aquesta decisió, acomplim una tasca d’orientació acadèmica i professional on el tutor és la peça clau, a través de tutories personalitzades i de l’equip d’orientació del centre.</p>



<div class="wp-block-buttons is-layout-flex wp-block-buttons-is-layout-flex">
<div class="wp-block-button"><a class="wp-block-button__link wp-element-button" href="https://www.jviladoms.cat/ca/batxillerats/batxillerat/29">Més informació BATX-JV</a></div>
</div>
</div>



<div class="wp-block-column has-black-color has-text-color has-link-color wp-elements-3b2eba055119aca03eaac667df67160a is-layout-flow wp-block-column-is-layout-flow" style="padding-left:var(--wp--preset--spacing--50);flex-basis:50%">
<h4 class="wp-block-heading has-ast-global-color-1-color has-text-color has-link-color wp-elements-bf283c0c4b4e2ef4b336206c1d663276">Cicles Formatius</h4>



<p>El <strong><a href="https://www.jviladomsfp.cat/ca">Centre Formatiu del Jaume Viladoms</a></strong> ofereix els estudis professionals de <strong>Cicles Formatius de Grau Mitjà i Superior</strong> amb una variada oferta de graus en els àmbits:</p>



<ul class="wp-block-list">
<li><strong>Administratiu</strong></li>



<li><strong>Informàtica</strong></li>



<li><strong>Sociosanitari</strong></li>
</ul>



<p>El centre Jaume Viladoms és pioner en la introducció de l&#8217;<strong>FP Dual</strong> en diversos graus, que permet una estreta relació entre la formació acadèmica i el món empresarial. També s&#8217;ofereixen cursos de Formació Contínua, PFI, entre altres certificats tècnics i professionals.</p>



<p>En aquest sentit, som <strong>empresa formadora </strong>del <strong>Cicle Formatiu del Grau Superior en Educació Infantil</strong> de Jaume Viladoms, acollint, cada curs, alumnes en pràctiques a les nostres aules dels nivells d&#8217;Infantil.</p>



<div class="wp-block-buttons is-layout-flex wp-block-buttons-is-layout-flex">
<div class="wp-block-button"><a class="wp-block-button__link wp-element-button" href="https://www.jviladomsfp.cat/">Més informació CF-JV</a></div>
</div>



<figure class="wp-block-embed is-type-video is-provider-youtube wp-block-embed-youtube wp-embed-aspect-16-9 wp-has-aspect-ratio" style="margin-top:var(--wp--preset--spacing--40);margin-bottom:var(--wp--preset--spacing--40)"><div class="wp-block-embed__wrapper">
<div class="ast-oembed-container " style="height: 100%;"><iframe loading="lazy" title="FP Jaume Viladoms Spot" width="500" height="281" src="https://www.youtube.com/embed/n3QaOjL0XiM?feature=oembed" frameborder="0" allow="accelerometer; autoplay; clipboard-write; encrypted-media; gyroscope; picture-in-picture; web-share" referrerpolicy="strict-origin-when-cross-origin" allowfullscreen></iframe></div>
</div></figure>
</div>
</div>

<p>BATXILLERAT I CICLES FORMATIUS Fa més d&#8217;una dècada que des del Col·legi Tarrés mantenim una estreta col·laboració amb el Centre [&hellip;]</p>
