{"id":14047,"date":"2021-05-01T21:10:47","date_gmt":"2021-05-01T19:10:47","guid":{"rendered":"http:\/\/agora.xtec.cat\/col-tarres\/?page_id=14047"},"modified":"2025-08-28T12:18:26","modified_gmt":"2025-08-28T10:18:26","slug":"secundaria","status":"publish","type":"page","link":"https:\/\/agora.xtec.cat\/col-tarres\/estudis\/secundaria\/","title":{"rendered":"Secund\u00e0ria"},"content":{"rendered":"<p><img loading=\"lazy\" decoding=\"async\" class=\"alignnone size-full wp-image-12142\" src=\"https:\/\/agora.xtec.cat\/col-tarres\/wp-content\/uploads\/usu1585\/2020\/04\/secundaria.jpg\" alt=\"\" width=\"1455\" height=\"180\" srcset=\"https:\/\/agora.xtec.cat\/col-tarres\/wp-content\/uploads\/usu1585\/2020\/04\/secundaria.jpg 1455w, https:\/\/agora.xtec.cat\/col-tarres\/wp-content\/uploads\/usu1585\/2020\/04\/secundaria-300x37.jpg 300w, https:\/\/agora.xtec.cat\/col-tarres\/wp-content\/uploads\/usu1585\/2020\/04\/secundaria-768x95.jpg 768w, https:\/\/agora.xtec.cat\/col-tarres\/wp-content\/uploads\/usu1585\/2020\/04\/secundaria-1024x127.jpg 1024w\" sizes=\"auto, (max-width: 1455px) 100vw, 1455px\" \/><\/p>\n<p>\u00c9s l\u2019\u00faltima etapa de l\u2019educaci\u00f3 obligat\u00f2ria. Est\u00e0 organitzada en 4 cursos que van de 1r\u00a0 a 4t d\u2019ESO (dels <strong>12 als 16 anys<\/strong>)<\/p>\n<p>\u00c9s una etapa de ruptura amb l\u2019educaci\u00f3 prim\u00e0ria i que prepara el\u00a0canvi\u00a0per prendre les grans decisions. E<span style=\"font-family: inherit; font-size: 1em;\">ls alumnes passen d\u2019un model d\u2019aprenentatge liderat pel mestre de\u00a0l\u2019aula que alhora \u00e9s el tutor, a un model on un conjunt de professors i professores (equip\u00a0docent) es fa responsable del grup conduit per un d\u2019ells que \u00e9s el tutor, i per tant responsable\u00a0de l\u2019acompanyament dels alumnes i les fam\u00edlies en aquest cam\u00ed de\u00a0<\/span>creixement\u00a0<span style=\"font-family: inherit; font-size: 1em;\">i de\u00a0<\/span>presa de\u00a0decisions<span style=\"font-family: inherit; font-size: 1em;\">. <\/span><\/p>\n<p>S\u00f3n elements fonamentals d\u2019aquesta etapa: l\u2019atenci\u00f3 individualitzada, l\u2019orientaci\u00f3 personal i professional i la proposta curricular optativa.<\/p>\n<h5><strong>Qu\u00e8 treballem?<\/strong><\/h5>\n<p><strong><span style=\"color: #008000;\"># <\/span><\/strong>L&#8217;<strong>autonomia<\/strong> de l&#8217;alumne per a responsabilitzar-se del seu treball i per comen\u00e7ar a prendre decisions sobre el seu futur. Sempre acompanyat pel seu tutor o tutora i pel pr\u00f2xim equip docent de Secund\u00e0ria, que ens permet con\u00e8ixer en profunditat els nostres alumnes.<\/p>\n<p><strong><span style=\"color: #008000;\">#\u00a0<\/span><\/strong>Adquirir els coneixements \u00f2ptims per la continuaci\u00f3 en els seus <strong>estudis postobligatoris<\/strong>.<\/p>\n<p><strong><span style=\"color: #008000;\"># <\/span><\/strong>Valors socials: aprendre a <strong>responsabilitzar-se<\/strong> amb el seu entorn i a<strong> solidaritzar-se<\/strong> amb les persones que m\u00e9s ho necessiten.<\/p>\n<p><strong><span style=\"color: #008000;\">#\u00a0<\/span>Motivar<\/strong> els alumnes en la part optativa de l&#8217;etapa, on treballem assignatures amb propostes innovadores que satisfan els interessos del nostre alumnat.<\/p>\n<h5><strong>Com ho treballem?<\/strong><\/h5>\n<p><strong><span style=\"color: #008000;\"># <\/span>Desdoblaments<\/strong> d&#8217;unes hores a la setmana a les classes de Matem\u00e0tiques, Castell\u00e0, Catal\u00e0 i Angl\u00e8s.<\/p>\n<p><strong><span style=\"color: #008000;\"># <\/span><\/strong><strong>Impuls de les eines digitals<\/strong> i el treball amb les noves tecnologies a les assignatures de Ci\u00e8ncies Naturals, Matem\u00e0tiques i Tecnologia. Per exemple, el <strong>Projecte de Rob\u00f2tica<\/strong> que s&#8217;inicia a 5\u00e8 de Prim\u00e0ria i continua a l&#8217;etapa de l&#8217;ESO.<\/p>\n<p><strong><span style=\"color: #008000;\"># <\/span><\/strong>L&#8217;Escola disposa d&#8217;una <strong>professora especialitzada en el refor\u00e7 <\/strong>dels alumnes amb <strong>diversitat d&#8217;aprenentatge<\/strong>, fet que els dona una atenci\u00f3 individualitzada on poden aprendre en un entorn m\u00e9s proper.<\/p>\n<p><strong><span style=\"color: #008000;\"># <\/span>Projecte Solidaris<\/strong> en el marc del Servei Solidari. Per exemple, recollida d&#8217;aliments i joguines i aliments durant la campanya de Nadal, <strong>Projecte Intergeneracional<\/strong> amb la resid\u00e8ncia de gent gran La Font i la Biblioteca dels Safareigs, etc.<\/p>\n<h5><strong>I en acabar 4t d&#8217;ESO, qu\u00e8?<\/strong><\/h5>\n<p>En acabar aquesta \u00faltima etapa obligat\u00f2ria, els alumnes rebran el t\u00edtol de <strong>Graduat en educaci\u00f3 secund\u00e0ria<\/strong>, si han aconseguit assolir els objectius fixats, i aix\u00ed els facultar\u00e0 per accedir a l\u2019educaci\u00f3 secund\u00e0ria Postobligat\u00f2ria (Batxillerat i Cicles Formatius de Grau Mitj\u00e0) o entrar al m\u00f3n laboral.<\/p>\n<p>Visiteu la nostra p\u00e0gina &#8216;<a href=\"https:\/\/agora.xtec.cat\/col-tarres\/estudis\/postobligatoris\/\">Batxillerat i Cicles Formatius<\/a>&#8216; si us voleu informar sobre aquests estudis postobligatoris al <strong>Jaume Viladoms<\/strong>, centre amb el qual tenim una adscripci\u00f3.<\/p>\n","protected":false},"excerpt":{"rendered":"<p>\u00c9s l\u2019\u00faltima etapa de l\u2019educaci\u00f3 obligat\u00f2ria. Est\u00e0 organitzada en 4 cursos que van de 1r\u00a0 a 4t d\u2019ESO (dels 12 [&hellip;]<\/p>\n","protected":false},"author":8,"featured_media":0,"parent":195,"menu_order":3,"comment_status":"closed","ping_status":"closed","template":"","meta":{"_bbp_topic_count":0,"_bbp_reply_count":0,"_bbp_total_topic_count":0,"_bbp_total_reply_count":0,"_bbp_voice_count":0,"_bbp_anonymous_reply_count":0,"_bbp_topic_count_hidden":0,"_bbp_reply_count_hidden":0,"_bbp_forum_subforum_count":0,"site-sidebar-layout":"default","site-content-layout":"","ast-site-content-layout":"default","site-content-style":"default","site-sidebar-style":"default","ast-global-header-display":"","ast-banner-title-visibility":"","ast-main-header-display":"","ast-hfb-above-header-display":"","ast-hfb-below-header-display":"","ast-hfb-mobile-header-display":"","site-post-title":"","ast-breadcrumbs-content":"","ast-featured-img":"","footer-sml-layout":"","theme-transparent-header-meta":"","adv-header-id-meta":"","stick-header-meta":"","header-above-stick-meta":"","header-main-stick-meta":"","header-below-stick-meta":"","astra-migrate-meta-layouts":"set","ast-page-background-enabled":"default","ast-page-background-meta":{"desktop":{"background-color":"var(--ast-global-color-4)","background-image":"","background-repeat":"repeat","background-position":"center center","background-size":"auto","background-attachment":"scroll","background-type":"","background-media":"","overlay-type":"","overlay-color":"","overlay-opacity":"","overlay-gradient":""},"tablet":{"background-color":"","background-image":"","background-repeat":"repeat","background-position":"center center","background-size":"auto","background-attachment":"scroll","background-type":"","background-media":"","overlay-type":"","overlay-color":"","overlay-opacity":"","overlay-gradient":""},"mobile":{"background-color":"","background-image":"","background-repeat":"repeat","background-position":"center center","background-size":"auto","background-attachment":"scroll","background-type":"","background-media":"","overlay-type":"","overlay-color":"","overlay-opacity":"","overlay-gradient":""}},"ast-content-background-meta":{"desktop":{"background-color":"var(--ast-global-color-5)","background-image":"","background-repeat":"repeat","background-position":"center center","background-size":"auto","background-attachment":"scroll","background-type":"","background-media":"","overlay-type":"","overlay-color":"","overlay-opacity":"","overlay-gradient":""},"tablet":{"background-color":"var(--ast-global-color-5)","background-image":"","background-repeat":"repeat","background-position":"center center","background-size":"auto","background-attachment":"scroll","background-type":"","background-media":"","overlay-type":"","overlay-color":"","overlay-opacity":"","overlay-gradient":""},"mobile":{"background-color":"var(--ast-global-color-5)","background-image":"","background-repeat":"repeat","background-position":"center center","background-size":"auto","background-attachment":"scroll","background-type":"","background-media":"","overlay-type":"","overlay-color":"","overlay-opacity":"","overlay-gradient":""}},"footnotes":""},"class_list":["post-14047","page","type-page","status-publish","hentry"],"post_mailing_queue_ids":[],"_links":{"self":[{"href":"https:\/\/agora.xtec.cat\/col-tarres\/wp-json\/wp\/v2\/pages\/14047","targetHints":{"allow":["GET"]}}],"collection":[{"href":"https:\/\/agora.xtec.cat\/col-tarres\/wp-json\/wp\/v2\/pages"}],"about":[{"href":"https:\/\/agora.xtec.cat\/col-tarres\/wp-json\/wp\/v2\/types\/page"}],"author":[{"embeddable":true,"href":"https:\/\/agora.xtec.cat\/col-tarres\/wp-json\/wp\/v2\/users\/8"}],"replies":[{"embeddable":true,"href":"https:\/\/agora.xtec.cat\/col-tarres\/wp-json\/wp\/v2\/comments?post=14047"}],"version-history":[{"count":3,"href":"https:\/\/agora.xtec.cat\/col-tarres\/wp-json\/wp\/v2\/pages\/14047\/revisions"}],"predecessor-version":[{"id":19134,"href":"https:\/\/agora.xtec.cat\/col-tarres\/wp-json\/wp\/v2\/pages\/14047\/revisions\/19134"}],"up":[{"embeddable":true,"href":"https:\/\/agora.xtec.cat\/col-tarres\/wp-json\/wp\/v2\/pages\/195"}],"wp:attachment":[{"href":"https:\/\/agora.xtec.cat\/col-tarres\/wp-json\/wp\/v2\/media?parent=14047"}],"curies":[{"name":"wp","href":"https:\/\/api.w.org\/{rel}","templated":true}]}}

Secundària

<p><img loading="lazy" decoding="async" class="alignnone size-full wp-image-12142" src="https://agora.xtec.cat/col-tarres/wp-content/uploads/usu1585/2020/04/secundaria.jpg" alt="" width="1455" height="180" srcset="https://agora.xtec.cat/col-tarres/wp-content/uploads/usu1585/2020/04/secundaria.jpg 1455w, https://agora.xtec.cat/col-tarres/wp-content/uploads/usu1585/2020/04/secundaria-300x37.jpg 300w, https://agora.xtec.cat/col-tarres/wp-content/uploads/usu1585/2020/04/secundaria-768x95.jpg 768w, https://agora.xtec.cat/col-tarres/wp-content/uploads/usu1585/2020/04/secundaria-1024x127.jpg 1024w" sizes="auto, (max-width: 1455px) 100vw, 1455px" /></p>
<p>És l’última etapa de l’educació obligatòria. Està organitzada en 4 cursos que van de 1r  a 4t d’ESO (dels <strong>12 als 16 anys</strong>)</p>
<p>És una etapa de ruptura amb l’educació primària i que prepara el canvi per prendre les grans decisions. E<span style="font-family: inherit; font-size: 1em;">ls alumnes passen d’un model d’aprenentatge liderat pel mestre de l’aula que alhora és el tutor, a un model on un conjunt de professors i professores (equip docent) es fa responsable del grup conduit per un d’ells que és el tutor, i per tant responsable de l’acompanyament dels alumnes i les famílies en aquest camí de </span>creixement <span style="font-family: inherit; font-size: 1em;">i de </span>presa de decisions<span style="font-family: inherit; font-size: 1em;">. </span></p>
<p>Són elements fonamentals d’aquesta etapa: l’atenció individualitzada, l’orientació personal i professional i la proposta curricular optativa.</p>
<h5><strong>Què treballem?</strong></h5>
<p><strong><span style="color: #008000;"># </span></strong>L&#8217;<strong>autonomia</strong> de l&#8217;alumne per a responsabilitzar-se del seu treball i per començar a prendre decisions sobre el seu futur. Sempre acompanyat pel seu tutor o tutora i pel pròxim equip docent de Secundària, que ens permet conèixer en profunditat els nostres alumnes.</p>
<p><strong><span style="color: #008000;"># </span></strong>Adquirir els coneixements òptims per la continuació en els seus <strong>estudis postobligatoris</strong>.</p>
<p><strong><span style="color: #008000;"># </span></strong>Valors socials: aprendre a <strong>responsabilitzar-se</strong> amb el seu entorn i a<strong> solidaritzar-se</strong> amb les persones que més ho necessiten.</p>
<p><strong><span style="color: #008000;"># </span>Motivar</strong> els alumnes en la part optativa de l&#8217;etapa, on treballem assignatures amb propostes innovadores que satisfan els interessos del nostre alumnat.</p>
<h5><strong>Com ho treballem?</strong></h5>
<p><strong><span style="color: #008000;"># </span>Desdoblaments</strong> d&#8217;unes hores a la setmana a les classes de Matemàtiques, Castellà, Català i Anglès.</p>
<p><strong><span style="color: #008000;"># </span></strong><strong>Impuls de les eines digitals</strong> i el treball amb les noves tecnologies a les assignatures de Ciències Naturals, Matemàtiques i Tecnologia. Per exemple, el <strong>Projecte de Robòtica</strong> que s&#8217;inicia a 5è de Primària i continua a l&#8217;etapa de l&#8217;ESO.</p>
<p><strong><span style="color: #008000;"># </span></strong>L&#8217;Escola disposa d&#8217;una <strong>professora especialitzada en el reforç </strong>dels alumnes amb <strong>diversitat d&#8217;aprenentatge</strong>, fet que els dona una atenció individualitzada on poden aprendre en un entorn més proper.</p>
<p><strong><span style="color: #008000;"># </span>Projecte Solidaris</strong> en el marc del Servei Solidari. Per exemple, recollida d&#8217;aliments i joguines i aliments durant la campanya de Nadal, <strong>Projecte Intergeneracional</strong> amb la residència de gent gran La Font i la Biblioteca dels Safareigs, etc.</p>
<h5><strong>I en acabar 4t d&#8217;ESO, què?</strong></h5>
<p>En acabar aquesta última etapa obligatòria, els alumnes rebran el títol de <strong>Graduat en educació secundària</strong>, si han aconseguit assolir els objectius fixats, i així els facultarà per accedir a l’educació secundària Postobligatòria (Batxillerat i Cicles Formatius de Grau Mitjà) o entrar al món laboral.</p>
<p>Visiteu la nostra pàgina &#8216;<a href="https://agora.xtec.cat/col-tarres/estudis/postobligatoris/">Batxillerat i Cicles Formatius</a>&#8216; si us voleu informar sobre aquests estudis postobligatoris al <strong>Jaume Viladoms</strong>, centre amb el qual tenim una adscripció.</p>

<p>És l’última etapa de l’educació obligatòria. Està organitzada en 4 cursos que van de 1r  a 4t d’ESO (dels 12 [&hellip;]</p>
