{"id":14039,"date":"2021-05-01T21:05:47","date_gmt":"2021-05-01T19:05:47","guid":{"rendered":"http:\/\/agora.xtec.cat\/col-tarres\/?page_id=14039"},"modified":"2025-08-28T12:01:53","modified_gmt":"2025-08-28T10:01:53","slug":"infantil","status":"publish","type":"page","link":"https:\/\/agora.xtec.cat\/col-tarres\/estudis\/infantil\/","title":{"rendered":"Infantil"},"content":{"rendered":"<p><img loading=\"lazy\" decoding=\"async\" class=\"alignnone size-full wp-image-12158\" src=\"https:\/\/agora.xtec.cat\/col-tarres\/wp-content\/uploads\/usu1585\/2020\/04\/infantil.jpg\" alt=\"\" width=\"1410\" height=\"171\" srcset=\"https:\/\/agora.xtec.cat\/col-tarres\/wp-content\/uploads\/usu1585\/2020\/04\/infantil.jpg 1410w, https:\/\/agora.xtec.cat\/col-tarres\/wp-content\/uploads\/usu1585\/2020\/04\/infantil-300x36.jpg 300w, https:\/\/agora.xtec.cat\/col-tarres\/wp-content\/uploads\/usu1585\/2020\/04\/infantil-768x93.jpg 768w, https:\/\/agora.xtec.cat\/col-tarres\/wp-content\/uploads\/usu1585\/2020\/04\/infantil-1024x124.jpg 1024w\" sizes=\"auto, (max-width: 1410px) 100vw, 1410px\" \/><\/p>\n<p>Els grans eixos de l\u2019aprenentatge a l\u2019etapa de <strong>3-6 anys<\/strong> s\u00f3n els centres d\u2019inter\u00e8s i el treball per projectes, potenciant l\u2019aprenentatge significatiu, experimental i vivencial. S&#8217;estructura en tres cursos: <strong>Infantil-3<\/strong> (P3), <strong>Infantil-4<\/strong> (P4) i <strong>Infantil-5<\/strong> (P5).<\/p>\n<h5><strong>Com treballem?<\/strong><\/h5>\n<p><iframe loading=\"lazy\" title=\"YouTube video player\" src=\"https:\/\/www.youtube.com\/embed\/0HUKgWepBHo\" width=\"560\" height=\"315\" frameborder=\"0\" allowfullscreen=\"allowfullscreen\"><\/iframe><\/p>\n<p><strong><span style=\"color: #008000;\">#<\/span> <\/strong>Adquisici\u00f3 dels valors de la responsabilitat i l\u2019esfor\u00e7 personal a trav\u00e9s de l\u2019adquisici\u00f3 d\u2019<strong>h\u00e0bits i rutines<\/strong>, valorant la feina ben feta i donant <strong>autonomia<\/strong> a l\u2019alumne.<\/p>\n<p><strong><span style=\"color: #008000;\">#<\/span> <\/strong>Treball multidisciplinari a trav\u00e9s dels espais d&#8217;aprenentatge aut\u00f2nom, actiu, din\u00e0mic i vivencial d&#8217;<strong><a href=\"https:\/\/agora.xtec.cat\/col-tarres\/projectes\/ambients\/\"><em>Els Ambients<\/em><\/a> <\/strong>i altres projectes que realitzem durant el curs.<\/p>\n<p><strong><span style=\"color: #008000;\">#<\/span> <\/strong>Fomentar la socialitzaci\u00f3 i l&#8217;aprenentatge amb infants m\u00e9s grans de Prim\u00e0ria en projectes com <em>els Padrins<\/em>.<\/p>\n<p><span style=\"color: #008000;\"><strong># <\/strong><\/span>Primera immersi\u00f3 ling\u00fc\u00edstica a la <a href=\"https:\/\/agora.xtec.cat\/col-tarres\/projectes\/llengues\/\"><strong>llengua anglesa<\/strong><\/a>: els infants s&#8217;han de familiaritzar amb la llengua i aprendre les primeres nocions comunicatives. Es fan <strong>dues hores setmanes d&#8217;angl\u00e8s<\/strong>, una amb el grup classe i una altra amb grup desdoblat (12\/13 infants).<\/p>\n<p><span style=\"color: #008000;\"><strong>#\u00a0<\/strong><\/span>Descoberta d&#8217;un mateix a trav\u00e9s del moviment a les sessions de <strong>psicomotricitat<\/strong>.<\/p>\n<p><span style=\"color: #008000;\"><strong>#\u00a0<\/strong><\/span>Treballem la <strong>m\u00fasica<\/strong> a l&#8217;Educaci\u00f3 Infantil perqu\u00e8 els infants aprenguin els elements de la m\u00fasica (melodia, ritme, expressivitat, entonaci\u00f3) a trav\u00e9s de la can\u00e7\u00f3 i la dansa.<\/p>\n<h5><strong>Acompanyament dels nostres alumnes<\/strong><\/h5>\n<p><span style=\"color: #008000;\"><strong>#<\/strong>\u00a0<\/span>Orientaci\u00f3 i relaci\u00f3 constant de les tutores amb les fam\u00edlies per garantir un acompanyament constant del nostre alumnat.<\/p>\n<p><span style=\"color: #008000;\"><strong>#\u00a0<\/strong><\/span>Pres\u00e8ncia sempre de <strong>dues persones a l&#8217;aula<\/strong> (mestra tutora + auxiliar de suport) als grups dels infants m\u00e9s petits de l&#8217;escola, a <strong>Infantil-3<\/strong> i <strong>Infantil-4<\/strong>.<\/p>\n<p><span style=\"color: #008000;\"><strong>#<\/strong><\/span>\u00a0<strong>Detecci\u00f3<\/strong> de trastorns d\u2019aprenentatge per atendre les necessitats formatives de manera personalitzada. Atenci\u00f3 a la diversitat, som una escola inclusiva.<\/p>\n<p><span style=\"color: #008000;\"><strong># <\/strong><\/span>Observaci\u00f3 de l&#8217;infant i elaboraci\u00f3 d&#8217;un primer informe al final del primer trimestre i un altre a final de curs.<\/p>\n","protected":false},"excerpt":{"rendered":"<p>Els grans eixos de l\u2019aprenentatge a l\u2019etapa de 3-6 anys s\u00f3n els centres d\u2019inter\u00e8s i el treball per projectes, potenciant [&hellip;]<\/p>\n","protected":false},"author":8,"featured_media":0,"parent":195,"menu_order":1,"comment_status":"closed","ping_status":"closed","template":"","meta":{"_bbp_topic_count":0,"_bbp_reply_count":0,"_bbp_total_topic_count":0,"_bbp_total_reply_count":0,"_bbp_voice_count":0,"_bbp_anonymous_reply_count":0,"_bbp_topic_count_hidden":0,"_bbp_reply_count_hidden":0,"_bbp_forum_subforum_count":0,"site-sidebar-layout":"default","site-content-layout":"","ast-site-content-layout":"default","site-content-style":"default","site-sidebar-style":"default","ast-global-header-display":"","ast-banner-title-visibility":"","ast-main-header-display":"","ast-hfb-above-header-display":"","ast-hfb-below-header-display":"","ast-hfb-mobile-header-display":"","site-post-title":"","ast-breadcrumbs-content":"","ast-featured-img":"","footer-sml-layout":"","theme-transparent-header-meta":"","adv-header-id-meta":"","stick-header-meta":"","header-above-stick-meta":"","header-main-stick-meta":"","header-below-stick-meta":"","astra-migrate-meta-layouts":"set","ast-page-background-enabled":"default","ast-page-background-meta":{"desktop":{"background-color":"var(--ast-global-color-4)","background-image":"","background-repeat":"repeat","background-position":"center center","background-size":"auto","background-attachment":"scroll","background-type":"","background-media":"","overlay-type":"","overlay-color":"","overlay-opacity":"","overlay-gradient":""},"tablet":{"background-color":"","background-image":"","background-repeat":"repeat","background-position":"center center","background-size":"auto","background-attachment":"scroll","background-type":"","background-media":"","overlay-type":"","overlay-color":"","overlay-opacity":"","overlay-gradient":""},"mobile":{"background-color":"","background-image":"","background-repeat":"repeat","background-position":"center center","background-size":"auto","background-attachment":"scroll","background-type":"","background-media":"","overlay-type":"","overlay-color":"","overlay-opacity":"","overlay-gradient":""}},"ast-content-background-meta":{"desktop":{"background-color":"var(--ast-global-color-5)","background-image":"","background-repeat":"repeat","background-position":"center center","background-size":"auto","background-attachment":"scroll","background-type":"","background-media":"","overlay-type":"","overlay-color":"","overlay-opacity":"","overlay-gradient":""},"tablet":{"background-color":"var(--ast-global-color-5)","background-image":"","background-repeat":"repeat","background-position":"center center","background-size":"auto","background-attachment":"scroll","background-type":"","background-media":"","overlay-type":"","overlay-color":"","overlay-opacity":"","overlay-gradient":""},"mobile":{"background-color":"var(--ast-global-color-5)","background-image":"","background-repeat":"repeat","background-position":"center center","background-size":"auto","background-attachment":"scroll","background-type":"","background-media":"","overlay-type":"","overlay-color":"","overlay-opacity":"","overlay-gradient":""}},"footnotes":""},"class_list":["post-14039","page","type-page","status-publish","hentry"],"post_mailing_queue_ids":[],"_links":{"self":[{"href":"https:\/\/agora.xtec.cat\/col-tarres\/wp-json\/wp\/v2\/pages\/14039","targetHints":{"allow":["GET"]}}],"collection":[{"href":"https:\/\/agora.xtec.cat\/col-tarres\/wp-json\/wp\/v2\/pages"}],"about":[{"href":"https:\/\/agora.xtec.cat\/col-tarres\/wp-json\/wp\/v2\/types\/page"}],"author":[{"embeddable":true,"href":"https:\/\/agora.xtec.cat\/col-tarres\/wp-json\/wp\/v2\/users\/8"}],"replies":[{"embeddable":true,"href":"https:\/\/agora.xtec.cat\/col-tarres\/wp-json\/wp\/v2\/comments?post=14039"}],"version-history":[{"count":4,"href":"https:\/\/agora.xtec.cat\/col-tarres\/wp-json\/wp\/v2\/pages\/14039\/revisions"}],"predecessor-version":[{"id":19131,"href":"https:\/\/agora.xtec.cat\/col-tarres\/wp-json\/wp\/v2\/pages\/14039\/revisions\/19131"}],"up":[{"embeddable":true,"href":"https:\/\/agora.xtec.cat\/col-tarres\/wp-json\/wp\/v2\/pages\/195"}],"wp:attachment":[{"href":"https:\/\/agora.xtec.cat\/col-tarres\/wp-json\/wp\/v2\/media?parent=14039"}],"curies":[{"name":"wp","href":"https:\/\/api.w.org\/{rel}","templated":true}]}}

<p><img loading="lazy" decoding="async" class="alignnone size-full wp-image-12158" src="https://agora.xtec.cat/col-tarres/wp-content/uploads/usu1585/2020/04/infantil.jpg" alt="" width="1410" height="171" srcset="https://agora.xtec.cat/col-tarres/wp-content/uploads/usu1585/2020/04/infantil.jpg 1410w, https://agora.xtec.cat/col-tarres/wp-content/uploads/usu1585/2020/04/infantil-300x36.jpg 300w, https://agora.xtec.cat/col-tarres/wp-content/uploads/usu1585/2020/04/infantil-768x93.jpg 768w, https://agora.xtec.cat/col-tarres/wp-content/uploads/usu1585/2020/04/infantil-1024x124.jpg 1024w" sizes="auto, (max-width: 1410px) 100vw, 1410px" /></p>
<p>Els grans eixos de l’aprenentatge a l’etapa de <strong>3-6 anys</strong> són els centres d’interès i el treball per projectes, potenciant l’aprenentatge significatiu, experimental i vivencial. S&#8217;estructura en tres cursos: <strong>Infantil-3</strong> (P3), <strong>Infantil-4</strong> (P4) i <strong>Infantil-5</strong> (P5).</p>
<h5><strong>Com treballem?</strong></h5>
<p><iframe loading="lazy" title="YouTube video player" src="https://www.youtube.com/embed/0HUKgWepBHo" width="560" height="315" frameborder="0" allowfullscreen="allowfullscreen"></iframe></p>
<p><strong><span style="color: #008000;">#</span> </strong>Adquisició dels valors de la responsabilitat i l’esforç personal a través de l’adquisició d’<strong>hàbits i rutines</strong>, valorant la feina ben feta i donant <strong>autonomia</strong> a l’alumne.</p>
<p><strong><span style="color: #008000;">#</span> </strong>Treball multidisciplinari a través dels espais d&#8217;aprenentatge autònom, actiu, dinàmic i vivencial d&#8217;<strong><a href="https://agora.xtec.cat/col-tarres/projectes/ambients/"><em>Els Ambients</em></a> </strong>i altres projectes que realitzem durant el curs.</p>
<p><strong><span style="color: #008000;">#</span> </strong>Fomentar la socialització i l&#8217;aprenentatge amb infants més grans de Primària en projectes com <em>els Padrins</em>.</p>
<p><span style="color: #008000;"><strong># </strong></span>Primera immersió lingüística a la <a href="https://agora.xtec.cat/col-tarres/projectes/llengues/"><strong>llengua anglesa</strong></a>: els infants s&#8217;han de familiaritzar amb la llengua i aprendre les primeres nocions comunicatives. Es fan <strong>dues hores setmanes d&#8217;anglès</strong>, una amb el grup classe i una altra amb grup desdoblat (12/13 infants).</p>
<p><span style="color: #008000;"><strong># </strong></span>Descoberta d&#8217;un mateix a través del moviment a les sessions de <strong>psicomotricitat</strong>.</p>
<p><span style="color: #008000;"><strong># </strong></span>Treballem la <strong>música</strong> a l&#8217;Educació Infantil perquè els infants aprenguin els elements de la música (melodia, ritme, expressivitat, entonació) a través de la cançó i la dansa.</p>
<h5><strong>Acompanyament dels nostres alumnes</strong></h5>
<p><span style="color: #008000;"><strong>#</strong> </span>Orientació i relació constant de les tutores amb les famílies per garantir un acompanyament constant del nostre alumnat.</p>
<p><span style="color: #008000;"><strong># </strong></span>Presència sempre de <strong>dues persones a l&#8217;aula</strong> (mestra tutora + auxiliar de suport) als grups dels infants més petits de l&#8217;escola, a <strong>Infantil-3</strong> i <strong>Infantil-4</strong>.</p>
<p><span style="color: #008000;"><strong>#</strong></span> <strong>Detecció</strong> de trastorns d’aprenentatge per atendre les necessitats formatives de manera personalitzada. Atenció a la diversitat, som una escola inclusiva.</p>
<p><span style="color: #008000;"><strong># </strong></span>Observació de l&#8217;infant i elaboració d&#8217;un primer informe al final del primer trimestre i un altre a final de curs.</p>

<p>Els grans eixos de l’aprenentatge a l’etapa de 3-6 anys són els centres d’interès i el treball per projectes, potenciant [&hellip;]</p>
