{"id":13189,"date":"2021-01-10T00:03:13","date_gmt":"2021-01-09T23:03:13","guid":{"rendered":"http:\/\/agora.xtec.cat\/col-tarres\/?page_id=13189"},"modified":"2025-10-05T21:19:23","modified_gmt":"2025-10-05T19:19:23","slug":"acollida-matinal","status":"publish","type":"page","link":"https:\/\/agora.xtec.cat\/col-tarres\/serveis\/acollida-matinal\/","title":{"rendered":"Acollida i Perman\u00e8ncies"},"content":{"rendered":"\n<h2 class=\"wp-block-heading has-text-align-center\">ACOLLIDA I PERMAN\u00c8NCIES<\/h2>\n\n\n\n<hr class=\"wp-block-separator has-text-color has-ast-global-color-1-color has-alpha-channel-opacity has-ast-global-color-1-background-color has-background\"\/>\n\n\n\n<p class=\"has-text-align-center\">Cada dia a partir de les 7:30h.<\/p>\n\n\n\n<div class=\"wp-block-columns is-layout-flex wp-container-core-columns-is-layout-1 wp-block-columns-is-layout-flex\">\n<div class=\"wp-block-column is-layout-flow wp-block-column-is-layout-flow\" style=\"flex-basis:66.66%\">\n<h4 class=\"wp-block-heading has-ast-global-color-1-color has-text-color has-link-color wp-elements-4f3eb64e7c9852b0a533b7d9248fa188\"><strong>Acollida matinal<\/strong><\/h4>\n\n\n\n<h5 class=\"wp-block-heading has-black-color has-text-color has-link-color wp-elements-4e2aa2059336e9fc269b38fd8985ce0c\"><strong>Qu\u00e8 \u00e9s l&#8217;acollida matinal?<\/strong><\/h5>\n\n\n\n<p>Per tal de facilitar la conciliaci\u00f3 de la vida laboral amb els horaris escolars, l\u2019Escola Tarr\u00e9s posa a la disposici\u00f3 de les fam\u00edlies un servei d\u2019acollida matinal des de les <strong>7:30h del mat\u00ed<\/strong> fins a l&#8217;inici de classes, durant tots els dies lectius del curs.<\/p>\n\n\n\n<p>Aquest servei est\u00e0 pensat per a les fam\u00edlies on els pares i mares comencen a treballar molt d\u2019hora al mat\u00ed i necessiten que els nens i les nenes estiguin atesos mentre no comencen les classes, oferint un espai agradable i l\u00fadic. <\/p>\n\n\n\n<p>Tamb\u00e9 est\u00e0 pensat per a les fam\u00edlies que necessiten utilitzar aquest servei d\u2019una manera <strong>espor\u00e0dica <\/strong>o puntual.<\/p>\n\n\n\n<h5 class=\"wp-block-heading has-black-color has-text-color has-link-color wp-elements-01fd15cf761b4ea3f8c2a7a9ac670d74\"><strong>Com s&#8217;organitza l&#8217;acollida matinal?<\/strong><\/h5>\n\n\n\n<p>L\u2019entrada al servei d\u2019acollida es fa per la <strong>porta principal<\/strong> de l&#8217;escola (Canonge Joncar, 127). L\u2019espai destinat per utilitzar el servei \u00e9s el <strong>menjador<\/strong> de l\u2019escola, un lloc tranquil i agradable on els nens i les nenes poden realitzar les activitats proposades. <\/p>\n\n\n\n<p>Per als infants m\u00e9s petits les activitats poden ser jocs de taula, puzles, encaixos, contes\u2026 Per als m\u00e9s grans, els escacs, pintura de mandales, llegir, fer deures o esmorzar\u2026<\/p>\n\n\n\n<p>Per fer \u00fas de l&#8217;Acollida, nom\u00e9s cal adre\u00e7ar-s&#8217;hi directament. \u00c9s possible anar-hi dies espor\u00e0dics, sense inscripci\u00f3 pr\u00e8via.<\/p>\n\n\n\n<h5 class=\"wp-block-heading has-black-color has-text-color has-link-color wp-elements-fdbbea16073ca9b7d819aec6d177b42a\"><strong>Contacteu amb l&#8217;equip d&#8217;Acollida Matinal<\/strong><\/h5>\n\n\n\n<ul class=\"wp-block-list\">\n<li><strong>Correu electr\u00f2nic<span style=\"font-family: inherit; font-size: 1em;\">:<\/span><\/strong><span style=\"font-family: inherit; font-size: 1em;\">\u00a0<\/span><a href=\"mailto:menjador@escolatarres.com\">menjador<span class=\"\">@escolatarres.com<\/span><\/a><\/li>\n\n\n\n<li><strong>Tel\u00e8fon<\/strong>: 937 23 57 01<\/li>\n<\/ul>\n<\/div>\n\n\n\n<div class=\"wp-block-column is-layout-flow wp-block-column-is-layout-flow\" style=\"flex-basis:33.33%\">\n<h4 class=\"wp-block-heading has-ast-global-color-1-color has-text-color has-link-color wp-elements-cb0651a905cef6e5acc6f703b4f4f41d\">Perman\u00e8ncia de migdia i tardes<\/h4>\n\n\n\n<p>La perman\u00e8ncia de migdies i tardes s&#8217;ofereix per a les fam\u00edlies d&#8217;Infantil i Prim\u00e0ria des de la finalitzaci\u00f3 de classes i<strong> fins a les 14 i les 18h<\/strong>, respectivament.<\/p>\n\n\n\n<h5 class=\"wp-block-heading has-black-color has-text-color has-link-color wp-elements-84af1cad3c34f6962aa4729afaeac57e\"><strong>Com s&#8217;organitza la perman\u00e8ncia de migdia i tardes?<\/strong><\/h5>\n\n\n\n<p>Si heu d&#8217;utilitzar aquest servei, cal que aviseu el mateix dia a <strong>Secretaria:<\/strong><\/p>\n\n\n\n<ul class=\"wp-block-list\">\n<li><strong>Correu electr\u00f2nic<\/strong>:<a href=\"mailto:info@escolatarres.com\"> info@escolatarres.com<\/a><\/li>\n\n\n\n<li><strong>Tel\u00e8fon<\/strong>: 937 23 57 01<\/li>\n<\/ul>\n<\/div>\n<\/div>\n","protected":false},"excerpt":{"rendered":"<p>ACOLLIDA I PERMAN\u00c8NCIES Cada dia a partir de les 7:30h. Acollida matinal Qu\u00e8 \u00e9s l&#8217;acollida matinal? Per tal de facilitar [&hellip;]<\/p>\n","protected":false},"author":8,"featured_media":0,"parent":63,"menu_order":4,"comment_status":"closed","ping_status":"closed","template":"","meta":{"_bbp_topic_count":0,"_bbp_reply_count":0,"_bbp_total_topic_count":0,"_bbp_total_reply_count":0,"_bbp_voice_count":0,"_bbp_anonymous_reply_count":0,"_bbp_topic_count_hidden":0,"_bbp_reply_count_hidden":0,"_bbp_forum_subforum_count":0,"site-sidebar-layout":"default","site-content-layout":"","ast-site-content-layout":"default","site-content-style":"default","site-sidebar-style":"default","ast-global-header-display":"","ast-banner-title-visibility":"","ast-main-header-display":"","ast-hfb-above-header-display":"","ast-hfb-below-header-display":"","ast-hfb-mobile-header-display":"","site-post-title":"disabled","ast-breadcrumbs-content":"","ast-featured-img":"","footer-sml-layout":"","theme-transparent-header-meta":"default","adv-header-id-meta":"","stick-header-meta":"","header-above-stick-meta":"","header-main-stick-meta":"","header-below-stick-meta":"","astra-migrate-meta-layouts":"set","ast-page-background-enabled":"default","ast-page-background-meta":{"desktop":{"background-color":"var(--ast-global-color-4)","background-image":"","background-repeat":"repeat","background-position":"center center","background-size":"auto","background-attachment":"scroll","background-type":"","background-media":"","overlay-type":"","overlay-color":"","overlay-opacity":"","overlay-gradient":""},"tablet":{"background-color":"","background-image":"","background-repeat":"repeat","background-position":"center center","background-size":"auto","background-attachment":"scroll","background-type":"","background-media":"","overlay-type":"","overlay-color":"","overlay-opacity":"","overlay-gradient":""},"mobile":{"background-color":"","background-image":"","background-repeat":"repeat","background-position":"center center","background-size":"auto","background-attachment":"scroll","background-type":"","background-media":"","overlay-type":"","overlay-color":"","overlay-opacity":"","overlay-gradient":""}},"ast-content-background-meta":{"desktop":{"background-color":"var(--ast-global-color-5)","background-image":"","background-repeat":"repeat","background-position":"center center","background-size":"auto","background-attachment":"scroll","background-type":"","background-media":"","overlay-type":"","overlay-color":"","overlay-opacity":"","overlay-gradient":""},"tablet":{"background-color":"var(--ast-global-color-5)","background-image":"","background-repeat":"repeat","background-position":"center center","background-size":"auto","background-attachment":"scroll","background-type":"","background-media":"","overlay-type":"","overlay-color":"","overlay-opacity":"","overlay-gradient":""},"mobile":{"background-color":"var(--ast-global-color-5)","background-image":"","background-repeat":"repeat","background-position":"center center","background-size":"auto","background-attachment":"scroll","background-type":"","background-media":"","overlay-type":"","overlay-color":"","overlay-opacity":"","overlay-gradient":""}},"footnotes":""},"class_list":["post-13189","page","type-page","status-publish","hentry"],"post_mailing_queue_ids":[],"_links":{"self":[{"href":"https:\/\/agora.xtec.cat\/col-tarres\/wp-json\/wp\/v2\/pages\/13189","targetHints":{"allow":["GET"]}}],"collection":[{"href":"https:\/\/agora.xtec.cat\/col-tarres\/wp-json\/wp\/v2\/pages"}],"about":[{"href":"https:\/\/agora.xtec.cat\/col-tarres\/wp-json\/wp\/v2\/types\/page"}],"author":[{"embeddable":true,"href":"https:\/\/agora.xtec.cat\/col-tarres\/wp-json\/wp\/v2\/users\/8"}],"replies":[{"embeddable":true,"href":"https:\/\/agora.xtec.cat\/col-tarres\/wp-json\/wp\/v2\/comments?post=13189"}],"version-history":[{"count":6,"href":"https:\/\/agora.xtec.cat\/col-tarres\/wp-json\/wp\/v2\/pages\/13189\/revisions"}],"predecessor-version":[{"id":19248,"href":"https:\/\/agora.xtec.cat\/col-tarres\/wp-json\/wp\/v2\/pages\/13189\/revisions\/19248"}],"up":[{"embeddable":true,"href":"https:\/\/agora.xtec.cat\/col-tarres\/wp-json\/wp\/v2\/pages\/63"}],"wp:attachment":[{"href":"https:\/\/agora.xtec.cat\/col-tarres\/wp-json\/wp\/v2\/media?parent=13189"}],"curies":[{"name":"wp","href":"https:\/\/api.w.org\/{rel}","templated":true}]}}

Acollida i Permanències

<h2 class="wp-block-heading has-text-align-center">ACOLLIDA I PERMANÈNCIES</h2>



<hr class="wp-block-separator has-text-color has-ast-global-color-1-color has-alpha-channel-opacity has-ast-global-color-1-background-color has-background"/>



<p class="has-text-align-center">Cada dia a partir de les 7:30h.</p>



<div class="wp-block-columns is-layout-flex wp-container-core-columns-is-layout-1 wp-block-columns-is-layout-flex">
<div class="wp-block-column is-layout-flow wp-block-column-is-layout-flow" style="flex-basis:66.66%">
<h4 class="wp-block-heading has-ast-global-color-1-color has-text-color has-link-color wp-elements-4f3eb64e7c9852b0a533b7d9248fa188"><strong>Acollida matinal</strong></h4>



<h5 class="wp-block-heading has-black-color has-text-color has-link-color wp-elements-4e2aa2059336e9fc269b38fd8985ce0c"><strong>Què és l&#8217;acollida matinal?</strong></h5>



<p>Per tal de facilitar la conciliació de la vida laboral amb els horaris escolars, l’Escola Tarrés posa a la disposició de les famílies un servei d’acollida matinal des de les <strong>7:30h del matí</strong> fins a l&#8217;inici de classes, durant tots els dies lectius del curs.</p>



<p>Aquest servei està pensat per a les famílies on els pares i mares comencen a treballar molt d’hora al matí i necessiten que els nens i les nenes estiguin atesos mentre no comencen les classes, oferint un espai agradable i lúdic. </p>



<p>També està pensat per a les famílies que necessiten utilitzar aquest servei d’una manera <strong>esporàdica </strong>o puntual.</p>



<h5 class="wp-block-heading has-black-color has-text-color has-link-color wp-elements-01fd15cf761b4ea3f8c2a7a9ac670d74"><strong>Com s&#8217;organitza l&#8217;acollida matinal?</strong></h5>



<p>L’entrada al servei d’acollida es fa per la <strong>porta principal</strong> de l&#8217;escola (Canonge Joncar, 127). L’espai destinat per utilitzar el servei és el <strong>menjador</strong> de l’escola, un lloc tranquil i agradable on els nens i les nenes poden realitzar les activitats proposades. </p>



<p>Per als infants més petits les activitats poden ser jocs de taula, puzles, encaixos, contes… Per als més grans, els escacs, pintura de mandales, llegir, fer deures o esmorzar…</p>



<p>Per fer ús de l&#8217;Acollida, només cal adreçar-s&#8217;hi directament. És possible anar-hi dies esporàdics, sense inscripció prèvia.</p>



<h5 class="wp-block-heading has-black-color has-text-color has-link-color wp-elements-fdbbea16073ca9b7d819aec6d177b42a"><strong>Contacteu amb l&#8217;equip d&#8217;Acollida Matinal</strong></h5>



<ul class="wp-block-list">
<li><strong>Correu electrònic<span style="font-family: inherit; font-size: 1em;">:</span></strong><span style="font-family: inherit; font-size: 1em;"> </span><a href="mailto:menjador@escolatarres.com">menjador<span class="">@escolatarres.com</span></a></li>



<li><strong>Telèfon</strong>: 937 23 57 01</li>
</ul>
</div>



<div class="wp-block-column is-layout-flow wp-block-column-is-layout-flow" style="flex-basis:33.33%">
<h4 class="wp-block-heading has-ast-global-color-1-color has-text-color has-link-color wp-elements-cb0651a905cef6e5acc6f703b4f4f41d">Permanència de migdia i tardes</h4>



<p>La permanència de migdies i tardes s&#8217;ofereix per a les famílies d&#8217;Infantil i Primària des de la finalització de classes i<strong> fins a les 14 i les 18h</strong>, respectivament.</p>



<h5 class="wp-block-heading has-black-color has-text-color has-link-color wp-elements-84af1cad3c34f6962aa4729afaeac57e"><strong>Com s&#8217;organitza la permanència de migdia i tardes?</strong></h5>



<p>Si heu d&#8217;utilitzar aquest servei, cal que aviseu el mateix dia a <strong>Secretaria:</strong></p>



<ul class="wp-block-list">
<li><strong>Correu electrònic</strong>:<a href="mailto:info@escolatarres.com"> info@escolatarres.com</a></li>



<li><strong>Telèfon</strong>: 937 23 57 01</li>
</ul>
</div>
</div>

<p>ACOLLIDA I PERMANÈNCIES Cada dia a partir de les 7:30h. Acollida matinal Què és l&#8217;acollida matinal? Per tal de facilitar [&hellip;]</p>
