{"id":10089,"date":"2018-10-09T15:38:10","date_gmt":"2018-10-09T13:38:10","guid":{"rendered":"http:\/\/agora.xtec.cat\/col-tarres\/?page_id=10089"},"modified":"2026-02-08T23:10:17","modified_gmt":"2026-02-08T22:10:17","slug":"consell-escolar","status":"publish","type":"page","link":"https:\/\/agora.xtec.cat\/col-tarres\/comunitat\/consell-escolar\/","title":{"rendered":"Consell Escolar"},"content":{"rendered":"\n<h2 class=\"wp-block-heading has-text-align-center\">CONSELL ESCOLAR<\/h2>\n\n\n\n<hr class=\"wp-block-separator has-text-color has-ast-global-color-1-color has-alpha-channel-opacity has-ast-global-color-1-background-color has-background\"\/>\n\n\n\n<p class=\"has-text-align-center\">L&#8217;\u00f2rgan de governan\u00e7a i participaci\u00f3 de la Comunitat Tarr\u00e9s<\/p>\n\n\n\n<div class=\"wp-block-columns is-layout-flex wp-container-core-columns-is-layout-1 wp-block-columns-is-layout-flex\">\n<div class=\"wp-block-column is-layout-flow wp-block-column-is-layout-flow\" style=\"flex-basis:66.66%\">\n<h5 class=\"wp-block-heading has-ast-global-color-1-color has-text-color has-link-color wp-elements-f81f38c12ac348432ac85283b20e333d\">Qu\u00e8 \u00e9s el Consell Escolar?<\/h5>\n\n\n\n<p>El Consell Escolar \u00e9s l&#8217;\u00f2rgan de participaci\u00f3 dels diferents sectors de la comunitat educativa en el govern del Centre.<\/p>\n\n\n\n<h5 class=\"wp-block-heading has-ast-global-color-1-color has-text-color has-link-color wp-elements-5059034e48c819a9d50c624db24af2f4\">Quina \u00e9s la seva funci\u00f3?<\/h5>\n\n\n\n<p>En els centres privats concertats, la funci\u00f3 principal del Consell Escolar \u00e9s debatre, analitzar, avaluar i prendre decisions sobre els temes proposats pel Titular del centre.<\/p>\n\n\n\n<ul class=\"wp-block-list\">\n<li style=\"padding-right:0;padding-left:0\">Aprovar els pressupostos anuals del centre, les quotes de les activitats complement\u00e0ries i dels serveis escolars.<\/li>\n\n\n\n<li>Aprovar el calendari i l&#8217;horari escolar del centre.<\/li>\n\n\n\n<li>Debatre i aprovar la designaci\u00f3 i cessament del Director\/a Pedag\u00f2gic.<\/li>\n\n\n\n<li>Con\u00e8ixer la resoluci\u00f3 de conflictes escolars, vetllar perqu\u00e8 s&#8217;ajusti a la normativa vigent i proposar, si s&#8217;escau, les mesures oportunes.<\/li>\n\n\n\n<li>Aprovar i avaluar, a proposta de l&#8217;equip de direcci\u00f3, la programaci\u00f3 general anual del centre.<\/li>\n\n\n\n<li>Aprovar les decisions sobre l&#8217;estructura organitzativa i les normes de funcionament del centre.<\/li>\n\n\n\n<li>Con\u00e8ixer i avaluar del desenvolupament de la programaci\u00f3 anual en l&#8217;\u00e0mbit docent i dels resultats que se n&#8217;obtenen.<\/li>\n\n\n\n<li>Assessorar el Titular i la Direcci\u00f3 sobre el Projecte Educatiu.<\/li>\n<\/ul>\n\n\n\n<p>El Consell Escolar del centre es reuneix preceptivament dues vegades l&#8217;any (durant el primer trimestre i en finalitzar el curs) i sempre que el convoca el Titular o ho sol\u00b7liciten al menys un ter\u00e7 dels seus membres.<\/p>\n\n\n\n<h5 class=\"wp-block-heading has-ast-global-color-1-color has-text-color has-link-color wp-elements-d03eb49f517e519005af1c4ca9ea34fe\">Qui en forma part?<\/h5>\n\n\n\n<p>El Consell Escolar el formen representants de tota la comunitat educativa: <strong>Direcci\u00f3<\/strong>, <strong>Titular<\/strong>, <strong>docents, alumnes, fam\u00edlies, personal no docent i Ajuntament.<\/strong><\/p>\n\n\n\n<p>Hi ha uns membres no electes (Direcci\u00f3, Titular, AFA i Ajuntament) i uns membres que s&#8217;escullen per elecci\u00f3 i per mandats de quatre anys de durada (fam\u00edlies, alumnat i personal):<\/p>\n\n\n\n<p><strong>Composici\u00f3<\/strong>:<\/p>\n\n\n\n<ul class=\"wp-block-list\">\n<li>El director\/a (que n&#8217;\u00e9s el president\/a)<\/li>\n\n\n\n<li>3 representants del Titular<\/li>\n\n\n\n<li>4 representants del personal docent (elegits per acord de Claustre)<\/li>\n\n\n\n<li>3 representants de les fam\u00edlies (elegits per candidatures i eleccions)<\/li>\n\n\n\n<li>1 representant de l&#8217;AFA<\/li>\n\n\n\n<li>2 representants de l&#8217;alumnat (elegits en assemblees de grup)<\/li>\n\n\n\n<li>1 representant del personal d&#8217;administraci\u00f3 i serveis (elegits per acord entre aquests)<\/li>\n\n\n\n<li>1 representant de l&#8217;Ajuntament de Sabadell<\/li>\n<\/ul>\n\n\n\n<p>Hi poden participar, amb veu per\u00f2 sense vot, altres persones que el mateix Consell i el Titular considerin necess\u00e0ries.<\/p>\n\n\n\n<p>La composici\u00f3 \u00e9s determinada per la Llei d&#8217;Educaci\u00f3 de Catalunya (Llei 12\/2009) i per l&#8217;Article 12 de la Normativa d&#8217;Organitzaci\u00f3 i Funcionament de l&#8217;Escola (NOFC).<\/p>\n\n\n\n<h5 class=\"wp-block-heading has-ast-global-color-1-color has-text-color has-link-color wp-elements-ac9daf0a1f0dc5f00a1d41c4e8d73eed\">Cada quant es convoquen eleccions?<\/h5>\n\n\n\n<p>Els representants del consell escolar s\u00f3n escollits per un per\u00edode de quatre anys, per\u00f2 cada dos anys es convoquen eleccions per renovar la meitat dels seus membres.<\/p>\n\n\n\n<p>La convocat\u00f2ria de vacants, sol\u00b7licituds de candidats i la possible celebraci\u00f3 d&#8217;eleccions per a la renovaci\u00f3 del Consell Escolar les convoca el Titular del centre, dins el per\u00edode que fixa el Departament d&#8217;Educaci\u00f3 i Formaci\u00f3 Professional.<\/p>\n<\/div>\n\n\n\n<div class=\"wp-block-column has-background is-layout-flow wp-container-core-column-is-layout-2 wp-block-column-is-layout-flow\" style=\"background-color:#dae9d0;padding-top:var(--wp--preset--spacing--30);padding-right:var(--wp--preset--spacing--30);padding-bottom:var(--wp--preset--spacing--30);padding-left:var(--wp--preset--spacing--30);flex-basis:33.33%\">\n<h4 class=\"wp-block-heading has-ast-global-color-1-color has-text-color has-link-color wp-elements-030180d694194a2859ba220cceb80812\">COMPOSICI\u00d3 ACTUAL<\/h4>\n\n\n\n<p>Composic\u00f3 oficial del Consell Escolar constitu\u00eft a desembre de 2025:<\/p>\n\n\n\n<p style=\"padding-top:0;padding-bottom:0\"><strong>Presidenta:<\/strong><\/p>\n\n\n\n<ul id=\"block-982b1de8-e2d7-4696-8c82-6ab1e83514ce\" class=\"wp-block-list\">\n<li style=\"padding-top:0;padding-bottom:0\">Sra. Montserrat Figueras (Directora)<\/li>\n<\/ul>\n\n\n\n<p style=\"padding-top:0;padding-bottom:0\"><strong>Representants del Titular:<\/strong><\/p>\n\n\n\n<ul class=\"wp-block-list\">\n<li>Sr. Robert Valldosera (Secretari del Consell)<\/li>\n\n\n\n<li>Sra. Anna Valldosera<\/li>\n\n\n\n<li>Sr. Marc Valldosera<\/li>\n<\/ul>\n\n\n\n<p style=\"padding-top:0;padding-bottom:0\"><strong>Representants del personal docent:<\/strong><\/p>\n\n\n\n<ul class=\"wp-block-list\">\n<li>Sra. Mar Rof (Infantil)<\/li>\n\n\n\n<li>Sra. Maria Pajares (Prim\u00e0ria)<\/li>\n\n\n\n<li>Sr. Jos\u00e9 M. Granados (Secund\u00e0ria)<\/li>\n\n\n\n<li>Sr. Carles Olmedo (Secund\u00e0ria)<\/li>\n<\/ul>\n\n\n\n<p style=\"padding-top:0;padding-bottom:0\"><strong>Representants de les fam\u00edlies:<\/strong><\/p>\n\n\n\n<ul class=\"wp-block-list\">\n<li>Sra. Marta Mujal (Presidenta de l&#8217;AFA)<\/li>\n\n\n\n<li>Sra. Marta Garriga<\/li>\n\n\n\n<li>Sra. Raquel Garc\u00eda<\/li>\n\n\n\n<li>Sr. Ra\u00fcl Leiva<\/li>\n<\/ul>\n\n\n\n<p style=\"padding-top:0;padding-bottom:0\"><strong>Representants dels alumnes:<\/strong><\/p>\n\n\n\n<ul class=\"wp-block-list\">\n<li>Sra. Emma Romero<\/li>\n\n\n\n<li>Sr. Nicol\u00e1s Guerrero<\/li>\n<\/ul>\n\n\n\n<p style=\"padding-top:0;padding-bottom:0\"><strong>Representants del personal d&#8217;administraci\u00f3 i serveis i d&#8217;atenci\u00f3 educativa (PAS\/PAE):<\/strong><\/p>\n\n\n\n<ul class=\"wp-block-list\">\n<li>Sra. Helena Arderiu<\/li>\n<\/ul>\n\n\n\n<p style=\"padding-top:0;padding-bottom:0\"><strong>Representant de l&#8217;Ajuntament de Sabadell:<\/strong><\/p>\n\n\n\n<ul class=\"wp-block-list\">\n<li><em>Vacant<\/em><\/li>\n<\/ul>\n<\/div>\n<\/div>\n\n\n\n<hr class=\"wp-block-separator has-text-color has-ast-global-color-1-color has-alpha-channel-opacity has-ast-global-color-1-background-color has-background\"\/>\n\n\n\n<p class=\"has-text-align-center\">Si voleu m\u00e9s informaci\u00f3, <a href=\"http:\/\/educacio.gencat.cat\/ca\/arees-actuacio\/centres-serveis-educatius\/centres\/consells-escolars-centres\/centres-privats-concertats\/\">cliqueu aqu\u00ed<\/a>&nbsp;o envieu un correu a <a href=\"mailto:consellescolar@escolatarres.com\">consellescolar@escolatarres.com<\/a>.<\/p>\n","protected":false},"excerpt":{"rendered":"<p>CONSELL ESCOLAR L&#8217;\u00f2rgan de governan\u00e7a i participaci\u00f3 de la Comunitat Tarr\u00e9s Qu\u00e8 \u00e9s el Consell Escolar? El Consell Escolar \u00e9s [&hellip;]<\/p>\n","protected":false},"author":8,"featured_media":0,"parent":13305,"menu_order":1,"comment_status":"closed","ping_status":"closed","template":"","meta":{"_bbp_topic_count":0,"_bbp_reply_count":0,"_bbp_total_topic_count":0,"_bbp_total_reply_count":0,"_bbp_voice_count":0,"_bbp_anonymous_reply_count":0,"_bbp_topic_count_hidden":0,"_bbp_reply_count_hidden":0,"_bbp_forum_subforum_count":0,"site-sidebar-layout":"default","site-content-layout":"","ast-site-content-layout":"default","site-content-style":"default","site-sidebar-style":"default","ast-global-header-display":"","ast-banner-title-visibility":"","ast-main-header-display":"","ast-hfb-above-header-display":"","ast-hfb-below-header-display":"","ast-hfb-mobile-header-display":"","site-post-title":"disabled","ast-breadcrumbs-content":"","ast-featured-img":"","footer-sml-layout":"","theme-transparent-header-meta":"","adv-header-id-meta":"","stick-header-meta":"","header-above-stick-meta":"","header-main-stick-meta":"","header-below-stick-meta":"","astra-migrate-meta-layouts":"set","ast-page-background-enabled":"default","ast-page-background-meta":{"desktop":{"background-color":"var(--ast-global-color-4)","background-image":"","background-repeat":"repeat","background-position":"center center","background-size":"auto","background-attachment":"scroll","background-type":"","background-media":"","overlay-type":"","overlay-color":"","overlay-opacity":"","overlay-gradient":""},"tablet":{"background-color":"","background-image":"","background-repeat":"repeat","background-position":"center center","background-size":"auto","background-attachment":"scroll","background-type":"","background-media":"","overlay-type":"","overlay-color":"","overlay-opacity":"","overlay-gradient":""},"mobile":{"background-color":"","background-image":"","background-repeat":"repeat","background-position":"center center","background-size":"auto","background-attachment":"scroll","background-type":"","background-media":"","overlay-type":"","overlay-color":"","overlay-opacity":"","overlay-gradient":""}},"ast-content-background-meta":{"desktop":{"background-color":"var(--ast-global-color-5)","background-image":"","background-repeat":"repeat","background-position":"center center","background-size":"auto","background-attachment":"scroll","background-type":"","background-media":"","overlay-type":"","overlay-color":"","overlay-opacity":"","overlay-gradient":""},"tablet":{"background-color":"var(--ast-global-color-5)","background-image":"","background-repeat":"repeat","background-position":"center center","background-size":"auto","background-attachment":"scroll","background-type":"","background-media":"","overlay-type":"","overlay-color":"","overlay-opacity":"","overlay-gradient":""},"mobile":{"background-color":"var(--ast-global-color-5)","background-image":"","background-repeat":"repeat","background-position":"center center","background-size":"auto","background-attachment":"scroll","background-type":"","background-media":"","overlay-type":"","overlay-color":"","overlay-opacity":"","overlay-gradient":""}},"footnotes":""},"class_list":["post-10089","page","type-page","status-publish","hentry"],"post_mailing_queue_ids":[],"_links":{"self":[{"href":"https:\/\/agora.xtec.cat\/col-tarres\/wp-json\/wp\/v2\/pages\/10089","targetHints":{"allow":["GET"]}}],"collection":[{"href":"https:\/\/agora.xtec.cat\/col-tarres\/wp-json\/wp\/v2\/pages"}],"about":[{"href":"https:\/\/agora.xtec.cat\/col-tarres\/wp-json\/wp\/v2\/types\/page"}],"author":[{"embeddable":true,"href":"https:\/\/agora.xtec.cat\/col-tarres\/wp-json\/wp\/v2\/users\/8"}],"replies":[{"embeddable":true,"href":"https:\/\/agora.xtec.cat\/col-tarres\/wp-json\/wp\/v2\/comments?post=10089"}],"version-history":[{"count":6,"href":"https:\/\/agora.xtec.cat\/col-tarres\/wp-json\/wp\/v2\/pages\/10089\/revisions"}],"predecessor-version":[{"id":19673,"href":"https:\/\/agora.xtec.cat\/col-tarres\/wp-json\/wp\/v2\/pages\/10089\/revisions\/19673"}],"up":[{"embeddable":true,"href":"https:\/\/agora.xtec.cat\/col-tarres\/wp-json\/wp\/v2\/pages\/13305"}],"wp:attachment":[{"href":"https:\/\/agora.xtec.cat\/col-tarres\/wp-json\/wp\/v2\/media?parent=10089"}],"curies":[{"name":"wp","href":"https:\/\/api.w.org\/{rel}","templated":true}]}}

<h2 class="wp-block-heading has-text-align-center">CONSELL ESCOLAR</h2>



<hr class="wp-block-separator has-text-color has-ast-global-color-1-color has-alpha-channel-opacity has-ast-global-color-1-background-color has-background"/>



<p class="has-text-align-center">L&#8217;òrgan de governança i participació de la Comunitat Tarrés</p>



<div class="wp-block-columns is-layout-flex wp-container-core-columns-is-layout-1 wp-block-columns-is-layout-flex">
<div class="wp-block-column is-layout-flow wp-block-column-is-layout-flow" style="flex-basis:66.66%">
<h5 class="wp-block-heading has-ast-global-color-1-color has-text-color has-link-color wp-elements-f81f38c12ac348432ac85283b20e333d">Què és el Consell Escolar?</h5>



<p>El Consell Escolar és l&#8217;òrgan de participació dels diferents sectors de la comunitat educativa en el govern del Centre.</p>



<h5 class="wp-block-heading has-ast-global-color-1-color has-text-color has-link-color wp-elements-5059034e48c819a9d50c624db24af2f4">Quina és la seva funció?</h5>



<p>En els centres privats concertats, la funció principal del Consell Escolar és debatre, analitzar, avaluar i prendre decisions sobre els temes proposats pel Titular del centre.</p>



<ul class="wp-block-list">
<li style="padding-right:0;padding-left:0">Aprovar els pressupostos anuals del centre, les quotes de les activitats complementàries i dels serveis escolars.</li>



<li>Aprovar el calendari i l&#8217;horari escolar del centre.</li>



<li>Debatre i aprovar la designació i cessament del Director/a Pedagògic.</li>



<li>Conèixer la resolució de conflictes escolars, vetllar perquè s&#8217;ajusti a la normativa vigent i proposar, si s&#8217;escau, les mesures oportunes.</li>



<li>Aprovar i avaluar, a proposta de l&#8217;equip de direcció, la programació general anual del centre.</li>



<li>Aprovar les decisions sobre l&#8217;estructura organitzativa i les normes de funcionament del centre.</li>



<li>Conèixer i avaluar del desenvolupament de la programació anual en l&#8217;àmbit docent i dels resultats que se n&#8217;obtenen.</li>



<li>Assessorar el Titular i la Direcció sobre el Projecte Educatiu.</li>
</ul>



<p>El Consell Escolar del centre es reuneix preceptivament dues vegades l&#8217;any (durant el primer trimestre i en finalitzar el curs) i sempre que el convoca el Titular o ho sol·liciten al menys un terç dels seus membres.</p>



<h5 class="wp-block-heading has-ast-global-color-1-color has-text-color has-link-color wp-elements-d03eb49f517e519005af1c4ca9ea34fe">Qui en forma part?</h5>



<p>El Consell Escolar el formen representants de tota la comunitat educativa: <strong>Direcció</strong>, <strong>Titular</strong>, <strong>docents, alumnes, famílies, personal no docent i Ajuntament.</strong></p>



<p>Hi ha uns membres no electes (Direcció, Titular, AFA i Ajuntament) i uns membres que s&#8217;escullen per elecció i per mandats de quatre anys de durada (famílies, alumnat i personal):</p>



<p><strong>Composició</strong>:</p>



<ul class="wp-block-list">
<li>El director/a (que n&#8217;és el president/a)</li>



<li>3 representants del Titular</li>



<li>4 representants del personal docent (elegits per acord de Claustre)</li>



<li>3 representants de les famílies (elegits per candidatures i eleccions)</li>



<li>1 representant de l&#8217;AFA</li>



<li>2 representants de l&#8217;alumnat (elegits en assemblees de grup)</li>



<li>1 representant del personal d&#8217;administració i serveis (elegits per acord entre aquests)</li>



<li>1 representant de l&#8217;Ajuntament de Sabadell</li>
</ul>



<p>Hi poden participar, amb veu però sense vot, altres persones que el mateix Consell i el Titular considerin necessàries.</p>



<p>La composició és determinada per la Llei d&#8217;Educació de Catalunya (Llei 12/2009) i per l&#8217;Article 12 de la Normativa d&#8217;Organització i Funcionament de l&#8217;Escola (NOFC).</p>



<h5 class="wp-block-heading has-ast-global-color-1-color has-text-color has-link-color wp-elements-ac9daf0a1f0dc5f00a1d41c4e8d73eed">Cada quant es convoquen eleccions?</h5>



<p>Els representants del consell escolar són escollits per un període de quatre anys, però cada dos anys es convoquen eleccions per renovar la meitat dels seus membres.</p>



<p>La convocatòria de vacants, sol·licituds de candidats i la possible celebració d&#8217;eleccions per a la renovació del Consell Escolar les convoca el Titular del centre, dins el període que fixa el Departament d&#8217;Educació i Formació Professional.</p>
</div>



<div class="wp-block-column has-background is-layout-flow wp-container-core-column-is-layout-2 wp-block-column-is-layout-flow" style="background-color:#dae9d0;padding-top:var(--wp--preset--spacing--30);padding-right:var(--wp--preset--spacing--30);padding-bottom:var(--wp--preset--spacing--30);padding-left:var(--wp--preset--spacing--30);flex-basis:33.33%">
<h4 class="wp-block-heading has-ast-global-color-1-color has-text-color has-link-color wp-elements-030180d694194a2859ba220cceb80812">COMPOSICIÓ ACTUAL</h4>



<p>Composicó oficial del Consell Escolar constituït a desembre de 2025:</p>



<p style="padding-top:0;padding-bottom:0"><strong>Presidenta:</strong></p>



<ul id="block-982b1de8-e2d7-4696-8c82-6ab1e83514ce" class="wp-block-list">
<li style="padding-top:0;padding-bottom:0">Sra. Montserrat Figueras (Directora)</li>
</ul>



<p style="padding-top:0;padding-bottom:0"><strong>Representants del Titular:</strong></p>



<ul class="wp-block-list">
<li>Sr. Robert Valldosera (Secretari del Consell)</li>



<li>Sra. Anna Valldosera</li>



<li>Sr. Marc Valldosera</li>
</ul>



<p style="padding-top:0;padding-bottom:0"><strong>Representants del personal docent:</strong></p>



<ul class="wp-block-list">
<li>Sra. Mar Rof (Infantil)</li>



<li>Sra. Maria Pajares (Primària)</li>



<li>Sr. José M. Granados (Secundària)</li>



<li>Sr. Carles Olmedo (Secundària)</li>
</ul>



<p style="padding-top:0;padding-bottom:0"><strong>Representants de les famílies:</strong></p>



<ul class="wp-block-list">
<li>Sra. Marta Mujal (Presidenta de l&#8217;AFA)</li>



<li>Sra. Marta Garriga</li>



<li>Sra. Raquel García</li>



<li>Sr. Raül Leiva</li>
</ul>



<p style="padding-top:0;padding-bottom:0"><strong>Representants dels alumnes:</strong></p>



<ul class="wp-block-list">
<li>Sra. Emma Romero</li>



<li>Sr. Nicolás Guerrero</li>
</ul>



<p style="padding-top:0;padding-bottom:0"><strong>Representants del personal d&#8217;administració i serveis i d&#8217;atenció educativa (PAS/PAE):</strong></p>



<ul class="wp-block-list">
<li>Sra. Helena Arderiu</li>
</ul>



<p style="padding-top:0;padding-bottom:0"><strong>Representant de l&#8217;Ajuntament de Sabadell:</strong></p>



<ul class="wp-block-list">
<li><em>Vacant</em></li>
</ul>
</div>
</div>



<hr class="wp-block-separator has-text-color has-ast-global-color-1-color has-alpha-channel-opacity has-ast-global-color-1-background-color has-background"/>



<p class="has-text-align-center">Si voleu més informació, <a href="http://educacio.gencat.cat/ca/arees-actuacio/centres-serveis-educatius/centres/consells-escolars-centres/centres-privats-concertats/">cliqueu aquí</a>&nbsp;o envieu un correu a <a href="mailto:consellescolar@escolatarres.com">consellescolar@escolatarres.com</a>.</p>

<p>CONSELL ESCOLAR L&#8217;òrgan de governança i participació de la Comunitat Tarrés Què és el Consell Escolar? El Consell Escolar és [&hellip;]</p>
