{"id":1122,"date":"2017-01-19T19:02:45","date_gmt":"2017-01-19T18:02:45","guid":{"rendered":"http:\/\/agora.xtec.cat\/col-stma-trinitat\/?page_id=1122"},"modified":"2019-03-05T11:00:56","modified_gmt":"2019-03-05T10:00:56","slug":"preinscripcio-informacio-general","status":"publish","type":"page","link":"https:\/\/agora.xtec.cat\/col-stma-trinitat\/secretaria\/preinscripcio-informacio-general\/","title":{"rendered":"Preinscripci\u00f3: Informaci\u00f3 general"},"content":{"rendered":"<div class=\"FW_sArticleFoto\">\n<div class=\"FW_sEditPro\">\n<p><strong>Criteris de prefer\u00e8ncia i de prioritat de les sol\u00b7licituds<\/strong><br \/>\nEn el cas de que la demanda (sol\u00b7licituds) superi l\u2019oferta (places vacants) en el centre, les sol\u00b7licituds s\u2019ordenen seguint els criteris de prefer\u00e8ncia i de prioritat.<\/p>\n<p>En primer lloc, s\u2019apliquen els criteris de prefer\u00e8ncia, que s\u00f3n:<br \/>\n\uf0b7 Educaci\u00f3 prim\u00e0ria i ESO: els alumnes que procedeixen de centres adscrits.<br \/>\n\uf0b7 ESO i Batxillerat: els alumnes que cursen simult\u00e0niament ensenyaments professionals de m\u00fasica o dansa, o que segueixen programes esportius d&#8217;alt rendiment.<\/p>\n<p>L\u2019aplicaci\u00f3 dels criteris de prioritat, que es fa a continuaci\u00f3, per tots els ensenyaments obligatoris i el batxillerat, per a l&#8217;ordenaci\u00f3 de les sol\u00b7licituds i s\u00f3n els seg\u00fcents:<\/p>\n<p style=\"padding-left: 30px;\">&#8211; Si actualment hi ha germans matriculats al centre o el pare, mare, tutor legal hi treballa: <strong>40 punts.<\/strong><br \/>\n&#8211; Per proximitat del domicili o del lloc de treball al centre sol\u00b7licitat en primer lloc (nom\u00e9s una opci\u00f3):<\/p>\n<p style=\"padding-left: 60px;\">\uf0a7 Domicili a l&#8217;\u00e0rea de proximitat del centre: <strong>30 punts.<\/strong><br \/>\n\uf0a7 Lloc de treball a l&#8217;\u00e0rea de proximitat del centre:<strong> 20 punts<\/strong>.<br \/>\n\uf0a7 Domicili al mateix municipi del centre: <strong>10 punts.<\/strong><br \/>\n\uf0a7 A la ciutat de Barcelona, domicili al mateix districte del centre:<strong> 15 punts.<\/strong><\/p>\n<p style=\"padding-left: 30px;\">&#8211; Si el pare, mare o tutor legal reben l&#8217;ajut de la renda garantida de ciutadania: <strong>10 punts<\/strong>.<br \/>\n&#8211; Per discapacitat igual o superior al 33% de l&#8217;alumne o d&#8217;un familiar de primer grau:<strong> 10 punts.<\/strong><\/p>\n<p>&#8211; Com a criteri complementari de desempat, nom\u00e9s resta el de fam\u00edlia nombrosa o monoparental<strong> (15 punts). <\/strong><\/p>\n<\/div>\n<p><em>Enguany s\u2019ha eliminat la puntuaci\u00f3 per malaltia cr\u00f2nica que afecta el sistema digestiu,\u00a0<\/em><em>endocr\u00ed o metab\u00f2lic i la puntuaci\u00f3 per a pare, mare, tutors o germans exalumnes que han estat escolaritzats al <\/em><em>centre.<\/em><\/p>\n<div class=\"FW_sEditPro\">\n<p>&nbsp;<\/p>\n<\/div>\n<\/div>\n<div class=\"FW_sPregunta FW_sImpacte\"><\/div>\n","protected":false},"excerpt":{"rendered":"<p>Criteris de prefer\u00e8ncia i de prioritat de les sol\u00b7licituds<br \/>\nEn el cas de que la demanda (sol\u00b7licituds) superi l\u2019oferta (places vacants) en el centre, les sol\u00b7licituds s\u2019ordenen seguint els criteris de prefer\u00e8ncia i de prioritat.<br \/>\nEn primer lloc, s\u2019apliquen els criteris de prefer\u00e8ncia, que s\u00f3n:<br \/>\n\uf0b7 Educaci\u00f3 prim\u00e0ria&hellip;  <a href=\"https:\/\/agora.xtec.cat\/col-stma-trinitat\/secretaria\/preinscripcio-informacio-general\/\" title=\"Read Preinscripci\u00f3: Informaci\u00f3 general\">Llegeix m\u00e9s\u00bb<\/a><\/p>\n","protected":false},"author":1,"featured_media":0,"parent":81,"menu_order":0,"comment_status":"closed","ping_status":"closed","template":"page-templates\/side-menu.php","meta":{"_bbp_topic_count":0,"_bbp_reply_count":0,"_bbp_total_topic_count":0,"_bbp_total_reply_count":0,"_bbp_voice_count":0,"_bbp_anonymous_reply_count":0,"_bbp_topic_count_hidden":0,"_bbp_reply_count_hidden":0,"_bbp_forum_subforum_count":0,"footnotes":""},"class_list":["post-1122","page","type-page","status-publish","hentry"],"post_mailing_queue_ids":[],"_links":{"self":[{"href":"https:\/\/agora.xtec.cat\/col-stma-trinitat\/wp-json\/wp\/v2\/pages\/1122","targetHints":{"allow":["GET"]}}],"collection":[{"href":"https:\/\/agora.xtec.cat\/col-stma-trinitat\/wp-json\/wp\/v2\/pages"}],"about":[{"href":"https:\/\/agora.xtec.cat\/col-stma-trinitat\/wp-json\/wp\/v2\/types\/page"}],"author":[{"embeddable":true,"href":"https:\/\/agora.xtec.cat\/col-stma-trinitat\/wp-json\/wp\/v2\/users\/1"}],"replies":[{"embeddable":true,"href":"https:\/\/agora.xtec.cat\/col-stma-trinitat\/wp-json\/wp\/v2\/comments?post=1122"}],"version-history":[{"count":3,"href":"https:\/\/agora.xtec.cat\/col-stma-trinitat\/wp-json\/wp\/v2\/pages\/1122\/revisions"}],"predecessor-version":[{"id":4909,"href":"https:\/\/agora.xtec.cat\/col-stma-trinitat\/wp-json\/wp\/v2\/pages\/1122\/revisions\/4909"}],"up":[{"embeddable":true,"href":"https:\/\/agora.xtec.cat\/col-stma-trinitat\/wp-json\/wp\/v2\/pages\/81"}],"wp:attachment":[{"href":"https:\/\/agora.xtec.cat\/col-stma-trinitat\/wp-json\/wp\/v2\/media?parent=1122"}],"curies":[{"name":"wp","href":"https:\/\/api.w.org\/{rel}","templated":true}]}}