{"id":66,"date":"2014-09-18T12:40:47","date_gmt":"2014-09-18T11:40:47","guid":{"rendered":"http:\/\/agora.xtec.cat\/col-santateresa\/?page_id=66"},"modified":"2023-11-07T10:58:18","modified_gmt":"2023-11-07T09:58:18","slug":"serveis","status":"publish","type":"page","link":"https:\/\/agora.xtec.cat\/col-santateresa\/serveis\/","title":{"rendered":"Serveis"},"content":{"rendered":"<h1><span style=\"color: #800080;\"><strong><a style=\"color: #800080;\" href=\"http:\/\/agora.xtec.cat\/col-santateresa\/serveis\/acollida-matinal\/\">Acollida Matinal<\/a><\/strong><\/span><\/h1>\n<p>Aquest servei s&#8217;ofereix a les fam\u00edlies que necessitin un horari m\u00e9s ampli d&#8217;atenci\u00f3 als seus fills\/es a primera hora del mat\u00ed. Horari: 07.50 a 9.00 h<\/p>\n<h1><strong><span style=\"color: #339966;\"><span style=\"color: #800080;\"><a style=\"color: #800080;\" href=\"http:\/\/agora.xtec.cat\/col-santateresa\/serveis\/menjador-escolar\/\">Menjador Escolar<\/a><\/span>\u00a0<\/span><\/strong><\/h1>\n<p>El centre disposa d&#8217;un servei de menjador amb cuina pr\u00f2pia que pot ser utilitzat permanentment (modalitat FIX) o ocasionalment (+A+, Bono-10 o tiquet espor\u00e0dic).<\/p>\n<h1><span style=\"color: #800080;\"><a style=\"color: #800080;\" href=\"https:\/\/agora.xtec.cat\/col-santateresa\/serveis\/activitats-extraescolars\/\"><strong>Activitats extraescolars<\/strong><\/a><\/span><\/h1>\n<p>Les activitats extraescolars les organitza l\u2019AMPA.<\/p>\n<h1><a href=\"http:\/\/agora.xtec.cat\/col-santateresa\/serveis\/infermeria\/\"><strong><span style=\"color: #339966;\"><span style=\"color: #800080;\">Infermeria<\/span><\/span><\/strong><\/a><strong><span style=\"color: #339966;\">\u00a0<\/span><\/strong><\/h1>\n<p>Dins del programa Salut a l&#8217;escola del Departament d&#8217;Ensenyament i del Departament de Sanitat de la Generalitat de Catalunya, s&#8217;ofereix aquest servei.<\/p>\n","protected":false},"excerpt":{"rendered":"<p>Acollida Matinal Aquest servei s&#8217;ofereix a les fam\u00edlies que necessitin un horari m\u00e9s ampli d&#8217;atenci\u00f3 als seus fills\/es a primera [&hellip;]<\/p>\n","protected":false},"author":1,"featured_media":0,"parent":0,"menu_order":0,"comment_status":"closed","ping_status":"closed","template":"page-templates\/side-menu.php","meta":{"_bbp_topic_count":0,"_bbp_reply_count":0,"_bbp_total_topic_count":0,"_bbp_total_reply_count":0,"_bbp_voice_count":0,"_bbp_anonymous_reply_count":0,"_bbp_topic_count_hidden":0,"_bbp_reply_count_hidden":0,"_bbp_forum_subforum_count":0,"site-sidebar-layout":"default","site-content-layout":"","ast-site-content-layout":"","site-content-style":"default","site-sidebar-style":"default","ast-global-header-display":"","ast-banner-title-visibility":"","ast-main-header-display":"","ast-hfb-above-header-display":"","ast-hfb-below-header-display":"","ast-hfb-mobile-header-display":"","site-post-title":"","ast-breadcrumbs-content":"","ast-featured-img":"","footer-sml-layout":"","theme-transparent-header-meta":"","adv-header-id-meta":"","stick-header-meta":"","header-above-stick-meta":"","header-main-stick-meta":"","header-below-stick-meta":"","astra-migrate-meta-layouts":"default","ast-page-background-enabled":"default","ast-page-background-meta":{"desktop":{"background-color":"var(--ast-global-color-4)","background-image":"","background-repeat":"repeat","background-position":"center center","background-size":"auto","background-attachment":"scroll","background-type":"","background-media":"","overlay-type":"","overlay-color":"","overlay-opacity":"","overlay-gradient":""},"tablet":{"background-color":"","background-image":"","background-repeat":"repeat","background-position":"center center","background-size":"auto","background-attachment":"scroll","background-type":"","background-media":"","overlay-type":"","overlay-color":"","overlay-opacity":"","overlay-gradient":""},"mobile":{"background-color":"","background-image":"","background-repeat":"repeat","background-position":"center center","background-size":"auto","background-attachment":"scroll","background-type":"","background-media":"","overlay-type":"","overlay-color":"","overlay-opacity":"","overlay-gradient":""}},"ast-content-background-meta":{"desktop":{"background-color":"var(--ast-global-color-5)","background-image":"","background-repeat":"repeat","background-position":"center center","background-size":"auto","background-attachment":"scroll","background-type":"","background-media":"","overlay-type":"","overlay-color":"","overlay-opacity":"","overlay-gradient":""},"tablet":{"background-color":"var(--ast-global-color-5)","background-image":"","background-repeat":"repeat","background-position":"center center","background-size":"auto","background-attachment":"scroll","background-type":"","background-media":"","overlay-type":"","overlay-color":"","overlay-opacity":"","overlay-gradient":""},"mobile":{"background-color":"var(--ast-global-color-5)","background-image":"","background-repeat":"repeat","background-position":"center center","background-size":"auto","background-attachment":"scroll","background-type":"","background-media":"","overlay-type":"","overlay-color":"","overlay-opacity":"","overlay-gradient":""}},"footnotes":""},"class_list":["post-66","page","type-page","status-publish","hentry"],"post_mailing_queue_ids":[],"_links":{"self":[{"href":"https:\/\/agora.xtec.cat\/col-santateresa\/wp-json\/wp\/v2\/pages\/66","targetHints":{"allow":["GET"]}}],"collection":[{"href":"https:\/\/agora.xtec.cat\/col-santateresa\/wp-json\/wp\/v2\/pages"}],"about":[{"href":"https:\/\/agora.xtec.cat\/col-santateresa\/wp-json\/wp\/v2\/types\/page"}],"author":[{"embeddable":true,"href":"https:\/\/agora.xtec.cat\/col-santateresa\/wp-json\/wp\/v2\/users\/1"}],"replies":[{"embeddable":true,"href":"https:\/\/agora.xtec.cat\/col-santateresa\/wp-json\/wp\/v2\/comments?post=66"}],"version-history":[{"count":7,"href":"https:\/\/agora.xtec.cat\/col-santateresa\/wp-json\/wp\/v2\/pages\/66\/revisions"}],"predecessor-version":[{"id":3147,"href":"https:\/\/agora.xtec.cat\/col-santateresa\/wp-json\/wp\/v2\/pages\/66\/revisions\/3147"}],"wp:attachment":[{"href":"https:\/\/agora.xtec.cat\/col-santateresa\/wp-json\/wp\/v2\/media?parent=66"}],"curies":[{"name":"wp","href":"https:\/\/api.w.org\/{rel}","templated":true}]}}