{"id":306,"date":"2026-01-23T17:00:20","date_gmt":"2026-01-23T16:00:20","guid":{"rendered":"http:\/\/agora.xtec.cat\/col-santateresa\/?page_id=306"},"modified":"2026-01-23T18:31:11","modified_gmt":"2026-01-23T17:31:11","slug":"pastoral","status":"publish","type":"page","link":"https:\/\/agora.xtec.cat\/col-santateresa\/pastoral\/","title":{"rendered":"Interioritat"},"content":{"rendered":"<p style=\"text-align: justify;\"><font size=\"5\" face=\"roboto\">L&#8217;equip d&#8217;interioritat \u00e9s un dels eixos del Col\u00b7legi Santa Teresa, cada curs treballem un lema diferent. Aquest curs el nostre lema \u00e9s:<\/p>\n<p><\/font><\/p>\n<p style=\"text-align: center;\"><font size=\"7\" color=\"#c71414\"><strong>Compartim el que som<\/strong><\/font><img loading=\"lazy\" decoding=\"async\" class=\"alignright\" src=\"https:\/\/agora.xtec.cat\/col-santateresa\/wp-content\/uploads\/usu645\/2026\/01\/1000170917-768x1024.jpg\" alt=\"\" width=\"413\" height=\"551\" \/><\/p>\n<p style=\"text-align: justify;\"><font size=\"5\" face=\"roboto\">Ens fa molta il\u00b7lusi\u00f3 compartir amb tota la comunitat educativa que aquest curs reprenem el nostre Projecte Solidari. Un any m\u00e9s, caminem plegats per donar suport a iniciatives que marquen la difer\u00e8ncia.<\/p>\n<p style=\"text-align: justify;\">Enguany, la nostra comunitat col\u00b7laborar\u00e0 amb la Casa Teresa Toda de \u00c1zua (Rep\u00fablica Dominicana) \u00a0i amb els centres educatius de CTSJ de Cuba, que necessiten ajuda per reparar els danys ocasionats per l\u2019hurac\u00e0 Melisa.<\/p>\n<p style=\"text-align: justify;\">Amb aquest projecte volem continuar fomentant els valors de la solidaritat, el comprom\u00eds i la corresponsabilitat, tot oferint suport a qui m\u00e9s ho necessita.<\/p>\n<p style=\"text-align: justify;\">Gr\u00e0cies per formar part d\u2019aquest cam\u00ed compartit i col\u00b7laborar amb nosaltres amb les campanyes solid\u00e0ries que realitzem al centre.<\/p>\n<p><\/font><\/p>\n","protected":false},"excerpt":{"rendered":"<p>L&#8217;equip d&#8217;interioritat \u00e9s un dels eixos del Col\u00b7legi Santa Teresa, cada curs treballem un lema diferent. Aquest curs el nostre [&hellip;]<\/p>\n","protected":false},"author":1,"featured_media":0,"parent":0,"menu_order":0,"comment_status":"closed","ping_status":"closed","template":"","meta":{"_bbp_topic_count":0,"_bbp_reply_count":0,"_bbp_total_topic_count":0,"_bbp_total_reply_count":0,"_bbp_voice_count":0,"_bbp_anonymous_reply_count":0,"_bbp_topic_count_hidden":0,"_bbp_reply_count_hidden":0,"_bbp_forum_subforum_count":0,"site-sidebar-layout":"default","site-content-layout":"","ast-site-content-layout":"default","site-content-style":"default","site-sidebar-style":"default","ast-global-header-display":"","ast-banner-title-visibility":"","ast-main-header-display":"","ast-hfb-above-header-display":"","ast-hfb-below-header-display":"","ast-hfb-mobile-header-display":"","site-post-title":"","ast-breadcrumbs-content":"","ast-featured-img":"","footer-sml-layout":"","theme-transparent-header-meta":"default","adv-header-id-meta":"","stick-header-meta":"","header-above-stick-meta":"","header-main-stick-meta":"","header-below-stick-meta":"","astra-migrate-meta-layouts":"set","ast-page-background-enabled":"default","ast-page-background-meta":{"desktop":{"background-color":"var(--ast-global-color-4)","background-image":"","background-repeat":"repeat","background-position":"center center","background-size":"auto","background-attachment":"scroll","background-type":"","background-media":"","overlay-type":"","overlay-color":"","overlay-opacity":"","overlay-gradient":""},"tablet":{"background-color":"","background-image":"","background-repeat":"repeat","background-position":"center center","background-size":"auto","background-attachment":"scroll","background-type":"","background-media":"","overlay-type":"","overlay-color":"","overlay-opacity":"","overlay-gradient":""},"mobile":{"background-color":"","background-image":"","background-repeat":"repeat","background-position":"center center","background-size":"auto","background-attachment":"scroll","background-type":"","background-media":"","overlay-type":"","overlay-color":"","overlay-opacity":"","overlay-gradient":""}},"ast-content-background-meta":{"desktop":{"background-color":"var(--ast-global-color-5)","background-image":"","background-repeat":"repeat","background-position":"center center","background-size":"auto","background-attachment":"scroll","background-type":"","background-media":"","overlay-type":"","overlay-color":"","overlay-opacity":"","overlay-gradient":""},"tablet":{"background-color":"var(--ast-global-color-5)","background-image":"","background-repeat":"repeat","background-position":"center center","background-size":"auto","background-attachment":"scroll","background-type":"","background-media":"","overlay-type":"","overlay-color":"","overlay-opacity":"","overlay-gradient":""},"mobile":{"background-color":"var(--ast-global-color-5)","background-image":"","background-repeat":"repeat","background-position":"center center","background-size":"auto","background-attachment":"scroll","background-type":"","background-media":"","overlay-type":"","overlay-color":"","overlay-opacity":"","overlay-gradient":""}},"footnotes":""},"class_list":["post-306","page","type-page","status-publish","hentry"],"post_mailing_queue_ids":[],"_links":{"self":[{"href":"https:\/\/agora.xtec.cat\/col-santateresa\/wp-json\/wp\/v2\/pages\/306","targetHints":{"allow":["GET"]}}],"collection":[{"href":"https:\/\/agora.xtec.cat\/col-santateresa\/wp-json\/wp\/v2\/pages"}],"about":[{"href":"https:\/\/agora.xtec.cat\/col-santateresa\/wp-json\/wp\/v2\/types\/page"}],"author":[{"embeddable":true,"href":"https:\/\/agora.xtec.cat\/col-santateresa\/wp-json\/wp\/v2\/users\/1"}],"replies":[{"embeddable":true,"href":"https:\/\/agora.xtec.cat\/col-santateresa\/wp-json\/wp\/v2\/comments?post=306"}],"version-history":[{"count":7,"href":"https:\/\/agora.xtec.cat\/col-santateresa\/wp-json\/wp\/v2\/pages\/306\/revisions"}],"predecessor-version":[{"id":3781,"href":"https:\/\/agora.xtec.cat\/col-santateresa\/wp-json\/wp\/v2\/pages\/306\/revisions\/3781"}],"wp:attachment":[{"href":"https:\/\/agora.xtec.cat\/col-santateresa\/wp-json\/wp\/v2\/media?parent=306"}],"curies":[{"name":"wp","href":"https:\/\/api.w.org\/{rel}","templated":true}]}}