{"id":7150,"date":"2022-09-12T16:43:15","date_gmt":"2022-09-12T14:43:15","guid":{"rendered":"https:\/\/agora.xtec.cat\/col-sagrat-cor\/?page_id=7150"},"modified":"2022-09-12T16:43:25","modified_gmt":"2022-09-12T14:43:25","slug":"aula-de-musica","status":"publish","type":"page","link":"https:\/\/agora.xtec.cat\/col-sagrat-cor\/aula-de-musica\/","title":{"rendered":"Aula de M\u00fasica"},"content":{"rendered":"<p>Aqu\u00ed teniu l&#8217;aual de M\u00fasica del Centre on les\/les nostres alumnes poden cantar, ballar, fer audicions, tocar instruments&#8230;<\/p>\n<p><a href=\"https:\/\/agora.xtec.cat\/col-sagrat-cor\/wp-content\/uploads\/usu1164\/2022\/09\/PHOTO-2022-09-11-15-12-21-2.jpg\"><img loading=\"lazy\" decoding=\"async\" class=\"alignnone size-full wp-image-7151\" src=\"https:\/\/agora.xtec.cat\/col-sagrat-cor\/wp-content\/uploads\/usu1164\/2022\/09\/PHOTO-2022-09-11-15-12-21-2.jpg\" alt=\"\" width=\"1024\" height=\"768\" srcset=\"https:\/\/agora.xtec.cat\/col-sagrat-cor\/wp-content\/uploads\/usu1164\/2022\/09\/PHOTO-2022-09-11-15-12-21-2.jpg 1024w, https:\/\/agora.xtec.cat\/col-sagrat-cor\/wp-content\/uploads\/usu1164\/2022\/09\/PHOTO-2022-09-11-15-12-21-2-300x225.jpg 300w, https:\/\/agora.xtec.cat\/col-sagrat-cor\/wp-content\/uploads\/usu1164\/2022\/09\/PHOTO-2022-09-11-15-12-21-2-768x576.jpg 768w, https:\/\/agora.xtec.cat\/col-sagrat-cor\/wp-content\/uploads\/usu1164\/2022\/09\/PHOTO-2022-09-11-15-12-21-2-200x150.jpg 200w\" sizes=\"auto, (max-width: 1024px) 100vw, 1024px\" \/><\/a> <a href=\"https:\/\/agora.xtec.cat\/col-sagrat-cor\/wp-content\/uploads\/usu1164\/2022\/09\/PHOTO-2022-09-11-15-12-21-1.jpg\"><img loading=\"lazy\" decoding=\"async\" class=\"alignnone size-large wp-image-7152\" src=\"https:\/\/agora.xtec.cat\/col-sagrat-cor\/wp-content\/uploads\/usu1164\/2022\/09\/PHOTO-2022-09-11-15-12-21-1.jpg\" alt=\"\" width=\"1024\" height=\"768\" srcset=\"https:\/\/agora.xtec.cat\/col-sagrat-cor\/wp-content\/uploads\/usu1164\/2022\/09\/PHOTO-2022-09-11-15-12-21-1.jpg 1024w, https:\/\/agora.xtec.cat\/col-sagrat-cor\/wp-content\/uploads\/usu1164\/2022\/09\/PHOTO-2022-09-11-15-12-21-1-300x225.jpg 300w, https:\/\/agora.xtec.cat\/col-sagrat-cor\/wp-content\/uploads\/usu1164\/2022\/09\/PHOTO-2022-09-11-15-12-21-1-768x576.jpg 768w, https:\/\/agora.xtec.cat\/col-sagrat-cor\/wp-content\/uploads\/usu1164\/2022\/09\/PHOTO-2022-09-11-15-12-21-1-200x150.jpg 200w\" sizes=\"auto, (max-width: 1024px) 100vw, 1024px\" \/><\/a> <a href=\"https:\/\/agora.xtec.cat\/col-sagrat-cor\/wp-content\/uploads\/usu1164\/2022\/09\/PHOTO-2022-09-11-15-12-21.jpg\"><img loading=\"lazy\" decoding=\"async\" class=\"alignnone size-large wp-image-7153\" src=\"https:\/\/agora.xtec.cat\/col-sagrat-cor\/wp-content\/uploads\/usu1164\/2022\/09\/PHOTO-2022-09-11-15-12-21.jpg\" alt=\"\" width=\"1024\" height=\"768\" srcset=\"https:\/\/agora.xtec.cat\/col-sagrat-cor\/wp-content\/uploads\/usu1164\/2022\/09\/PHOTO-2022-09-11-15-12-21.jpg 1024w, https:\/\/agora.xtec.cat\/col-sagrat-cor\/wp-content\/uploads\/usu1164\/2022\/09\/PHOTO-2022-09-11-15-12-21-300x225.jpg 300w, https:\/\/agora.xtec.cat\/col-sagrat-cor\/wp-content\/uploads\/usu1164\/2022\/09\/PHOTO-2022-09-11-15-12-21-768x576.jpg 768w, https:\/\/agora.xtec.cat\/col-sagrat-cor\/wp-content\/uploads\/usu1164\/2022\/09\/PHOTO-2022-09-11-15-12-21-200x150.jpg 200w\" sizes=\"auto, (max-width: 1024px) 100vw, 1024px\" \/><\/a><\/p>\n","protected":false},"excerpt":{"rendered":"<p>Aqu\u00ed teniu l&#8217;aual de M\u00fasica del Centre on les\/les nostres alumnes poden cantar, ballar, fer audicions, tocar instruments&#8230;<br \/>\n<a href=\"https:\/\/agora.xtec.cat\/col-sagrat-cor\/wp-content\/uploads\/usu1164\/2022\/09\/PHOTO-2022-09-11-15-12-21-2.jpg\"><\/a> <a href=\"https:\/\/agora.xtec.cat\/col-sagrat-cor\/wp-content\/uploads\/usu1164\/2022\/09\/PHOTO-2022-09-11-15-12-21-1.jpg\"><\/a> <a href=\"https:\/\/agora.xtec.cat\/col-sagrat-cor\/wp-content\/uploads\/usu1164\/2022\/09\/PHOTO-2022-09-11-15-12-21.jpg\"><\/a><\/p>\n","protected":false},"author":1,"featured_media":0,"parent":0,"menu_order":0,"comment_status":"closed","ping_status":"closed","template":"","meta":{"_bbp_topic_count":0,"_bbp_reply_count":0,"_bbp_total_topic_count":0,"_bbp_total_reply_count":0,"_bbp_voice_count":0,"_bbp_anonymous_reply_count":0,"_bbp_topic_count_hidden":0,"_bbp_reply_count_hidden":0,"_bbp_forum_subforum_count":0,"footnotes":""},"class_list":["post-7150","page","type-page","status-publish","hentry"],"post_mailing_queue_ids":[],"_links":{"self":[{"href":"https:\/\/agora.xtec.cat\/col-sagrat-cor\/wp-json\/wp\/v2\/pages\/7150","targetHints":{"allow":["GET"]}}],"collection":[{"href":"https:\/\/agora.xtec.cat\/col-sagrat-cor\/wp-json\/wp\/v2\/pages"}],"about":[{"href":"https:\/\/agora.xtec.cat\/col-sagrat-cor\/wp-json\/wp\/v2\/types\/page"}],"author":[{"embeddable":true,"href":"https:\/\/agora.xtec.cat\/col-sagrat-cor\/wp-json\/wp\/v2\/users\/1"}],"replies":[{"embeddable":true,"href":"https:\/\/agora.xtec.cat\/col-sagrat-cor\/wp-json\/wp\/v2\/comments?post=7150"}],"version-history":[{"count":1,"href":"https:\/\/agora.xtec.cat\/col-sagrat-cor\/wp-json\/wp\/v2\/pages\/7150\/revisions"}],"predecessor-version":[{"id":7154,"href":"https:\/\/agora.xtec.cat\/col-sagrat-cor\/wp-json\/wp\/v2\/pages\/7150\/revisions\/7154"}],"wp:attachment":[{"href":"https:\/\/agora.xtec.cat\/col-sagrat-cor\/wp-json\/wp\/v2\/media?parent=7150"}],"curies":[{"name":"wp","href":"https:\/\/api.w.org\/{rel}","templated":true}]}}

Aula de Música

<p>Aquí teniu l&#8217;aual de Música del Centre on les/les nostres alumnes poden cantar, ballar, fer audicions, tocar instruments&#8230;</p>
<p><a href="https://agora.xtec.cat/col-sagrat-cor/wp-content/uploads/usu1164/2022/09/PHOTO-2022-09-11-15-12-21-2.jpg"><img loading="lazy" decoding="async" class="alignnone size-full wp-image-7151" src="https://agora.xtec.cat/col-sagrat-cor/wp-content/uploads/usu1164/2022/09/PHOTO-2022-09-11-15-12-21-2.jpg" alt="" width="1024" height="768" srcset="https://agora.xtec.cat/col-sagrat-cor/wp-content/uploads/usu1164/2022/09/PHOTO-2022-09-11-15-12-21-2.jpg 1024w, https://agora.xtec.cat/col-sagrat-cor/wp-content/uploads/usu1164/2022/09/PHOTO-2022-09-11-15-12-21-2-300x225.jpg 300w, https://agora.xtec.cat/col-sagrat-cor/wp-content/uploads/usu1164/2022/09/PHOTO-2022-09-11-15-12-21-2-768x576.jpg 768w, https://agora.xtec.cat/col-sagrat-cor/wp-content/uploads/usu1164/2022/09/PHOTO-2022-09-11-15-12-21-2-200x150.jpg 200w" sizes="auto, (max-width: 1024px) 100vw, 1024px" /></a> <a href="https://agora.xtec.cat/col-sagrat-cor/wp-content/uploads/usu1164/2022/09/PHOTO-2022-09-11-15-12-21-1.jpg"><img loading="lazy" decoding="async" class="alignnone size-large wp-image-7152" src="https://agora.xtec.cat/col-sagrat-cor/wp-content/uploads/usu1164/2022/09/PHOTO-2022-09-11-15-12-21-1.jpg" alt="" width="1024" height="768" srcset="https://agora.xtec.cat/col-sagrat-cor/wp-content/uploads/usu1164/2022/09/PHOTO-2022-09-11-15-12-21-1.jpg 1024w, https://agora.xtec.cat/col-sagrat-cor/wp-content/uploads/usu1164/2022/09/PHOTO-2022-09-11-15-12-21-1-300x225.jpg 300w, https://agora.xtec.cat/col-sagrat-cor/wp-content/uploads/usu1164/2022/09/PHOTO-2022-09-11-15-12-21-1-768x576.jpg 768w, https://agora.xtec.cat/col-sagrat-cor/wp-content/uploads/usu1164/2022/09/PHOTO-2022-09-11-15-12-21-1-200x150.jpg 200w" sizes="auto, (max-width: 1024px) 100vw, 1024px" /></a> <a href="https://agora.xtec.cat/col-sagrat-cor/wp-content/uploads/usu1164/2022/09/PHOTO-2022-09-11-15-12-21.jpg"><img loading="lazy" decoding="async" class="alignnone size-large wp-image-7153" src="https://agora.xtec.cat/col-sagrat-cor/wp-content/uploads/usu1164/2022/09/PHOTO-2022-09-11-15-12-21.jpg" alt="" width="1024" height="768" srcset="https://agora.xtec.cat/col-sagrat-cor/wp-content/uploads/usu1164/2022/09/PHOTO-2022-09-11-15-12-21.jpg 1024w, https://agora.xtec.cat/col-sagrat-cor/wp-content/uploads/usu1164/2022/09/PHOTO-2022-09-11-15-12-21-300x225.jpg 300w, https://agora.xtec.cat/col-sagrat-cor/wp-content/uploads/usu1164/2022/09/PHOTO-2022-09-11-15-12-21-768x576.jpg 768w, https://agora.xtec.cat/col-sagrat-cor/wp-content/uploads/usu1164/2022/09/PHOTO-2022-09-11-15-12-21-200x150.jpg 200w" sizes="auto, (max-width: 1024px) 100vw, 1024px" /></a></p>

<p>Aquí teniu l&#8217;aual de Música del Centre on les/les nostres alumnes poden cantar, ballar, fer audicions, tocar instruments&#8230;<br />
<a href="https://agora.xtec.cat/col-sagrat-cor/wp-content/uploads/usu1164/2022/09/PHOTO-2022-09-11-15-12-21-2.jpg"></a> <a href="https://agora.xtec.cat/col-sagrat-cor/wp-content/uploads/usu1164/2022/09/PHOTO-2022-09-11-15-12-21-1.jpg"></a> <a href="https://agora.xtec.cat/col-sagrat-cor/wp-content/uploads/usu1164/2022/09/PHOTO-2022-09-11-15-12-21.jpg"></a></p>
