{"id":5061,"date":"2019-10-27T21:59:36","date_gmt":"2019-10-27T20:59:36","guid":{"rendered":"http:\/\/agora.xtec.cat\/col-sagrat-cor\/?page_id=5061"},"modified":"2020-11-12T13:05:26","modified_gmt":"2020-11-12T12:05:26","slug":"escola-sostenible-2","status":"publish","type":"page","link":"https:\/\/agora.xtec.cat\/col-sagrat-cor\/projecte-educatiu\/escola-sostenible-2\/","title":{"rendered":"Escola Sostenible"},"content":{"rendered":"<p>&nbsp;<\/p>\n<p><a href=\"https:\/\/agora.xtec.cat\/col-sagrat-cor\/wp-content\/uploads\/usu1164\/2020\/11\/sostenible.png\"><img loading=\"lazy\" decoding=\"async\" class=\"alignnone size-large wp-image-6449\" src=\"https:\/\/agora.xtec.cat\/col-sagrat-cor\/wp-content\/uploads\/usu1164\/2020\/11\/sostenible-1024x135.png\" alt=\"\" width=\"1024\" height=\"135\" srcset=\"https:\/\/agora.xtec.cat\/col-sagrat-cor\/wp-content\/uploads\/usu1164\/2020\/11\/sostenible-1024x135.png 1024w, https:\/\/agora.xtec.cat\/col-sagrat-cor\/wp-content\/uploads\/usu1164\/2020\/11\/sostenible-300x40.png 300w, https:\/\/agora.xtec.cat\/col-sagrat-cor\/wp-content\/uploads\/usu1164\/2020\/11\/sostenible-768x101.png 768w, https:\/\/agora.xtec.cat\/col-sagrat-cor\/wp-content\/uploads\/usu1164\/2020\/11\/sostenible.png 1620w\" sizes=\"auto, (max-width: 1024px) 100vw, 1024px\" \/><\/a><\/p>\n<p><span data-contrast=\"auto\">Com a escola preocupada amb el medi ambient, des del curs 2013-2014 formem part del projecte\u00a0<\/span><a href=\"http:\/\/lameva.barcelona.cat\/barcelonasostenible\/ca\/escoles-sostenibles\/ultim-butlleti\"><span data-contrast=\"none\">Escoles<\/span><\/a><span data-contrast=\"none\">\u00a0<\/span><a href=\"http:\/\/lameva.barcelona.cat\/barcelonasostenible\/ca\/escoles-sostenibles\/ultim-butlleti\"><span data-contrast=\"none\">Sostenibles.<\/span><\/a><span data-ccp-props=\"{&quot;201341983&quot;:0,&quot;335551550&quot;:1,&quot;335551620&quot;:1,&quot;335559685&quot;:112,&quot;335559737&quot;:0,&quot;335559738&quot;:56,&quot;335559739&quot;:0,&quot;335559740&quot;:276}\">\u00a0<\/span><\/p>\n<p><span data-contrast=\"auto\">Cada curs ens plantegem nous reptes i consolidem els h\u00e0bits de reciclatge, estalvi energ\u00e8tic i \u00fas d\u2019embolcalls sostenibles:<\/span><span data-ccp-props=\"{&quot;201341983&quot;:0,&quot;335551550&quot;:6,&quot;335551620&quot;:6,&quot;335559685&quot;:112,&quot;335559737&quot;:107,&quot;335559738&quot;:56,&quot;335559739&quot;:0,&quot;335559740&quot;:278}\">\u00a0<\/span><\/p>\n<p><span data-contrast=\"auto\">Som una escola que fa reciclatge a l\u2019aula: separem el pl\u00e0stic, el paper i el rebuig i dels del curs 2018-2019 recollim restes de fruita per a fer compostatge amb cucs de terra. A partir del curs 2019-2020 posarem els nostres esfor\u00e7os en el reciclatge de les piles i bateries.<\/span><span data-ccp-props=\"{&quot;201341983&quot;:0,&quot;335551550&quot;:6,&quot;335551620&quot;:6,&quot;335559685&quot;:112,&quot;335559737&quot;:108,&quot;335559738&quot;:195,&quot;335559739&quot;:0,&quot;335559740&quot;:276}\">\u00a0<\/span><\/p>\n<p><span data-ccp-props=\"{&quot;201341983&quot;:0,&quot;335551550&quot;:1,&quot;335551620&quot;:1,&quot;335559685&quot;:0,&quot;335559737&quot;:0,&quot;335559738&quot;:5,&quot;335559739&quot;:0,&quot;335559740&quot;:240}\">\u00a0<\/span><span data-contrast=\"auto\">Els alumnes d\u2019ESO s\u00f3n els encarregats de portar els reciclatge de l\u2019escola als contenidors corresponent i els alumnes de CI s\u2019encarreguen de cuidar l\u2019hort i compostar la fruita. Tota la resta d\u2019alumnes s\u00f3n responsables de l\u2019estalvi energ\u00e8tic.<\/span><span data-ccp-props=\"{&quot;201341983&quot;:0,&quot;335551550&quot;:6,&quot;335551620&quot;:6,&quot;335559685&quot;:112,&quot;335559737&quot;:107,&quot;335559738&quot;:0,&quot;335559739&quot;:0,&quot;335559740&quot;:278}\">\u00a0<\/span><\/p>\n<p><span data-contrast=\"auto\">A l\u2019escola hem prohibit el paper de plata, molt contaminant per al medi. Per aix\u00f2 per portar l\u2019esmorzar els alumnes i mestres fan servir\u00a0tuppers,\u00a0boc&amp;rolls\u00a0(embolcalls sostenibles), &#8230;<\/span><span data-ccp-props=\"{&quot;201341983&quot;:0,&quot;335551550&quot;:6,&quot;335551620&quot;:6,&quot;335559685&quot;:112,&quot;335559737&quot;:108,&quot;335559738&quot;:193,&quot;335559739&quot;:0,&quot;335559740&quot;:276}\">\u00a0<\/span><\/p>\n<p><span data-ccp-props=\"{&quot;201341983&quot;:0,&quot;335551550&quot;:1,&quot;335551620&quot;:1,&quot;335559685&quot;:0,&quot;335559737&quot;:0,&quot;335559738&quot;:5,&quot;335559739&quot;:0,&quot;335559740&quot;:240}\">\u00a0<\/span><span data-contrast=\"auto\">Entre tots hem de cuidar el nostre planeta tant estimat!<\/span><span data-ccp-props=\"{&quot;201341983&quot;:0,&quot;335551550&quot;:6,&quot;335551620&quot;:6,&quot;335559685&quot;:112,&quot;335559737&quot;:0,&quot;335559738&quot;:1,&quot;335559739&quot;:0,&quot;335559740&quot;:240}\">\u00a0<\/span><\/p>\n<p><a href=\"https:\/\/agora.xtec.cat\/col-sagrat-cor\/wp-content\/uploads\/usu1164\/2020\/11\/pensem-sostenible.jpg\"><img loading=\"lazy\" decoding=\"async\" class=\"alignnone size-full wp-image-6450\" src=\"https:\/\/agora.xtec.cat\/col-sagrat-cor\/wp-content\/uploads\/usu1164\/2020\/11\/pensem-sostenible.jpg\" alt=\"\" width=\"932\" height=\"636\" srcset=\"https:\/\/agora.xtec.cat\/col-sagrat-cor\/wp-content\/uploads\/usu1164\/2020\/11\/pensem-sostenible.jpg 932w, https:\/\/agora.xtec.cat\/col-sagrat-cor\/wp-content\/uploads\/usu1164\/2020\/11\/pensem-sostenible-300x205.jpg 300w, https:\/\/agora.xtec.cat\/col-sagrat-cor\/wp-content\/uploads\/usu1164\/2020\/11\/pensem-sostenible-768x524.jpg 768w\" sizes=\"auto, (max-width: 932px) 100vw, 932px\" \/><\/a><\/p>\n<h3><span style=\"color: #ff9900;\">Disseny fet per alumnes de 4t. d&#8217;ESO<\/span><\/h3>\n<h2>Els 17 Objectius de Desenvolupament Sostenible<\/h2>\n<h5><span style=\"font-size: 2.3125em;\">Qu\u00e8 \u00e9s l&#8217;Agenda 2030?<\/span><\/h5>\n<div id=\"pepe\">\n<article>L\u2019Agenda 2030 per al Desenvolupament Sostenible de les Nacions Unides \u00e9s un nou pla d\u2019acci\u00f3 global -aprovat per l&#8217;Assemblea General de Nacions Unides- que busca transformar el nostre m\u00f3n a trav\u00e9s de l\u2019assoliment dels 17\u00a0<a href=\"https:\/\/www.un.org\/sustainabledevelopment\/es\/\">Objectius de Desenvolupament Sostenible<\/a>.Per fer-ho possible, els governs han de basar-se en aquests 17 ODS durant els pr\u00f2xims 10 anys, centrant-se sempre en les persones, el planeta, la prosperitat, la pau i el partenariat o \u201caliances\u201d.<\/p>\n<p>Aquesta Agenda 2030 representa un comprom\u00eds global amb el progr\u00e9s social, ambiental i econ\u00f2mic des d\u2019un nou enfoc de \u201cdesenvolupament\u201d i de just\u00edcia.<\/p>\n<\/article>\n<div><\/div>\n<article>\n<h2>Qu\u00e8 s\u00f3n els Objectius de Desenvolupament Sostenible (ODS)?<\/h2>\n<p>Els 17 Objectius de Desenvolupament Sostenible es basen en l\u2019aconseguit amb els Objectius de Desenvolupament del Mil\u00b7lenni (ODM) i inclouen noves metes.<\/p>\n<p>Aix\u00ed, a trav\u00e9s d\u2019aquestes 17 fites, es proposa abordar els grans reptes globals amb la voluntat de refor\u00e7ar la pau universal amb un nou plantejament vers la llibertat i la just\u00edcia.<\/p>\n<p>Cada ODS inclou diferents metes (en total 169) que contribueixen al compliment de l\u2019objectiu i es mesuren a trav\u00e9s de 230 indicadors globals.<\/p>\n<p>Cal que els governs, el sector privat i la societat civil ens comprometem de forma activa amb diverses accions per fer possible l\u2019assoliment d\u2019aquests 17 ODS.<\/p>\n<p>Tota petita acci\u00f3, fins i tot l\u2019acte m\u00e9s\u00a0<a href=\"https:\/\/www.un.org\/sustainabledevelopment\/es\/wp-content\/uploads\/sites\/3\/2018\/08\/170Actions-web_Sp.pdf\">quotidi\u00e0<\/a>, pot marcar la difer\u00e8ncia.<\/p>\n<\/article>\n<div><\/div>\n<article>\n<h2><a href=\"https:\/\/agora.xtec.cat\/col-sagrat-cor\/wp-content\/uploads\/usu1164\/2020\/11\/ods.jpg\"><img loading=\"lazy\" decoding=\"async\" class=\"alignnone size-full wp-image-6455\" src=\"https:\/\/agora.xtec.cat\/col-sagrat-cor\/wp-content\/uploads\/usu1164\/2020\/11\/ods.jpg\" alt=\"\" width=\"754\" height=\"374\" srcset=\"https:\/\/agora.xtec.cat\/col-sagrat-cor\/wp-content\/uploads\/usu1164\/2020\/11\/ods.jpg 754w, https:\/\/agora.xtec.cat\/col-sagrat-cor\/wp-content\/uploads\/usu1164\/2020\/11\/ods-300x149.jpg 300w\" sizes=\"auto, (max-width: 754px) 100vw, 754px\" \/><\/a><\/h2>\n<\/article>\n<\/div>\n","protected":false},"excerpt":{"rendered":"<p>&nbsp;<br \/>\n<a href=\"https:\/\/agora.xtec.cat\/col-sagrat-cor\/wp-content\/uploads\/usu1164\/2020\/11\/sostenible.png\"><\/a><br \/>\nCom a escola preocupada amb el medi ambient, des del curs 2013-2014 formem part del projecte\u00a0<a href=\"http:\/\/lameva.barcelona.cat\/barcelonasostenible\/ca\/escoles-sostenibles\/ultim-butlleti\">Escoles<\/a>\u00a0<a href=\"http:\/\/lameva.barcelona.cat\/barcelonasostenible\/ca\/escoles-sostenibles\/ultim-butlleti\">Sostenibles.<\/a>\u00a0<br \/>\nCada curs ens plantegem nous reptes i consolidem els h\u00e0bits de reciclatge, estalvi energ\u00e8tic i \u00fas d\u2019embolcalls sostenibles:\u00a0<br \/>\nSom una escola que fa reciclatge a l\u2019aula: separem el&hellip;  <a href=\"https:\/\/agora.xtec.cat\/col-sagrat-cor\/projecte-educatiu\/escola-sostenible-2\/\" title=\"Read Escola Sostenible\">Llegeix m\u00e9s\u00bb<\/a><\/p>\n","protected":false},"author":1,"featured_media":0,"parent":57,"menu_order":0,"comment_status":"closed","ping_status":"closed","template":"","meta":{"_bbp_topic_count":0,"_bbp_reply_count":0,"_bbp_total_topic_count":0,"_bbp_total_reply_count":0,"_bbp_voice_count":0,"_bbp_anonymous_reply_count":0,"_bbp_topic_count_hidden":0,"_bbp_reply_count_hidden":0,"_bbp_forum_subforum_count":0,"footnotes":""},"class_list":["post-5061","page","type-page","status-publish","hentry"],"post_mailing_queue_ids":[],"_links":{"self":[{"href":"https:\/\/agora.xtec.cat\/col-sagrat-cor\/wp-json\/wp\/v2\/pages\/5061","targetHints":{"allow":["GET"]}}],"collection":[{"href":"https:\/\/agora.xtec.cat\/col-sagrat-cor\/wp-json\/wp\/v2\/pages"}],"about":[{"href":"https:\/\/agora.xtec.cat\/col-sagrat-cor\/wp-json\/wp\/v2\/types\/page"}],"author":[{"embeddable":true,"href":"https:\/\/agora.xtec.cat\/col-sagrat-cor\/wp-json\/wp\/v2\/users\/1"}],"replies":[{"embeddable":true,"href":"https:\/\/agora.xtec.cat\/col-sagrat-cor\/wp-json\/wp\/v2\/comments?post=5061"}],"version-history":[{"count":3,"href":"https:\/\/agora.xtec.cat\/col-sagrat-cor\/wp-json\/wp\/v2\/pages\/5061\/revisions"}],"predecessor-version":[{"id":6457,"href":"https:\/\/agora.xtec.cat\/col-sagrat-cor\/wp-json\/wp\/v2\/pages\/5061\/revisions\/6457"}],"up":[{"embeddable":true,"href":"https:\/\/agora.xtec.cat\/col-sagrat-cor\/wp-json\/wp\/v2\/pages\/57"}],"wp:attachment":[{"href":"https:\/\/agora.xtec.cat\/col-sagrat-cor\/wp-json\/wp\/v2\/media?parent=5061"}],"curies":[{"name":"wp","href":"https:\/\/api.w.org\/{rel}","templated":true}]}}

<p>&nbsp;</p>
<p><a href="https://agora.xtec.cat/col-sagrat-cor/wp-content/uploads/usu1164/2020/11/sostenible.png"><img loading="lazy" decoding="async" class="alignnone size-large wp-image-6449" src="https://agora.xtec.cat/col-sagrat-cor/wp-content/uploads/usu1164/2020/11/sostenible-1024x135.png" alt="" width="1024" height="135" srcset="https://agora.xtec.cat/col-sagrat-cor/wp-content/uploads/usu1164/2020/11/sostenible-1024x135.png 1024w, https://agora.xtec.cat/col-sagrat-cor/wp-content/uploads/usu1164/2020/11/sostenible-300x40.png 300w, https://agora.xtec.cat/col-sagrat-cor/wp-content/uploads/usu1164/2020/11/sostenible-768x101.png 768w, https://agora.xtec.cat/col-sagrat-cor/wp-content/uploads/usu1164/2020/11/sostenible.png 1620w" sizes="auto, (max-width: 1024px) 100vw, 1024px" /></a></p>
<p><span data-contrast="auto">Com a escola preocupada amb el medi ambient, des del curs 2013-2014 formem part del projecte </span><a href="http://lameva.barcelona.cat/barcelonasostenible/ca/escoles-sostenibles/ultim-butlleti"><span data-contrast="none">Escoles</span></a><span data-contrast="none"> </span><a href="http://lameva.barcelona.cat/barcelonasostenible/ca/escoles-sostenibles/ultim-butlleti"><span data-contrast="none">Sostenibles.</span></a><span data-ccp-props="{&quot;201341983&quot;:0,&quot;335551550&quot;:1,&quot;335551620&quot;:1,&quot;335559685&quot;:112,&quot;335559737&quot;:0,&quot;335559738&quot;:56,&quot;335559739&quot;:0,&quot;335559740&quot;:276}"> </span></p>
<p><span data-contrast="auto">Cada curs ens plantegem nous reptes i consolidem els hàbits de reciclatge, estalvi energètic i ús d’embolcalls sostenibles:</span><span data-ccp-props="{&quot;201341983&quot;:0,&quot;335551550&quot;:6,&quot;335551620&quot;:6,&quot;335559685&quot;:112,&quot;335559737&quot;:107,&quot;335559738&quot;:56,&quot;335559739&quot;:0,&quot;335559740&quot;:278}"> </span></p>
<p><span data-contrast="auto">Som una escola que fa reciclatge a l’aula: separem el plàstic, el paper i el rebuig i dels del curs 2018-2019 recollim restes de fruita per a fer compostatge amb cucs de terra. A partir del curs 2019-2020 posarem els nostres esforços en el reciclatge de les piles i bateries.</span><span data-ccp-props="{&quot;201341983&quot;:0,&quot;335551550&quot;:6,&quot;335551620&quot;:6,&quot;335559685&quot;:112,&quot;335559737&quot;:108,&quot;335559738&quot;:195,&quot;335559739&quot;:0,&quot;335559740&quot;:276}"> </span></p>
<p><span data-ccp-props="{&quot;201341983&quot;:0,&quot;335551550&quot;:1,&quot;335551620&quot;:1,&quot;335559685&quot;:0,&quot;335559737&quot;:0,&quot;335559738&quot;:5,&quot;335559739&quot;:0,&quot;335559740&quot;:240}"> </span><span data-contrast="auto">Els alumnes d’ESO són els encarregats de portar els reciclatge de l’escola als contenidors corresponent i els alumnes de CI s’encarreguen de cuidar l’hort i compostar la fruita. Tota la resta d’alumnes són responsables de l’estalvi energètic.</span><span data-ccp-props="{&quot;201341983&quot;:0,&quot;335551550&quot;:6,&quot;335551620&quot;:6,&quot;335559685&quot;:112,&quot;335559737&quot;:107,&quot;335559738&quot;:0,&quot;335559739&quot;:0,&quot;335559740&quot;:278}"> </span></p>
<p><span data-contrast="auto">A l’escola hem prohibit el paper de plata, molt contaminant per al medi. Per això per portar l’esmorzar els alumnes i mestres fan servir tuppers, boc&amp;rolls (embolcalls sostenibles), &#8230;</span><span data-ccp-props="{&quot;201341983&quot;:0,&quot;335551550&quot;:6,&quot;335551620&quot;:6,&quot;335559685&quot;:112,&quot;335559737&quot;:108,&quot;335559738&quot;:193,&quot;335559739&quot;:0,&quot;335559740&quot;:276}"> </span></p>
<p><span data-ccp-props="{&quot;201341983&quot;:0,&quot;335551550&quot;:1,&quot;335551620&quot;:1,&quot;335559685&quot;:0,&quot;335559737&quot;:0,&quot;335559738&quot;:5,&quot;335559739&quot;:0,&quot;335559740&quot;:240}"> </span><span data-contrast="auto">Entre tots hem de cuidar el nostre planeta tant estimat!</span><span data-ccp-props="{&quot;201341983&quot;:0,&quot;335551550&quot;:6,&quot;335551620&quot;:6,&quot;335559685&quot;:112,&quot;335559737&quot;:0,&quot;335559738&quot;:1,&quot;335559739&quot;:0,&quot;335559740&quot;:240}"> </span></p>
<p><a href="https://agora.xtec.cat/col-sagrat-cor/wp-content/uploads/usu1164/2020/11/pensem-sostenible.jpg"><img loading="lazy" decoding="async" class="alignnone size-full wp-image-6450" src="https://agora.xtec.cat/col-sagrat-cor/wp-content/uploads/usu1164/2020/11/pensem-sostenible.jpg" alt="" width="932" height="636" srcset="https://agora.xtec.cat/col-sagrat-cor/wp-content/uploads/usu1164/2020/11/pensem-sostenible.jpg 932w, https://agora.xtec.cat/col-sagrat-cor/wp-content/uploads/usu1164/2020/11/pensem-sostenible-300x205.jpg 300w, https://agora.xtec.cat/col-sagrat-cor/wp-content/uploads/usu1164/2020/11/pensem-sostenible-768x524.jpg 768w" sizes="auto, (max-width: 932px) 100vw, 932px" /></a></p>
<h3><span style="color: #ff9900;">Disseny fet per alumnes de 4t. d&#8217;ESO</span></h3>
<h2>Els 17 Objectius de Desenvolupament Sostenible</h2>
<h5><span style="font-size: 2.3125em;">Què és l&#8217;Agenda 2030?</span></h5>
<div id="pepe">
<article>L’Agenda 2030 per al Desenvolupament Sostenible de les Nacions Unides és un nou pla d’acció global -aprovat per l&#8217;Assemblea General de Nacions Unides- que busca transformar el nostre món a través de l’assoliment dels 17 <a href="https://www.un.org/sustainabledevelopment/es/">Objectius de Desenvolupament Sostenible</a>.Per fer-ho possible, els governs han de basar-se en aquests 17 ODS durant els pròxims 10 anys, centrant-se sempre en les persones, el planeta, la prosperitat, la pau i el partenariat o “aliances”.</p>
<p>Aquesta Agenda 2030 representa un compromís global amb el progrés social, ambiental i econòmic des d’un nou enfoc de “desenvolupament” i de justícia.</p>
</article>
<div></div>
<article>
<h2>Què són els Objectius de Desenvolupament Sostenible (ODS)?</h2>
<p>Els 17 Objectius de Desenvolupament Sostenible es basen en l’aconseguit amb els Objectius de Desenvolupament del Mil·lenni (ODM) i inclouen noves metes.</p>
<p>Així, a través d’aquestes 17 fites, es proposa abordar els grans reptes globals amb la voluntat de reforçar la pau universal amb un nou plantejament vers la llibertat i la justícia.</p>
<p>Cada ODS inclou diferents metes (en total 169) que contribueixen al compliment de l’objectiu i es mesuren a través de 230 indicadors globals.</p>
<p>Cal que els governs, el sector privat i la societat civil ens comprometem de forma activa amb diverses accions per fer possible l’assoliment d’aquests 17 ODS.</p>
<p>Tota petita acció, fins i tot l’acte més <a href="https://www.un.org/sustainabledevelopment/es/wp-content/uploads/sites/3/2018/08/170Actions-web_Sp.pdf">quotidià</a>, pot marcar la diferència.</p>
</article>
<div></div>
<article>
<h2><a href="https://agora.xtec.cat/col-sagrat-cor/wp-content/uploads/usu1164/2020/11/ods.jpg"><img loading="lazy" decoding="async" class="alignnone size-full wp-image-6455" src="https://agora.xtec.cat/col-sagrat-cor/wp-content/uploads/usu1164/2020/11/ods.jpg" alt="" width="754" height="374" srcset="https://agora.xtec.cat/col-sagrat-cor/wp-content/uploads/usu1164/2020/11/ods.jpg 754w, https://agora.xtec.cat/col-sagrat-cor/wp-content/uploads/usu1164/2020/11/ods-300x149.jpg 300w" sizes="auto, (max-width: 754px) 100vw, 754px" /></a></h2>
</article>
</div>

<p>&nbsp;<br />
<a href="https://agora.xtec.cat/col-sagrat-cor/wp-content/uploads/usu1164/2020/11/sostenible.png"></a><br />
Com a escola preocupada amb el medi ambient, des del curs 2013-2014 formem part del projecte <a href="http://lameva.barcelona.cat/barcelonasostenible/ca/escoles-sostenibles/ultim-butlleti">Escoles</a> <a href="http://lameva.barcelona.cat/barcelonasostenible/ca/escoles-sostenibles/ultim-butlleti">Sostenibles.</a> <br />
Cada curs ens plantegem nous reptes i consolidem els hàbits de reciclatge, estalvi energètic i ús d’embolcalls sostenibles: <br />
Som una escola que fa reciclatge a l’aula: separem el&hellip;  <a href="https://agora.xtec.cat/col-sagrat-cor/projecte-educatiu/escola-sostenible-2/" title="Read Escola Sostenible">Llegeix més»</a></p>
