{"id":43,"date":"2014-09-17T16:45:07","date_gmt":"2014-09-17T16:45:07","guid":{"rendered":"http:\/\/agora.xtec.cat\/col-sagrat-cor\/?page_id=43"},"modified":"2020-10-28T13:31:01","modified_gmt":"2020-10-28T12:31:01","slug":"consell-escolar","status":"publish","type":"page","link":"https:\/\/agora.xtec.cat\/col-sagrat-cor\/col%c2%b7legi\/consell-escolar\/","title":{"rendered":"Consell escolar"},"content":{"rendered":"<p>\u00c9s l&#8217;\u00f2rgan de govern del centre educatiu, ja sigui de prim\u00e0ria o secund\u00e0ria. Est\u00e0 compost per representants del personal docent, del personal d&#8217;administraci\u00f3 i serveis, dels pares i mares, de l&#8217;associaci\u00f3 de pares i mares, dels alumnes i un representant de l&#8217;Ajuntament. Els representants surten elegits per votaci\u00f3.<\/p>\n<p>Les seves funcions s\u00f3n entre altres:<\/p>\n<ul>\n<li>Aprovar el pressupost del centre, fer-ne el seguiment i aprovar-ne la liquidaci\u00f3.<\/li>\n<li>Aprovar el reglament de r\u00e8gim intern del centre.<\/li>\n<li>Promoure la conservaci\u00f3 i renovaci\u00f3 de les instal\u00b7lacions i material escolar.<\/li>\n<li>Analitzar i valorar el funcionament general del centre, l&#8217;evoluci\u00f3 del rendiment escolar.<\/li>\n<li>Elaborar un informe que s&#8217;inclou en la mem\u00f2ria anual.<\/li>\n<\/ul>\n<p>&nbsp;<\/p>\n<div id=\"google_translate_element\" class=\"google\"><\/div>\n<p><script type=\"text\/javascript\">function googleTranslateElementInit() {new google.translate.TranslateElement({pageLanguage: 'ca', includedLanguages: 'ca,eu,gl,en,es,fr,it,pt,de,sp', layout: google.translate.TranslateElement.InlineLayout.SIMPLE, gaTrack: true}, 'google_translate_element');}<\/script><script type=\"text\/javascript\" src=\"https:\/\/translate.google.com\/translate_a\/element.js?cb=googleTranslateElementInit\"><\/script>    <\/p>\n","protected":false},"excerpt":{"rendered":"<p>\u00c9s l&#8217;\u00f2rgan de govern del centre educatiu, ja sigui de prim\u00e0ria o secund\u00e0ria. Est\u00e0 compost per representants del personal docent, del personal d&#8217;administraci\u00f3 i serveis, dels pares i mares, de l&#8217;associaci\u00f3 de pares i mares, dels alumnes i un representant de l&#8217;Ajuntament. Els representants surten&hellip;  <a href=\"https:\/\/agora.xtec.cat\/col-sagrat-cor\/col%c2%b7legi\/consell-escolar\/\" title=\"Read Consell escolar\">Llegeix m\u00e9s\u00bb<\/a><\/p>\n","protected":false},"author":1,"featured_media":0,"parent":19,"menu_order":40,"comment_status":"closed","ping_status":"closed","template":"page-templates\/side-menu.php","meta":{"_bbp_topic_count":0,"_bbp_reply_count":0,"_bbp_total_topic_count":0,"_bbp_total_reply_count":0,"_bbp_voice_count":0,"_bbp_anonymous_reply_count":0,"_bbp_topic_count_hidden":0,"_bbp_reply_count_hidden":0,"_bbp_forum_subforum_count":0,"footnotes":""},"class_list":["post-43","page","type-page","status-publish","hentry"],"post_mailing_queue_ids":[],"_links":{"self":[{"href":"https:\/\/agora.xtec.cat\/col-sagrat-cor\/wp-json\/wp\/v2\/pages\/43","targetHints":{"allow":["GET"]}}],"collection":[{"href":"https:\/\/agora.xtec.cat\/col-sagrat-cor\/wp-json\/wp\/v2\/pages"}],"about":[{"href":"https:\/\/agora.xtec.cat\/col-sagrat-cor\/wp-json\/wp\/v2\/types\/page"}],"author":[{"embeddable":true,"href":"https:\/\/agora.xtec.cat\/col-sagrat-cor\/wp-json\/wp\/v2\/users\/1"}],"replies":[{"embeddable":true,"href":"https:\/\/agora.xtec.cat\/col-sagrat-cor\/wp-json\/wp\/v2\/comments?post=43"}],"version-history":[{"count":3,"href":"https:\/\/agora.xtec.cat\/col-sagrat-cor\/wp-json\/wp\/v2\/pages\/43\/revisions"}],"predecessor-version":[{"id":6392,"href":"https:\/\/agora.xtec.cat\/col-sagrat-cor\/wp-json\/wp\/v2\/pages\/43\/revisions\/6392"}],"up":[{"embeddable":true,"href":"https:\/\/agora.xtec.cat\/col-sagrat-cor\/wp-json\/wp\/v2\/pages\/19"}],"wp:attachment":[{"href":"https:\/\/agora.xtec.cat\/col-sagrat-cor\/wp-json\/wp\/v2\/media?parent=43"}],"curies":[{"name":"wp","href":"https:\/\/api.w.org\/{rel}","templated":true}]}}

<p>És l&#8217;òrgan de govern del centre educatiu, ja sigui de primària o secundària. Està compost per representants del personal docent, del personal d&#8217;administració i serveis, dels pares i mares, de l&#8217;associació de pares i mares, dels alumnes i un representant de l&#8217;Ajuntament. Els representants surten elegits per votació.</p>
<p>Les seves funcions són entre altres:</p>
<ul>
<li>Aprovar el pressupost del centre, fer-ne el seguiment i aprovar-ne la liquidació.</li>
<li>Aprovar el reglament de règim intern del centre.</li>
<li>Promoure la conservació i renovació de les instal·lacions i material escolar.</li>
<li>Analitzar i valorar el funcionament general del centre, l&#8217;evolució del rendiment escolar.</li>
<li>Elaborar un informe que s&#8217;inclou en la memòria anual.</li>
</ul>
<p>&nbsp;</p>
<div id="google_translate_element" class="google"></div>
<p><script type="text/javascript">function googleTranslateElementInit() {new google.translate.TranslateElement({pageLanguage: 'ca', includedLanguages: 'ca,eu,gl,en,es,fr,it,pt,de,sp', layout: google.translate.TranslateElement.InlineLayout.SIMPLE, gaTrack: true}, 'google_translate_element');}</script><script type="text/javascript" src="https://translate.google.com/translate_a/element.js?cb=googleTranslateElementInit"></script>    </p>

<p>És l&#8217;òrgan de govern del centre educatiu, ja sigui de primària o secundària. Està compost per representants del personal docent, del personal d&#8217;administració i serveis, dels pares i mares, de l&#8217;associació de pares i mares, dels alumnes i un representant de l&#8217;Ajuntament. Els representants surten&hellip;  <a href="https://agora.xtec.cat/col-sagrat-cor/col%c2%b7legi/consell-escolar/" title="Read Consell escolar">Llegeix més»</a></p>
