{"id":27,"date":"2014-09-17T16:24:03","date_gmt":"2014-09-17T16:24:03","guid":{"rendered":"http:\/\/agora.xtec.cat\/col-sagrat-cor\/?page_id=27"},"modified":"2020-11-13T15:38:53","modified_gmt":"2020-11-13T14:38:53","slug":"historia","status":"publish","type":"page","link":"https:\/\/agora.xtec.cat\/col-sagrat-cor\/col%c2%b7legi\/historia\/","title":{"rendered":"Hist\u00f2ria"},"content":{"rendered":"<p><a href=\"https:\/\/agora.xtec.cat\/col-sagrat-cor\/wp-content\/uploads\/usu1164\/2020\/11\/Joan-Collell.jpg\"><img loading=\"lazy\" decoding=\"async\" class=\"alignnone size-large wp-image-6491\" src=\"https:\/\/agora.xtec.cat\/col-sagrat-cor\/wp-content\/uploads\/usu1164\/2020\/11\/Joan-Collell-1024x729.jpg\" alt=\"\" width=\"1024\" height=\"729\" srcset=\"https:\/\/agora.xtec.cat\/col-sagrat-cor\/wp-content\/uploads\/usu1164\/2020\/11\/Joan-Collell-1024x729.jpg 1024w, https:\/\/agora.xtec.cat\/col-sagrat-cor\/wp-content\/uploads\/usu1164\/2020\/11\/Joan-Collell-300x214.jpg 300w, https:\/\/agora.xtec.cat\/col-sagrat-cor\/wp-content\/uploads\/usu1164\/2020\/11\/Joan-Collell-768x547.jpg 768w, https:\/\/agora.xtec.cat\/col-sagrat-cor\/wp-content\/uploads\/usu1164\/2020\/11\/Joan-Collell.jpg 1500w\" sizes=\"auto, (max-width: 1024px) 100vw, 1024px\" \/><\/a><\/p>\n<p>Les Religioses Serventes del Sagrat Cor de Jes\u00fas \u00e9s una Congregaci\u00f3 de Religioses que va ser fundada a Vic a finals del segle XIX pel sacerdot Joan Collell. La creaci\u00f3 d&#8217;aquesta obra sorgeix de la necessitat d&#8217;atendre les joves obreres i l&#8217;educaci\u00f3 dels seus fills en un moment de gran industrialitzaci\u00f3 a Catalunya.<\/p>\n<p style=\"text-align: justify;\">El Col\u00b7legi Sagrat Cor es va fundar\u00a0l&#8217;any 1939 per tal de cobrir les necessitats escolar del barri. Inicialment era un centre per a nenes. Per\u00f2 des de la d\u00e8cada dels &#8217;80 passa a ser una escola mixta.<\/p>\n<p><a href=\"https:\/\/agora.xtec.cat\/col-sagrat-cor\/wp-content\/uploads\/usu1164\/2020\/11\/cartell-carrer-1-2.jpg\"><img loading=\"lazy\" decoding=\"async\" class=\"wp-image-6489 alignright\" src=\"https:\/\/agora.xtec.cat\/col-sagrat-cor\/wp-content\/uploads\/usu1164\/2020\/11\/cartell-carrer-1-2-1024x977.jpg\" alt=\"\" width=\"436\" height=\"416\" srcset=\"https:\/\/agora.xtec.cat\/col-sagrat-cor\/wp-content\/uploads\/usu1164\/2020\/11\/cartell-carrer-1-2-1024x977.jpg 1024w, https:\/\/agora.xtec.cat\/col-sagrat-cor\/wp-content\/uploads\/usu1164\/2020\/11\/cartell-carrer-1-2-300x286.jpg 300w, https:\/\/agora.xtec.cat\/col-sagrat-cor\/wp-content\/uploads\/usu1164\/2020\/11\/cartell-carrer-1-2-768x733.jpg 768w\" sizes=\"auto, (max-width: 436px) 100vw, 436px\" \/><\/a><\/p>\n<p>Som el segon mil\u00b7leni. Ja portem m\u00e9s de 80 anys\u00a0 <span style=\"font-family: inherit; font-size: 1em;\">&#8220;fent escola&#8221;.<\/span><\/p>\n<p>Pel nostre centre han passat moltes persones que han crescut amb nosaltres i ens han fet cr\u00e9ixer. Hem patit canvis en <span style=\"font-family: inherit; font-size: 1em;\">les formes d&#8217;ensenyament-ap<\/span><span style=\"font-family: inherit; font-size: 1em;\">renetatge al llarg d&#8217;aquest temps. En aquests darrers anys ens hem anat adaptant els canvis en les lleis Educatives com en les tecnol\u00f2giques incorporant-los al dia dia. Com tamb\u00e9 els treballs per projectes en tots els cursos, \u00e9s a dir, des de EI a ESO.<\/span><\/p>\n<p>&nbsp;<\/p>\n<p>&nbsp;<\/p>\n<p><span style=\"font-family: inherit; font-size: 1em;\">Actualment la relaci\u00f3, coordinaci\u00f3 i comunicaci\u00f3\u00a0 entre els\u00a0 col\u00b7legis de la congregaci\u00f3 fan que hi hagi un projecte com\u00fa on la implicaci\u00f3\u00a0 i la responsabilitat sigui compartida. Les nostres escoles volen formar persones\u00a0 conscinets, competents i compromeses en tots els \u00e0mbits de la vida.<\/span><\/p>\n<p>&nbsp;<\/p>\n<p>&nbsp;<\/p>\n<p>&nbsp;<\/p>\n<div id=\"google_translate_element\" class=\"google\"><\/div>\n<p><script type=\"text\/javascript\">function googleTranslateElementInit() {new google.translate.TranslateElement({pageLanguage: 'ca', includedLanguages: 'ca,eu,gl,en,es,fr,it,pt,de,sp', layout: google.translate.TranslateElement.InlineLayout.SIMPLE, gaTrack: true}, 'google_translate_element');}<\/script><script type=\"text\/javascript\" src=\"https:\/\/translate.google.com\/translate_a\/element.js?cb=googleTranslateElementInit\"><\/script><\/p>\n","protected":false},"excerpt":{"rendered":"<p><a href=\"https:\/\/agora.xtec.cat\/col-sagrat-cor\/wp-content\/uploads\/usu1164\/2020\/11\/Joan-Collell.jpg\"><\/a><br \/>\nLes Religioses Serventes del Sagrat Cor de Jes\u00fas \u00e9s una Congregaci\u00f3 de Religioses que va ser fundada a Vic a finals del segle XIX pel sacerdot Joan Collell. La creaci\u00f3 d&#8217;aquesta obra sorgeix de la necessitat d&#8217;atendre les joves obreres i l&#8217;educaci\u00f3 dels seus&hellip;  <a href=\"https:\/\/agora.xtec.cat\/col-sagrat-cor\/col%c2%b7legi\/historia\/\" title=\"Read Hist\u00f2ria\">Llegeix m\u00e9s\u00bb<\/a><\/p>\n","protected":false},"author":1,"featured_media":0,"parent":19,"menu_order":20,"comment_status":"closed","ping_status":"closed","template":"page-templates\/side-menu.php","meta":{"_bbp_topic_count":0,"_bbp_reply_count":0,"_bbp_total_topic_count":0,"_bbp_total_reply_count":0,"_bbp_voice_count":0,"_bbp_anonymous_reply_count":0,"_bbp_topic_count_hidden":0,"_bbp_reply_count_hidden":0,"_bbp_forum_subforum_count":0,"footnotes":""},"class_list":["post-27","page","type-page","status-publish","hentry"],"post_mailing_queue_ids":[],"_links":{"self":[{"href":"https:\/\/agora.xtec.cat\/col-sagrat-cor\/wp-json\/wp\/v2\/pages\/27","targetHints":{"allow":["GET"]}}],"collection":[{"href":"https:\/\/agora.xtec.cat\/col-sagrat-cor\/wp-json\/wp\/v2\/pages"}],"about":[{"href":"https:\/\/agora.xtec.cat\/col-sagrat-cor\/wp-json\/wp\/v2\/types\/page"}],"author":[{"embeddable":true,"href":"https:\/\/agora.xtec.cat\/col-sagrat-cor\/wp-json\/wp\/v2\/users\/1"}],"replies":[{"embeddable":true,"href":"https:\/\/agora.xtec.cat\/col-sagrat-cor\/wp-json\/wp\/v2\/comments?post=27"}],"version-history":[{"count":3,"href":"https:\/\/agora.xtec.cat\/col-sagrat-cor\/wp-json\/wp\/v2\/pages\/27\/revisions"}],"predecessor-version":[{"id":6493,"href":"https:\/\/agora.xtec.cat\/col-sagrat-cor\/wp-json\/wp\/v2\/pages\/27\/revisions\/6493"}],"up":[{"embeddable":true,"href":"https:\/\/agora.xtec.cat\/col-sagrat-cor\/wp-json\/wp\/v2\/pages\/19"}],"wp:attachment":[{"href":"https:\/\/agora.xtec.cat\/col-sagrat-cor\/wp-json\/wp\/v2\/media?parent=27"}],"curies":[{"name":"wp","href":"https:\/\/api.w.org\/{rel}","templated":true}]}}