{"id":1142,"date":"2017-10-13T11:52:44","date_gmt":"2017-10-13T09:52:44","guid":{"rendered":"http:\/\/agora.xtec.cat\/col-sagrat-cor\/?page_id=1142"},"modified":"2020-11-26T16:05:49","modified_gmt":"2020-11-26T15:05:49","slug":"aula-dacollida","status":"publish","type":"page","link":"https:\/\/agora.xtec.cat\/col-sagrat-cor\/projecte-educatiu\/aula-dacollida\/","title":{"rendered":"Aula d&#8217;acollida"},"content":{"rendered":"<h4 dir=\"auto\">A l&#8217;aula d&#8217;acollida atenem tots els alumnes nouvinguts de l&#8217;escola i els ajudem amb l&#8217;adquisici\u00f3 de la llengua vehicular del centre, el catal\u00e0, per poder comprendre i tenir millor relaci\u00f3 a l&#8217;aula ordin\u00e0ria.<\/h4>\n<h4 dir=\"auto\">Aquesta atenci\u00f3 \u00e9s personalitzada i enfocada a les necessitats educatives, emocionals i personals de l\u2019alumnat.<\/h4>\n<h4 dir=\"auto\">Actualment, per la covid, ens organitzem pels grups bombolla de l&#8217;aula ordin\u00e0ria i treballem entre nosaltres a trav\u00e9s de metodologies diverses.<\/h4>\n<h4 dir=\"auto\">Fem jocs, presentacions, activitats que ens ajuden a expressar-nos amb una llengua que no coneix\u00edem i que estem aprenent, treballem vocabulari, fem alguna representaci\u00f3&#8230;<\/h4>\n<h4 dir=\"auto\">Tamb\u00e9, parlem sobre la nostra terra, les nostres tradicions i la nostra cultura i els expliquem a la resta de companys com \u00e9s el pa\u00eds que ens ha vist cr\u00e9ixer fins aleshores.<\/h4>\n<h4 dir=\"auto\">Aix\u00f2 ens ajuda a con\u00e8ixer la llengua de forma significativa i de mica en mica anem agafant el ritme de l&#8217;aula ordin\u00e0ria.<\/h4>\n<h4 dir=\"auto\">A l&#8217;aula d&#8217;acollida aprenem i coneixem les arrels dels nostres companys, els aprenem a estimar tal com s\u00f3n<\/h4>\n<h4 id=\"google_translate_element\" class=\"google\"><\/h4>\n<p><script type=\"text\/javascript\">function googleTranslateElementInit() {new google.translate.TranslateElement({pageLanguage: 'ca', includedLanguages: 'ca,eu,gl,en,es,fr,it,pt,de,sp', layout: google.translate.TranslateElement.InlineLayout.SIMPLE, gaTrack: true}, 'google_translate_element');}<\/script><script type=\"text\/javascript\" src=\"https:\/\/translate.google.com\/translate_a\/element.js?cb=googleTranslateElementInit\"><\/script><\/p>\n","protected":false},"excerpt":{"rendered":"<p>A l&#8217;aula d&#8217;acollida atenem tots els alumnes nouvinguts de l&#8217;escola i els ajudem amb l&#8217;adquisici\u00f3 de la llengua vehicular del centre, el catal\u00e0, per poder comprendre i tenir millor relaci\u00f3 a l&#8217;aula ordin\u00e0ria.<br \/>\nAquesta atenci\u00f3 \u00e9s personalitzada i enfocada a les necessitats educatives, emocionals i personals&hellip;  <a href=\"https:\/\/agora.xtec.cat\/col-sagrat-cor\/projecte-educatiu\/aula-dacollida\/\" title=\"Read Aula d&#8217;acollida\">Llegeix m\u00e9s\u00bb<\/a><\/p>\n","protected":false},"author":1,"featured_media":0,"parent":57,"menu_order":0,"comment_status":"closed","ping_status":"closed","template":"page-templates\/side-menu.php","meta":{"_bbp_topic_count":0,"_bbp_reply_count":0,"_bbp_total_topic_count":0,"_bbp_total_reply_count":0,"_bbp_voice_count":0,"_bbp_anonymous_reply_count":0,"_bbp_topic_count_hidden":0,"_bbp_reply_count_hidden":0,"_bbp_forum_subforum_count":0,"footnotes":""},"class_list":["post-1142","page","type-page","status-publish","hentry"],"post_mailing_queue_ids":[],"_links":{"self":[{"href":"https:\/\/agora.xtec.cat\/col-sagrat-cor\/wp-json\/wp\/v2\/pages\/1142","targetHints":{"allow":["GET"]}}],"collection":[{"href":"https:\/\/agora.xtec.cat\/col-sagrat-cor\/wp-json\/wp\/v2\/pages"}],"about":[{"href":"https:\/\/agora.xtec.cat\/col-sagrat-cor\/wp-json\/wp\/v2\/types\/page"}],"author":[{"embeddable":true,"href":"https:\/\/agora.xtec.cat\/col-sagrat-cor\/wp-json\/wp\/v2\/users\/1"}],"replies":[{"embeddable":true,"href":"https:\/\/agora.xtec.cat\/col-sagrat-cor\/wp-json\/wp\/v2\/comments?post=1142"}],"version-history":[{"count":3,"href":"https:\/\/agora.xtec.cat\/col-sagrat-cor\/wp-json\/wp\/v2\/pages\/1142\/revisions"}],"predecessor-version":[{"id":6424,"href":"https:\/\/agora.xtec.cat\/col-sagrat-cor\/wp-json\/wp\/v2\/pages\/1142\/revisions\/6424"}],"up":[{"embeddable":true,"href":"https:\/\/agora.xtec.cat\/col-sagrat-cor\/wp-json\/wp\/v2\/pages\/57"}],"wp:attachment":[{"href":"https:\/\/agora.xtec.cat\/col-sagrat-cor\/wp-json\/wp\/v2\/media?parent=1142"}],"curies":[{"name":"wp","href":"https:\/\/api.w.org\/{rel}","templated":true}]}}

<h4 dir="auto">A l&#8217;aula d&#8217;acollida atenem tots els alumnes nouvinguts de l&#8217;escola i els ajudem amb l&#8217;adquisició de la llengua vehicular del centre, el català, per poder comprendre i tenir millor relació a l&#8217;aula ordinària.</h4>
<h4 dir="auto">Aquesta atenció és personalitzada i enfocada a les necessitats educatives, emocionals i personals de l’alumnat.</h4>
<h4 dir="auto">Actualment, per la covid, ens organitzem pels grups bombolla de l&#8217;aula ordinària i treballem entre nosaltres a través de metodologies diverses.</h4>
<h4 dir="auto">Fem jocs, presentacions, activitats que ens ajuden a expressar-nos amb una llengua que no coneixíem i que estem aprenent, treballem vocabulari, fem alguna representació&#8230;</h4>
<h4 dir="auto">També, parlem sobre la nostra terra, les nostres tradicions i la nostra cultura i els expliquem a la resta de companys com és el país que ens ha vist créixer fins aleshores.</h4>
<h4 dir="auto">Això ens ajuda a conèixer la llengua de forma significativa i de mica en mica anem agafant el ritme de l&#8217;aula ordinària.</h4>
<h4 dir="auto">A l&#8217;aula d&#8217;acollida aprenem i coneixem les arrels dels nostres companys, els aprenem a estimar tal com són</h4>
<h4 id="google_translate_element" class="google"></h4>
<p><script type="text/javascript">function googleTranslateElementInit() {new google.translate.TranslateElement({pageLanguage: 'ca', includedLanguages: 'ca,eu,gl,en,es,fr,it,pt,de,sp', layout: google.translate.TranslateElement.InlineLayout.SIMPLE, gaTrack: true}, 'google_translate_element');}</script><script type="text/javascript" src="https://translate.google.com/translate_a/element.js?cb=googleTranslateElementInit"></script></p>

<p>A l&#8217;aula d&#8217;acollida atenem tots els alumnes nouvinguts de l&#8217;escola i els ajudem amb l&#8217;adquisició de la llengua vehicular del centre, el català, per poder comprendre i tenir millor relació a l&#8217;aula ordinària.<br />
Aquesta atenció és personalitzada i enfocada a les necessitats educatives, emocionals i personals&hellip;  <a href="https://agora.xtec.cat/col-sagrat-cor/projecte-educatiu/aula-dacollida/" title="Read Aula d&#8217;acollida">Llegeix més»</a></p>
