{"id":624,"date":"2016-02-27T19:42:08","date_gmt":"2016-02-27T18:42:08","guid":{"rendered":"http:\/\/agora.xtec.cat\/col-pompeufabrasalt\/?page_id=624"},"modified":"2018-09-09T11:35:57","modified_gmt":"2018-09-09T09:35:57","slug":"que-puc-fer-jo-per-un-salt-millor","status":"publish","type":"page","link":"https:\/\/agora.xtec.cat\/col-pompeufabrasalt\/historia\/que-puc-fer-jo-per-un-salt-millor\/","title":{"rendered":"Qu\u00e8 puc fer jo per un Salt millor?"},"content":{"rendered":"<p>33El projecte <strong>&#8220;Qu\u00e8 puc fer jo per un Salt millor?&#8221;<\/strong> neix de la Xarxa educativa pe<img loading=\"lazy\" decoding=\"async\" class=\" wp-image-627 size-medium alignright\" src=\"http:\/\/agora.xtec.cat\/col-pompeufabrasalt\/wp-content\/uploads\/usu886\/2016\/02\/SALT_MILLOR-300x215.jpg\" alt=\"SALT_MILLOR\" width=\"300\" height=\"215\" srcset=\"https:\/\/agora.xtec.cat\/col-pompeufabrasalt\/wp-content\/uploads\/usu886\/2016\/02\/SALT_MILLOR-300x215.jpg 300w, https:\/\/agora.xtec.cat\/col-pompeufabrasalt\/wp-content\/uploads\/usu886\/2016\/02\/SALT_MILLOR.jpg 1024w\" sizes=\"auto, (max-width: 300px) 100vw, 300px\" \/>r la conviv\u00e8ncia amb la finalitat de promoure espais que fomentin la conviv\u00e8ncia, la participaci\u00f3 i la cohesi\u00f3 social de Salt, entre ciutadania, infants, pares i mares.<\/p>\n<p>La <em><strong>Xarxa educativa per la conviv\u00e8ncia<\/strong><\/em> \u00e9s un espai de trobada i de participaci\u00f3 d&#8217;associacions i ciutadania de Salt que, al voltant dels temes de la inf\u00e0ncia i la fam\u00edlia, vol refor\u00e7ar i donar suport al treball que ja fan les associacions, contribuint a enfortir el teixit associatiu i, alhora, donant suport a la cohesi\u00f3 i la conviv\u00e8ncia del municipi.<\/p>\n<p>La comunitat educativa del nostre col\u00b7legi (equip directiu, equips docents, alumnes i fam\u00edlies representades per l&#8217;AMPA) ens afegim a la proposta desenvolupant una activitat que ens permeti reflexionar en relaci\u00f3 a la tem\u00e0tica que s&#8217;ha proposat per aquest any: &#8220;<strong>Qu\u00e8 puc fer jo per un Salt millor?&#8221;.<\/strong><\/p>\n<p><strong>Qu\u00e8 us demanem?<\/strong> <em>Pares i mares, feu-vos una fotografia amb els vostres fills i filles en el lloc de Salt que vosaltres trieu. Envieu-nos la fotografia i exliqueu-nos perqu\u00e8 heu triat aquest lloc de Salt. Entre tots construirem un gran mapa on apareixeran totes les nostres fotografies i explicacions. Trobareu les instruccions a la carta que els vostres fills han portat a casa. Per a quaselvol dubte: <a href=\"mailto:projectes@pompeufabrasalt.cat\" target=\"_blank\" rel=\"noopener\">projectes@pompeufabrasalt.cat<\/a><\/em><\/p>\n<p style=\"text-align: center;\"><a href=\"http:\/\/agora.xtec.cat\/col-pompeufabrasalt\/moodle\/course\/view.php?id=602\" target=\"_blank\" rel=\"noopener\"><img loading=\"lazy\" decoding=\"async\" class=\"aligncenter size-full wp-image-631\" src=\"http:\/\/agora.xtec.cat\/col-pompeufabrasalt\/wp-content\/uploads\/usu886\/2016\/02\/saltmillor1.jpg\" alt=\"saltmillor1\" width=\"395\" height=\"60\" srcset=\"https:\/\/agora.xtec.cat\/col-pompeufabrasalt\/wp-content\/uploads\/usu886\/2016\/02\/saltmillor1.jpg 395w, https:\/\/agora.xtec.cat\/col-pompeufabrasalt\/wp-content\/uploads\/usu886\/2016\/02\/saltmillor1-300x46.jpg 300w\" sizes=\"auto, (max-width: 395px) 100vw, 395px\" \/><\/a><\/p>\n<p style=\"text-align: center;\"><iframe loading=\"lazy\" src=\"https:\/\/www.google.com\/maps\/d\/embed?mid=z8Wk-n1PyeUs.kjtR629YFyy4\" width=\"640\" height=\"480\"><\/iframe><\/p>\n<p style=\"text-align: center;\"><a href=\"https:\/\/app.box.com\/s\/rztlfrsblb4mo251kw475m09iah11ys8\" target=\"_blank\" rel=\"noopener\">Instruccions per visualitzar\/utilitzar el mapa<\/a><\/p>\n<p style=\"text-align: center;\"><iframe loading=\"lazy\" src=\"https:\/\/docs.google.com\/presentation\/d\/1RKWH3n8vx7VFXZsjHIg7ztirqQkxsPpT5UAyhqIFB54\/embed?start=false&amp;loop=false&amp;delayms=3000\" width=\"480\" height=\"299\" frameborder=\"0\" allowfullscreen=\"allowfullscreen\"><\/iframe><\/p>\n","protected":false},"excerpt":{"rendered":"<p>33El projecte &#8220;Qu\u00e8 puc fer jo per un Salt millor?&#8221; neix de la Xarxa educativa per la conviv\u00e8ncia amb la finalitat de promoure espais que fomentin la conviv\u00e8ncia, la participaci\u00f3 i la cohesi\u00f3 social de Salt, entre ciutadania, infants, pares i mares.<br \/>\nLa Xarxa educativa per&hellip;  <a href=\"https:\/\/agora.xtec.cat\/col-pompeufabrasalt\/historia\/que-puc-fer-jo-per-un-salt-millor\/\" title=\"Read Qu\u00e8 puc fer jo per un Salt millor?\">Llegeix m\u00e9s\u00bb<\/a><\/p>\n","protected":false},"author":1,"featured_media":0,"parent":26,"menu_order":3,"comment_status":"closed","ping_status":"closed","template":"page-templates\/side-menu.php","meta":{"_bbp_topic_count":0,"_bbp_reply_count":0,"_bbp_total_topic_count":0,"_bbp_total_reply_count":0,"_bbp_voice_count":0,"_bbp_anonymous_reply_count":0,"_bbp_topic_count_hidden":0,"_bbp_reply_count_hidden":0,"_bbp_forum_subforum_count":0,"footnotes":""},"class_list":["post-624","page","type-page","status-publish","hentry"],"post_mailing_queue_ids":[],"_links":{"self":[{"href":"https:\/\/agora.xtec.cat\/col-pompeufabrasalt\/wp-json\/wp\/v2\/pages\/624","targetHints":{"allow":["GET"]}}],"collection":[{"href":"https:\/\/agora.xtec.cat\/col-pompeufabrasalt\/wp-json\/wp\/v2\/pages"}],"about":[{"href":"https:\/\/agora.xtec.cat\/col-pompeufabrasalt\/wp-json\/wp\/v2\/types\/page"}],"author":[{"embeddable":true,"href":"https:\/\/agora.xtec.cat\/col-pompeufabrasalt\/wp-json\/wp\/v2\/users\/1"}],"replies":[{"embeddable":true,"href":"https:\/\/agora.xtec.cat\/col-pompeufabrasalt\/wp-json\/wp\/v2\/comments?post=624"}],"version-history":[{"count":3,"href":"https:\/\/agora.xtec.cat\/col-pompeufabrasalt\/wp-json\/wp\/v2\/pages\/624\/revisions"}],"predecessor-version":[{"id":2305,"href":"https:\/\/agora.xtec.cat\/col-pompeufabrasalt\/wp-json\/wp\/v2\/pages\/624\/revisions\/2305"}],"up":[{"embeddable":true,"href":"https:\/\/agora.xtec.cat\/col-pompeufabrasalt\/wp-json\/wp\/v2\/pages\/26"}],"wp:attachment":[{"href":"https:\/\/agora.xtec.cat\/col-pompeufabrasalt\/wp-json\/wp\/v2\/media?parent=624"}],"curies":[{"name":"wp","href":"https:\/\/api.w.org\/{rel}","templated":true}]}}

Què puc fer jo per un Salt millor?

<p>33El projecte <strong>&#8220;Què puc fer jo per un Salt millor?&#8221;</strong> neix de la Xarxa educativa pe<img loading="lazy" decoding="async" class=" wp-image-627 size-medium alignright" src="http://agora.xtec.cat/col-pompeufabrasalt/wp-content/uploads/usu886/2016/02/SALT_MILLOR-300x215.jpg" alt="SALT_MILLOR" width="300" height="215" srcset="https://agora.xtec.cat/col-pompeufabrasalt/wp-content/uploads/usu886/2016/02/SALT_MILLOR-300x215.jpg 300w, https://agora.xtec.cat/col-pompeufabrasalt/wp-content/uploads/usu886/2016/02/SALT_MILLOR.jpg 1024w" sizes="auto, (max-width: 300px) 100vw, 300px" />r la convivència amb la finalitat de promoure espais que fomentin la convivència, la participació i la cohesió social de Salt, entre ciutadania, infants, pares i mares.</p>
<p>La <em><strong>Xarxa educativa per la convivència</strong></em> és un espai de trobada i de participació d&#8217;associacions i ciutadania de Salt que, al voltant dels temes de la infància i la família, vol reforçar i donar suport al treball que ja fan les associacions, contribuint a enfortir el teixit associatiu i, alhora, donant suport a la cohesió i la convivència del municipi.</p>
<p>La comunitat educativa del nostre col·legi (equip directiu, equips docents, alumnes i famílies representades per l&#8217;AMPA) ens afegim a la proposta desenvolupant una activitat que ens permeti reflexionar en relació a la temàtica que s&#8217;ha proposat per aquest any: &#8220;<strong>Què puc fer jo per un Salt millor?&#8221;.</strong></p>
<p><strong>Què us demanem?</strong> <em>Pares i mares, feu-vos una fotografia amb els vostres fills i filles en el lloc de Salt que vosaltres trieu. Envieu-nos la fotografia i exliqueu-nos perquè heu triat aquest lloc de Salt. Entre tots construirem un gran mapa on apareixeran totes les nostres fotografies i explicacions. Trobareu les instruccions a la carta que els vostres fills han portat a casa. Per a quaselvol dubte: <a href="mailto:projectes@pompeufabrasalt.cat" target="_blank" rel="noopener">projectes@pompeufabrasalt.cat</a></em></p>
<p style="text-align: center;"><a href="http://agora.xtec.cat/col-pompeufabrasalt/moodle/course/view.php?id=602" target="_blank" rel="noopener"><img loading="lazy" decoding="async" class="aligncenter size-full wp-image-631" src="http://agora.xtec.cat/col-pompeufabrasalt/wp-content/uploads/usu886/2016/02/saltmillor1.jpg" alt="saltmillor1" width="395" height="60" srcset="https://agora.xtec.cat/col-pompeufabrasalt/wp-content/uploads/usu886/2016/02/saltmillor1.jpg 395w, https://agora.xtec.cat/col-pompeufabrasalt/wp-content/uploads/usu886/2016/02/saltmillor1-300x46.jpg 300w" sizes="auto, (max-width: 395px) 100vw, 395px" /></a></p>
<p style="text-align: center;"><iframe loading="lazy" src="https://www.google.com/maps/d/embed?mid=z8Wk-n1PyeUs.kjtR629YFyy4" width="640" height="480"></iframe></p>
<p style="text-align: center;"><a href="https://app.box.com/s/rztlfrsblb4mo251kw475m09iah11ys8" target="_blank" rel="noopener">Instruccions per visualitzar/utilitzar el mapa</a></p>
<p style="text-align: center;"><iframe loading="lazy" src="https://docs.google.com/presentation/d/1RKWH3n8vx7VFXZsjHIg7ztirqQkxsPpT5UAyhqIFB54/embed?start=false&amp;loop=false&amp;delayms=3000" width="480" height="299" frameborder="0" allowfullscreen="allowfullscreen"></iframe></p>

<p>33El projecte &#8220;Què puc fer jo per un Salt millor?&#8221; neix de la Xarxa educativa per la convivència amb la finalitat de promoure espais que fomentin la convivència, la participació i la cohesió social de Salt, entre ciutadania, infants, pares i mares.<br />
La Xarxa educativa per&hellip;  <a href="https://agora.xtec.cat/col-pompeufabrasalt/historia/que-puc-fer-jo-per-un-salt-millor/" title="Read Què puc fer jo per un Salt millor?">Llegeix més»</a></p>
