{"id":523,"date":"2016-01-22T19:42:21","date_gmt":"2016-01-22T18:42:21","guid":{"rendered":"http:\/\/agora.xtec.cat\/col-pompeufabrasalt\/?page_id=523"},"modified":"2025-12-19T13:26:32","modified_gmt":"2025-12-19T12:26:32","slug":"segueix-el-fil-de-la-historia","status":"publish","type":"page","link":"https:\/\/agora.xtec.cat\/col-pompeufabrasalt\/historia\/segueix-el-fil-de-la-historia\/","title":{"rendered":"Segueix el fil de la hist\u00f2ria"},"content":{"rendered":"<blockquote><p><b>&#8220;Segueix el fil de la hist\u00f2ria&#8221;<\/b> \u00e9s un projecte col\u00b7laboratiu dels mestres i alumnes de la nostra escola, que t\u00e9 com a objectiu ajudar <span style=\"font-size: medium;\">a <\/span>construir una visi\u00f3 global dels fets que han esdevingut claus en la nostra hist\u00f2ria i que ens ajuden a entendre la nostra actualitat.<\/p>\n<p>La l\u00ednia del temps f\u00edsica penjada a les parets del nostre pati ens permet accedir a la l\u00ednia del temps digital (p\u00e0gina web col\u00b7laborativa) gr\u00e0cies a la lectura dels codis QR amb qualsevol dispositiu m\u00f2bil.<\/p>\n<p>El projecte s&#8217;ha anat desenvolupant des del curs 2012-2013 fins el curs 2015-2016<\/p><\/blockquote>\n<p>&nbsp;<\/p>\n","protected":false},"excerpt":{"rendered":"<p>&#8220;Segueix el fil de la hist\u00f2ria&#8221; \u00e9s un projecte col\u00b7laboratiu dels mestres i alumnes de la nostra escola, que t\u00e9 com a objectiu ajudar a construir una visi\u00f3 global dels fets que han esdevingut claus en la nostra hist\u00f2ria i que ens ajuden a entendre&hellip;  <a href=\"https:\/\/agora.xtec.cat\/col-pompeufabrasalt\/historia\/segueix-el-fil-de-la-historia\/\" title=\"Read Segueix el fil de la hist\u00f2ria\">Llegeix m\u00e9s\u00bb<\/a><\/p>\n","protected":false},"author":1,"featured_media":0,"parent":26,"menu_order":4,"comment_status":"closed","ping_status":"closed","template":"page-templates\/side-menu.php","meta":{"_bbp_topic_count":0,"_bbp_reply_count":0,"_bbp_total_topic_count":0,"_bbp_total_reply_count":0,"_bbp_voice_count":0,"_bbp_anonymous_reply_count":0,"_bbp_topic_count_hidden":0,"_bbp_reply_count_hidden":0,"_bbp_forum_subforum_count":0,"footnotes":""},"class_list":["post-523","page","type-page","status-publish","hentry"],"post_mailing_queue_ids":[],"_links":{"self":[{"href":"https:\/\/agora.xtec.cat\/col-pompeufabrasalt\/wp-json\/wp\/v2\/pages\/523","targetHints":{"allow":["GET"]}}],"collection":[{"href":"https:\/\/agora.xtec.cat\/col-pompeufabrasalt\/wp-json\/wp\/v2\/pages"}],"about":[{"href":"https:\/\/agora.xtec.cat\/col-pompeufabrasalt\/wp-json\/wp\/v2\/types\/page"}],"author":[{"embeddable":true,"href":"https:\/\/agora.xtec.cat\/col-pompeufabrasalt\/wp-json\/wp\/v2\/users\/1"}],"replies":[{"embeddable":true,"href":"https:\/\/agora.xtec.cat\/col-pompeufabrasalt\/wp-json\/wp\/v2\/comments?post=523"}],"version-history":[{"count":4,"href":"https:\/\/agora.xtec.cat\/col-pompeufabrasalt\/wp-json\/wp\/v2\/pages\/523\/revisions"}],"predecessor-version":[{"id":4053,"href":"https:\/\/agora.xtec.cat\/col-pompeufabrasalt\/wp-json\/wp\/v2\/pages\/523\/revisions\/4053"}],"up":[{"embeddable":true,"href":"https:\/\/agora.xtec.cat\/col-pompeufabrasalt\/wp-json\/wp\/v2\/pages\/26"}],"wp:attachment":[{"href":"https:\/\/agora.xtec.cat\/col-pompeufabrasalt\/wp-json\/wp\/v2\/media?parent=523"}],"curies":[{"name":"wp","href":"https:\/\/api.w.org\/{rel}","templated":true}]}}