{"id":69,"date":"2014-09-18T10:15:07","date_gmt":"2014-09-18T09:15:07","guid":{"rendered":"http:\/\/agora.xtec.cat\/col-lesneus\/?page_id=69"},"modified":"2021-11-10T14:55:23","modified_gmt":"2021-11-10T13:55:23","slug":"menjador-escolar","status":"publish","type":"page","link":"https:\/\/agora.xtec.cat\/col-lesneus\/serveis\/menjador-escolar\/","title":{"rendered":"Menjador escolar"},"content":{"rendered":"<p>L\u2019escola ofereix un servei de catering pel dinar diari amb totes les garanties sanit\u00e0ries i diet\u00e8tiques necess\u00e0ries amb l&#8217;empresa <em><strong>Serunion.\u00a0 <\/strong><\/em><strong><a href=\"https:\/\/www.serunion.es\/es\/servicios\/catering-comedor-escolar\" target=\"_blank\" rel=\"noopener\">Web de l&#8217;empresa Serunion.<\/a><\/strong><br \/>\n<strong>NORMATIVA<\/strong><br \/>\n&#8211; El menjador escolar funcionar\u00e0 del dia 12 de setembre 2018 fins al 21 de juny de 2019<br \/>\n&#8211; Es consideraran alumnes fixos aquells que facin \u00fas del menjador tots els dies o b\u00e9 els que es quedin uns determinats dies a la setmana de manera continua. El rebut d&#8217;aquests alumnes es cobrar\u00e0 per domiciliaci\u00f3 banc\u00e0ria i caldr\u00e0 passar a pagar-los per la secretaria del centre. En cas d&#8217;abs\u00e8ncia d&#8217;un alumne fixe ( per mal\u00b7laltia, sortida escolar,&#8230;) cal avisar o trucar a l&#8217;escola abans de les 9:30h, d&#8217;aquesta manera no es cobrar\u00e0 el preu del dinar.<br \/>\n&#8211; Els alumnes espor\u00e0dics hauran de fer servir el sistema de tiquets diaris, els quals es poden adquirir a la secretaria del Centre.<br \/>\n&#8211; En cas d&#8217;al\u00b7l\u00e8rgies a determinats aliments, o r\u00e8gims continuats per motius de salut, cal portar un certificat m\u00e8dic que ho acrediti i entregar-lo a la secretaria del Centre. Si per algun problema puntual, algun dia conv\u00e9 fer dieta, tamb\u00e9 caldr\u00e0 avisar a la secretaria. Per norma, no es podr\u00e0 variar el men\u00fa d&#8217;un nen.<br \/>\n&#8211; Si algun alumne de menjador ha de sortir de l&#8217;escola entre les 13:00 i les 15:00h haur\u00e0 de portar una autoritzaci\u00f3 dels pares i lliurar-la a les 9h a la secretaria.<br \/>\n&#8211; Els alumnes que hagin de prendre alguna medicaci\u00f3 a l&#8217;hora de menjador hauran de portar la recepta del metge. Ha de portar anotat de manera molt clara la dosi i l&#8217;hora en que s&#8217;ha d&#8217;administrar, i cal omplir una autoritzaci\u00f3 que s&#8217;entregar\u00e0 a la secretaria.<br \/>\n&#8211; Quan un alumne es faci mal i necessiti cura m\u00e8dica, s&#8217;intentar\u00e0 localitzar els pares o tutors per tal que estiguin assabentats i es portar\u00e0 a la M\u00fatua de l&#8217;escola. Si es tracta d&#8217;una urg\u00e8ncia, tamb\u00e9 s&#8217;avisar\u00e0 als pares i s&#8217;actuar\u00e0 de la manera m\u00e9s diligent.<br \/>\n&#8211; La conviv\u00e8ncia dins l&#8217;escola obliga a mantenir un tracte respectu\u00f3s vers totes les persones que s&#8217;hi troben. Estan totalment prohibides les agressions f\u00edsiques i verbals. L&#8217;incompliment de les normes establertes durant l&#8217;horari del menjador suposar\u00e0 l&#8217;amonestaci\u00f3 a l&#8217;alumne a trav\u00e9s d&#8217;una falta i, en cas de que la seva conducta no millori, pot suposar-li la p\u00e8rdua del dret a fer \u00fas del menjador.<br \/>\n-Els alumnes de P3 faran la migdiada.<\/p>\n<p><strong>OBJECTIUS A TREBALLAR<\/strong><br \/>\n&#8211; Saber utilitzar correctament els coberts i el tovall\u00f3.<br \/>\n&#8211; Seure i tenir una postura correcta a la taula.<br \/>\n&#8211; Mastegar b\u00e9 els aliments i fer-ho amb la boca tancada.<br \/>\n&#8211; Recollir els seus estris i deixar la taula neta.<br \/>\n&#8211; Parlar amb un to de veu moderat.<br \/>\n&#8211; Acostumar-se a menjar els diferents aliments necessaris per una bona salut.<br \/>\n&#8211; Distingir i prendre amb ordre els aliments corresponents al primer plat, segon plat i postres.<br \/>\n&#8211; Afavorir les actituds de toler\u00e0ncia i solidaritat envers els companys i els adults.<br \/>\n&#8211; Aprendre a acceptar els companys i les normes de joc.<br \/>\n&#8211; Aprendre a jugar respectant les normes i les intal\u00b7lacions<br \/>\n&#8211; Gaudir del descans necessari abans de reprendre l&#8217;horari de tarda (P3)<\/p>\n","protected":false},"excerpt":{"rendered":"<p>L\u2019escola ofereix un servei de catering pel dinar diari amb totes les garanties sanit\u00e0ries i diet\u00e8tiques necess\u00e0ries amb l&#8217;empresa Serunion.\u00a0 <a href=\"https:\/\/www.serunion.es\/es\/servicios\/catering-comedor-escolar\" target=\"_blank\" rel=\"noopener\">Web de l&#8217;empresa Serunion.<\/a><br \/>\nNORMATIVA<br \/>\n&#8211; El menjador escolar funcionar\u00e0 del dia 12 de setembre 2018 fins al 21 de juny de 2019<br \/>\n&#8211; Es&hellip;  <a href=\"https:\/\/agora.xtec.cat\/col-lesneus\/serveis\/menjador-escolar\/\" title=\"Read Menjador escolar\">Llegeix m\u00e9s\u00bb<\/a><\/p>\n","protected":false},"author":1,"featured_media":0,"parent":63,"menu_order":20,"comment_status":"closed","ping_status":"closed","template":"page-templates\/side-menu.php","meta":{"_bbp_topic_count":0,"_bbp_reply_count":0,"_bbp_total_topic_count":0,"_bbp_total_reply_count":0,"_bbp_voice_count":0,"_bbp_anonymous_reply_count":0,"_bbp_topic_count_hidden":0,"_bbp_reply_count_hidden":0,"_bbp_forum_subforum_count":0,"footnotes":""},"class_list":["post-69","page","type-page","status-publish","hentry"],"post_mailing_queue_ids":[],"_links":{"self":[{"href":"https:\/\/agora.xtec.cat\/col-lesneus\/wp-json\/wp\/v2\/pages\/69","targetHints":{"allow":["GET"]}}],"collection":[{"href":"https:\/\/agora.xtec.cat\/col-lesneus\/wp-json\/wp\/v2\/pages"}],"about":[{"href":"https:\/\/agora.xtec.cat\/col-lesneus\/wp-json\/wp\/v2\/types\/page"}],"author":[{"embeddable":true,"href":"https:\/\/agora.xtec.cat\/col-lesneus\/wp-json\/wp\/v2\/users\/1"}],"replies":[{"embeddable":true,"href":"https:\/\/agora.xtec.cat\/col-lesneus\/wp-json\/wp\/v2\/comments?post=69"}],"version-history":[{"count":4,"href":"https:\/\/agora.xtec.cat\/col-lesneus\/wp-json\/wp\/v2\/pages\/69\/revisions"}],"predecessor-version":[{"id":2310,"href":"https:\/\/agora.xtec.cat\/col-lesneus\/wp-json\/wp\/v2\/pages\/69\/revisions\/2310"}],"up":[{"embeddable":true,"href":"https:\/\/agora.xtec.cat\/col-lesneus\/wp-json\/wp\/v2\/pages\/63"}],"wp:attachment":[{"href":"https:\/\/agora.xtec.cat\/col-lesneus\/wp-json\/wp\/v2\/media?parent=69"}],"curies":[{"name":"wp","href":"https:\/\/api.w.org\/{rel}","templated":true}]}}