{"id":27,"date":"2014-09-17T16:24:03","date_gmt":"2014-09-17T16:24:03","guid":{"rendered":"http:\/\/agora.xtec.cat\/col-imma-lloret\/?page_id=27"},"modified":"2023-02-15T20:56:26","modified_gmt":"2023-02-15T19:56:26","slug":"historia","status":"publish","type":"page","link":"https:\/\/agora.xtec.cat\/col-imma-lloret\/elcentre\/historia\/","title":{"rendered":"Hist\u00f2ria"},"content":{"rendered":"<h1 style=\"text-align: center;\"><strong>LA NOSTRA HIST\u00d2RIA<\/strong><\/h1>\n<p style=\"text-align: justify;\">En 1903-1905, les expulsions a Fran\u00e7a obren a les germanes nous horitzons: Espanya, It\u00e0lia, Brasil, Argentina\u2026 Al llarg dels anys Paraguai, Uruguai, M\u00e8xic, Bol\u00edvia, Ben\u00edn, Zaire, Filipines.<\/p>\n<p style=\"text-align: justify;\">Avui com ahir la Congregaci\u00f3 cerca viure del carisma donat per l\u2019Esperit a la seva fundadora. Atentes a las situacions d\u2019un m\u00f3n en continua transformaci\u00f3 les germanes volen anunciar la Bona Nova de l\u2019alliberament que va portar Jes\u00fas Salvador.<\/p>\n<p style=\"text-align: justify;\">Per aix\u00f2 la Congregaci\u00f3 arriba, el <strong><em>1903<\/em><\/strong>, a Espanya amb la intenci\u00f3 d\u2019obrir camins a una nova &#8220;esperan\u00e7a&#8221;. Les cases de Fran\u00e7a s\u2019aniran tancant i nom\u00e9s restar\u00e0 la Casa Mare de Castres. All\u00e0, la Superiora General i les germanes van optar per l\u2019exili abans que la secularitzaci\u00f3. Aix\u00ed, aviat les germanes s\u2019establiran\u00a0 a llocs com la Jonquera, la Bisbal o Lloret de Mar (concretament al &#8220;Chalet Rosa&#8221;).<\/p>\n<p style=\"text-align: justify;\">I el <strong>12 <u>d&#8217;octubre de 1903<\/u><\/strong> ja tenim la primera Superiora de la Comunitat a Lloret de Mar, que arriba amb dues religioses i cinc alumnes de Toulouse (a les quals, aviat se\u2019ls uniran d\u2019altres d\u2019espanyoles fins arribar a ser una trentena de pensionistes).<\/p>\n<p><a href=\"https:\/\/agora.xtec.cat\/col-imma-lloret\/wp-content\/uploads\/usu1420\/2020\/03\/0.png\"><img loading=\"lazy\" decoding=\"async\" class=\"wp-image-14024 size-full aligncenter\" src=\"https:\/\/agora.xtec.cat\/col-imma-lloret\/wp-content\/uploads\/usu1420\/2020\/03\/0.png\" alt=\"&quot;Xalet Rosa-1903&quot;\" width=\"457\" height=\"434\" srcset=\"https:\/\/agora.xtec.cat\/col-imma-lloret\/wp-content\/uploads\/usu1420\/2020\/03\/0.png 457w, https:\/\/agora.xtec.cat\/col-imma-lloret\/wp-content\/uploads\/usu1420\/2020\/03\/0-300x285.png 300w\" sizes=\"auto, (max-width: 457px) 100vw, 457px\" \/><\/a><\/p>\n<p style=\"text-align: justify;\"><span style=\"font-family: inherit; font-size: 1em;\">Al principi les germanes, tot i tenir la &#8220;marca&#8221; de l\u2019exili, participen activament a la vida del poble i a les cerim\u00f2nies religioses. Comencen ben aviat les tasques educatives amb les classes de dibuix, piano, espanyol i franc\u00e8s&#8230; i les classes nocturnes per a les noies del Casal de l\u2019obrera. El treball intens de les germanes, la seva plena dedicaci\u00f3 i el bon nivell educatiu del centre exigeixen una ampliaci\u00f3: classes, dormitoris, capella&#8230; en 1929 que les alumnes internes i externes s\u00f3n aleshores nombroses.<\/span><\/p>\n<p><a href=\"https:\/\/agora.xtec.cat\/col-imma-lloret\/wp-content\/uploads\/usu1420\/2020\/03\/00.jpg\"><img loading=\"lazy\" decoding=\"async\" class=\"size-full wp-image-14028 aligncenter\" src=\"https:\/\/agora.xtec.cat\/col-imma-lloret\/wp-content\/uploads\/usu1420\/2020\/03\/00.jpg\" alt=\"\" width=\"492\" height=\"323\" srcset=\"https:\/\/agora.xtec.cat\/col-imma-lloret\/wp-content\/uploads\/usu1420\/2020\/03\/00.jpg 492w, https:\/\/agora.xtec.cat\/col-imma-lloret\/wp-content\/uploads\/usu1420\/2020\/03\/00-300x197.jpg 300w\" sizes=\"auto, (max-width: 492px) 100vw, 492px\" \/><\/a><\/p>\n<p style=\"text-align: justify;\">La guerra espanyola suposar\u00e0 un temps de lluites per a les germanes, que restaran a Lloret &#8221; <em>&#8230; la petita casa es mant\u00e9 ferma durant la tempesta&#8230;<\/em>&#8220;. Tot seran dificultats: la prohibici\u00f3 del dret a ensenyar, la repatriaci\u00f3 de les alumnes franceses, l\u2019atenci\u00f3 que faran d\u2019una trentena d\u2019orfes i dels vells de l\u2019Asil Nostra senyora de Gr\u00e0cia&#8230; Per\u00f2 la Superiora, decideix restar amb set germanes per continuar amb valentia la tasca apost\u00f2lica. Un cop acabada la guerra, es reinicien les activitats al Col\u00b7legi i les alumnes s\u00f3n cada vegada m\u00e9s nombroses.<\/p>\n<p style=\"text-align: justify;\">M\u00e9s endavant, a fi d\u2019intentar donar respostes a les noves necessitats del poble (el fenomen tur\u00edstic, els fills d\u2019immigrants&#8230;), el Col\u00b7legi amplia el 1968 els nous espais construint noves aules. Deu anys despr\u00e9s es reconeix la tasca docent del centre, per part de la poblaci\u00f3, amb la concessi\u00f3 de la Fulla de Llorer en la seva categoria d\u2019argent.<\/p>\n<p style=\"text-align: justify;\">L\u2019esperit de senzillesa i servei de la Fundadora segueix present a l\u2019hora de treballar amb optimisme i estimaci\u00f3 en la realitat lloretenca. L\u2019Ideari Cristi\u00e0 obrir\u00e0 les portes a tothom; a m\u00e9s, les germanes participaran activament en les activitats de la Parr\u00f2quia (despatx parroquial, caritas, catequesis, lit\u00fargia dominical&#8230;)<\/p>\n<p style=\"text-align: justify;\"><a href=\"https:\/\/agora.xtec.cat\/col-imma-lloret\/wp-content\/uploads\/usu1420\/2020\/03\/000.jpg\"><img loading=\"lazy\" decoding=\"async\" class=\"size-full wp-image-14027 aligncenter\" src=\"https:\/\/agora.xtec.cat\/col-imma-lloret\/wp-content\/uploads\/usu1420\/2020\/03\/000.jpg\" alt=\"\" width=\"488\" height=\"314\" srcset=\"https:\/\/agora.xtec.cat\/col-imma-lloret\/wp-content\/uploads\/usu1420\/2020\/03\/000.jpg 488w, https:\/\/agora.xtec.cat\/col-imma-lloret\/wp-content\/uploads\/usu1420\/2020\/03\/000-300x193.jpg 300w\" sizes=\"auto, (max-width: 488px) 100vw, 488px\" \/><\/a><\/p>\n<p style=\"text-align: justify;\">Ja m\u00e9s cap als nostres dies, concretament l\u2019any 1992, es posa en funcionament el nou pavell\u00f3 anomenat \u201cEmilie\u201d, que acollir\u00e0 als m\u00e9s petits, a l\u2019Educaci\u00f3 Infantil, i en l\u2019actualitat tamb\u00e9 al cicle Inicial i Mitj\u00e0 de prim\u00e0ria.<\/p>\n<p><a href=\"https:\/\/agora.xtec.cat\/col-imma-lloret\/wp-content\/uploads\/usu1420\/2020\/03\/0000.jpg\"><img loading=\"lazy\" decoding=\"async\" class=\"size-full wp-image-14026 aligncenter\" src=\"https:\/\/agora.xtec.cat\/col-imma-lloret\/wp-content\/uploads\/usu1420\/2020\/03\/0000.jpg\" alt=\"\" width=\"496\" height=\"296\" srcset=\"https:\/\/agora.xtec.cat\/col-imma-lloret\/wp-content\/uploads\/usu1420\/2020\/03\/0000.jpg 496w, https:\/\/agora.xtec.cat\/col-imma-lloret\/wp-content\/uploads\/usu1420\/2020\/03\/0000-300x179.jpg 300w\" sizes=\"auto, (max-width: 496px) 100vw, 496px\" \/><\/a><\/p>\n<p style=\"text-align: center;\"><a href=\"https:\/\/agora.xtec.cat\/col-imma-lloret\/wp-content\/uploads\/usu1420\/2020\/03\/00000.jpg\"><img loading=\"lazy\" decoding=\"async\" class=\"alignnone size-full wp-image-14025\" src=\"https:\/\/agora.xtec.cat\/col-imma-lloret\/wp-content\/uploads\/usu1420\/2020\/03\/00000.jpg\" alt=\"\" width=\"332\" height=\"444\" srcset=\"https:\/\/agora.xtec.cat\/col-imma-lloret\/wp-content\/uploads\/usu1420\/2020\/03\/00000.jpg 332w, https:\/\/agora.xtec.cat\/col-imma-lloret\/wp-content\/uploads\/usu1420\/2020\/03\/00000-224x300.jpg 224w\" sizes=\"auto, (max-width: 332px) 100vw, 332px\" \/><\/a><\/p>\n","protected":false},"excerpt":{"rendered":"<p>LA NOSTRA HIST\u00d2RIA<br \/>\nEn 1903-1905, les expulsions a Fran\u00e7a obren a les germanes nous horitzons: Espanya, It\u00e0lia, Brasil, Argentina\u2026 Al llarg dels anys Paraguai, Uruguai, M\u00e8xic, Bol\u00edvia, Ben\u00edn, Zaire, Filipines.<br \/>\nAvui com ahir la Congregaci\u00f3 cerca viure del carisma donat per l\u2019Esperit a la seva fundadora. Atentes&hellip;  <a href=\"https:\/\/agora.xtec.cat\/col-imma-lloret\/elcentre\/historia\/\" title=\"Read Hist\u00f2ria\">Llegeix m\u00e9s\u00bb<\/a><\/p>\n","protected":false},"author":1,"featured_media":0,"parent":19,"menu_order":20,"comment_status":"closed","ping_status":"closed","template":"page-templates\/side-menu.php","meta":{"_bbp_topic_count":0,"_bbp_reply_count":0,"_bbp_total_topic_count":0,"_bbp_total_reply_count":0,"_bbp_voice_count":0,"_bbp_anonymous_reply_count":0,"_bbp_topic_count_hidden":0,"_bbp_reply_count_hidden":0,"_bbp_forum_subforum_count":0,"footnotes":""},"class_list":["post-27","page","type-page","status-publish","hentry"],"post_mailing_queue_ids":[],"_links":{"self":[{"href":"https:\/\/agora.xtec.cat\/col-imma-lloret\/wp-json\/wp\/v2\/pages\/27","targetHints":{"allow":["GET"]}}],"collection":[{"href":"https:\/\/agora.xtec.cat\/col-imma-lloret\/wp-json\/wp\/v2\/pages"}],"about":[{"href":"https:\/\/agora.xtec.cat\/col-imma-lloret\/wp-json\/wp\/v2\/types\/page"}],"author":[{"embeddable":true,"href":"https:\/\/agora.xtec.cat\/col-imma-lloret\/wp-json\/wp\/v2\/users\/1"}],"replies":[{"embeddable":true,"href":"https:\/\/agora.xtec.cat\/col-imma-lloret\/wp-json\/wp\/v2\/comments?post=27"}],"version-history":[{"count":3,"href":"https:\/\/agora.xtec.cat\/col-imma-lloret\/wp-json\/wp\/v2\/pages\/27\/revisions"}],"predecessor-version":[{"id":25014,"href":"https:\/\/agora.xtec.cat\/col-imma-lloret\/wp-json\/wp\/v2\/pages\/27\/revisions\/25014"}],"up":[{"embeddable":true,"href":"https:\/\/agora.xtec.cat\/col-imma-lloret\/wp-json\/wp\/v2\/pages\/19"}],"wp:attachment":[{"href":"https:\/\/agora.xtec.cat\/col-imma-lloret\/wp-json\/wp\/v2\/media?parent=27"}],"curies":[{"name":"wp","href":"https:\/\/api.w.org\/{rel}","templated":true}]}}

Història

<h1 style="text-align: center;"><strong>LA NOSTRA HISTÒRIA</strong></h1>
<p style="text-align: justify;">En 1903-1905, les expulsions a França obren a les germanes nous horitzons: Espanya, Itàlia, Brasil, Argentina… Al llarg dels anys Paraguai, Uruguai, Mèxic, Bolívia, Benín, Zaire, Filipines.</p>
<p style="text-align: justify;">Avui com ahir la Congregació cerca viure del carisma donat per l’Esperit a la seva fundadora. Atentes a las situacions d’un món en continua transformació les germanes volen anunciar la Bona Nova de l’alliberament que va portar Jesús Salvador.</p>
<p style="text-align: justify;">Per això la Congregació arriba, el <strong><em>1903</em></strong>, a Espanya amb la intenció d’obrir camins a una nova &#8220;esperança&#8221;. Les cases de França s’aniran tancant i només restarà la Casa Mare de Castres. Allà, la Superiora General i les germanes van optar per l’exili abans que la secularització. Així, aviat les germanes s’establiran  a llocs com la Jonquera, la Bisbal o Lloret de Mar (concretament al &#8220;Chalet Rosa&#8221;).</p>
<p style="text-align: justify;">I el <strong>12 <u>d&#8217;octubre de 1903</u></strong> ja tenim la primera Superiora de la Comunitat a Lloret de Mar, que arriba amb dues religioses i cinc alumnes de Toulouse (a les quals, aviat se’ls uniran d’altres d’espanyoles fins arribar a ser una trentena de pensionistes).</p>
<p><a href="https://agora.xtec.cat/col-imma-lloret/wp-content/uploads/usu1420/2020/03/0.png"><img loading="lazy" decoding="async" class="wp-image-14024 size-full aligncenter" src="https://agora.xtec.cat/col-imma-lloret/wp-content/uploads/usu1420/2020/03/0.png" alt="&quot;Xalet Rosa-1903&quot;" width="457" height="434" srcset="https://agora.xtec.cat/col-imma-lloret/wp-content/uploads/usu1420/2020/03/0.png 457w, https://agora.xtec.cat/col-imma-lloret/wp-content/uploads/usu1420/2020/03/0-300x285.png 300w" sizes="auto, (max-width: 457px) 100vw, 457px" /></a></p>
<p style="text-align: justify;"><span style="font-family: inherit; font-size: 1em;">Al principi les germanes, tot i tenir la &#8220;marca&#8221; de l’exili, participen activament a la vida del poble i a les cerimònies religioses. Comencen ben aviat les tasques educatives amb les classes de dibuix, piano, espanyol i francès&#8230; i les classes nocturnes per a les noies del Casal de l’obrera. El treball intens de les germanes, la seva plena dedicació i el bon nivell educatiu del centre exigeixen una ampliació: classes, dormitoris, capella&#8230; en 1929 que les alumnes internes i externes són aleshores nombroses.</span></p>
<p><a href="https://agora.xtec.cat/col-imma-lloret/wp-content/uploads/usu1420/2020/03/00.jpg"><img loading="lazy" decoding="async" class="size-full wp-image-14028 aligncenter" src="https://agora.xtec.cat/col-imma-lloret/wp-content/uploads/usu1420/2020/03/00.jpg" alt="" width="492" height="323" srcset="https://agora.xtec.cat/col-imma-lloret/wp-content/uploads/usu1420/2020/03/00.jpg 492w, https://agora.xtec.cat/col-imma-lloret/wp-content/uploads/usu1420/2020/03/00-300x197.jpg 300w" sizes="auto, (max-width: 492px) 100vw, 492px" /></a></p>
<p style="text-align: justify;">La guerra espanyola suposarà un temps de lluites per a les germanes, que restaran a Lloret &#8221; <em>&#8230; la petita casa es manté ferma durant la tempesta&#8230;</em>&#8220;. Tot seran dificultats: la prohibició del dret a ensenyar, la repatriació de les alumnes franceses, l’atenció que faran d’una trentena d’orfes i dels vells de l’Asil Nostra senyora de Gràcia&#8230; Però la Superiora, decideix restar amb set germanes per continuar amb valentia la tasca apostòlica. Un cop acabada la guerra, es reinicien les activitats al Col·legi i les alumnes són cada vegada més nombroses.</p>
<p style="text-align: justify;">Més endavant, a fi d’intentar donar respostes a les noves necessitats del poble (el fenomen turístic, els fills d’immigrants&#8230;), el Col·legi amplia el 1968 els nous espais construint noves aules. Deu anys després es reconeix la tasca docent del centre, per part de la població, amb la concessió de la Fulla de Llorer en la seva categoria d’argent.</p>
<p style="text-align: justify;">L’esperit de senzillesa i servei de la Fundadora segueix present a l’hora de treballar amb optimisme i estimació en la realitat lloretenca. L’Ideari Cristià obrirà les portes a tothom; a més, les germanes participaran activament en les activitats de la Parròquia (despatx parroquial, caritas, catequesis, litúrgia dominical&#8230;)</p>
<p style="text-align: justify;"><a href="https://agora.xtec.cat/col-imma-lloret/wp-content/uploads/usu1420/2020/03/000.jpg"><img loading="lazy" decoding="async" class="size-full wp-image-14027 aligncenter" src="https://agora.xtec.cat/col-imma-lloret/wp-content/uploads/usu1420/2020/03/000.jpg" alt="" width="488" height="314" srcset="https://agora.xtec.cat/col-imma-lloret/wp-content/uploads/usu1420/2020/03/000.jpg 488w, https://agora.xtec.cat/col-imma-lloret/wp-content/uploads/usu1420/2020/03/000-300x193.jpg 300w" sizes="auto, (max-width: 488px) 100vw, 488px" /></a></p>
<p style="text-align: justify;">Ja més cap als nostres dies, concretament l’any 1992, es posa en funcionament el nou pavelló anomenat “Emilie”, que acollirà als més petits, a l’Educació Infantil, i en l’actualitat també al cicle Inicial i Mitjà de primària.</p>
<p><a href="https://agora.xtec.cat/col-imma-lloret/wp-content/uploads/usu1420/2020/03/0000.jpg"><img loading="lazy" decoding="async" class="size-full wp-image-14026 aligncenter" src="https://agora.xtec.cat/col-imma-lloret/wp-content/uploads/usu1420/2020/03/0000.jpg" alt="" width="496" height="296" srcset="https://agora.xtec.cat/col-imma-lloret/wp-content/uploads/usu1420/2020/03/0000.jpg 496w, https://agora.xtec.cat/col-imma-lloret/wp-content/uploads/usu1420/2020/03/0000-300x179.jpg 300w" sizes="auto, (max-width: 496px) 100vw, 496px" /></a></p>
<p style="text-align: center;"><a href="https://agora.xtec.cat/col-imma-lloret/wp-content/uploads/usu1420/2020/03/00000.jpg"><img loading="lazy" decoding="async" class="alignnone size-full wp-image-14025" src="https://agora.xtec.cat/col-imma-lloret/wp-content/uploads/usu1420/2020/03/00000.jpg" alt="" width="332" height="444" srcset="https://agora.xtec.cat/col-imma-lloret/wp-content/uploads/usu1420/2020/03/00000.jpg 332w, https://agora.xtec.cat/col-imma-lloret/wp-content/uploads/usu1420/2020/03/00000-224x300.jpg 224w" sizes="auto, (max-width: 332px) 100vw, 332px" /></a></p>

<p>LA NOSTRA HISTÒRIA<br />
En 1903-1905, les expulsions a França obren a les germanes nous horitzons: Espanya, Itàlia, Brasil, Argentina… Al llarg dels anys Paraguai, Uruguai, Mèxic, Bolívia, Benín, Zaire, Filipines.<br />
Avui com ahir la Congregació cerca viure del carisma donat per l’Esperit a la seva fundadora. Atentes&hellip;  <a href="https://agora.xtec.cat/col-imma-lloret/elcentre/historia/" title="Read Història">Llegeix més»</a></p>
