{"id":419,"date":"2016-03-09T09:12:50","date_gmt":"2016-03-09T08:12:50","guid":{"rendered":"http:\/\/agora.xtec.cat\/col-ginestamontcada\/?page_id=419"},"modified":"2023-11-05T00:35:50","modified_gmt":"2023-11-04T23:35:50","slug":"adaptacio-a-p-3","status":"publish","type":"page","link":"https:\/\/agora.xtec.cat\/col-ginestamontcada\/adaptacio-a-p-3\/","title":{"rendered":"Adaptaci\u00f3 a I3"},"content":{"rendered":"<p>El proc\u00e9s d\u2019adaptaci\u00f3 a l\u2019escola \u00e9s llarg i caldr\u00e0 respectar el temps que necessiti cada infant per sentir-se c\u00f2mode. La durada dependr\u00e0 de les experi\u00e8ncies que els nens i nenes tinguin quan arribin a l\u2019escola, de les seves viv\u00e8ncies anteriors i com s\u2019estableixin les relacions en els primers moments.<\/p>\n<p>Per potenciar que els m\u00e9s petits, s\u2019ho passin b\u00e9 a l\u2019escola, es mostrin c\u00f2modes amb la mestra, els companys i companyes i, al finalitzar la jornada, en surtin contents, l\u2019escola ha dissenyat un pla d\u2019adaptaci\u00f3.<\/p>\n","protected":false},"excerpt":{"rendered":"<p>El proc\u00e9s d\u2019adaptaci\u00f3 a l\u2019escola \u00e9s llarg i caldr\u00e0 respectar el temps que necessiti cada infant per sentir-se c\u00f2mode. La durada dependr\u00e0 de les experi\u00e8ncies que els nens i nenes tinguin quan arribin a l\u2019escola, de les seves viv\u00e8ncies anteriors i com s\u2019estableixin les relacions&hellip;  <a href=\"https:\/\/agora.xtec.cat\/col-ginestamontcada\/adaptacio-a-p-3\/\" title=\"Read Adaptaci\u00f3 a I3\">Llegeix m\u00e9s\u00bb<\/a><\/p>\n","protected":false},"author":3,"featured_media":0,"parent":0,"menu_order":10,"comment_status":"closed","ping_status":"closed","template":"","meta":{"_bbp_topic_count":0,"_bbp_reply_count":0,"_bbp_total_topic_count":0,"_bbp_total_reply_count":0,"_bbp_voice_count":0,"_bbp_anonymous_reply_count":0,"_bbp_topic_count_hidden":0,"_bbp_reply_count_hidden":0,"_bbp_forum_subforum_count":0,"footnotes":""},"class_list":["post-419","page","type-page","status-publish","hentry"],"post_mailing_queue_ids":[],"_links":{"self":[{"href":"https:\/\/agora.xtec.cat\/col-ginestamontcada\/wp-json\/wp\/v2\/pages\/419","targetHints":{"allow":["GET"]}}],"collection":[{"href":"https:\/\/agora.xtec.cat\/col-ginestamontcada\/wp-json\/wp\/v2\/pages"}],"about":[{"href":"https:\/\/agora.xtec.cat\/col-ginestamontcada\/wp-json\/wp\/v2\/types\/page"}],"author":[{"embeddable":true,"href":"https:\/\/agora.xtec.cat\/col-ginestamontcada\/wp-json\/wp\/v2\/users\/3"}],"replies":[{"embeddable":true,"href":"https:\/\/agora.xtec.cat\/col-ginestamontcada\/wp-json\/wp\/v2\/comments?post=419"}],"version-history":[{"count":2,"href":"https:\/\/agora.xtec.cat\/col-ginestamontcada\/wp-json\/wp\/v2\/pages\/419\/revisions"}],"predecessor-version":[{"id":13752,"href":"https:\/\/agora.xtec.cat\/col-ginestamontcada\/wp-json\/wp\/v2\/pages\/419\/revisions\/13752"}],"wp:attachment":[{"href":"https:\/\/agora.xtec.cat\/col-ginestamontcada\/wp-json\/wp\/v2\/media?parent=419"}],"curies":[{"name":"wp","href":"https:\/\/api.w.org\/{rel}","templated":true}]}}