{"id":741,"date":"2016-02-19T11:28:42","date_gmt":"2016-02-19T10:28:42","guid":{"rendered":"http:\/\/agora.xtec.cat\/col-elpilar\/?page_id=741"},"modified":"2020-03-05T19:20:35","modified_gmt":"2020-03-05T18:20:35","slug":"intercanvi-amb-una-escola-anglesa","status":"publish","type":"page","link":"https:\/\/agora.xtec.cat\/col-elpilar\/projecte-educatiu\/projectes\/intercanvi-amb-una-escola-anglesa\/","title":{"rendered":"Intercanvi amb escola anglesa"},"content":{"rendered":"<p style=\"text-align: justify;\"><strong>Intercanvi d\u2019alumnes amb Anglaterra<\/strong><\/p>\n<p style=\"text-align: justify;\">L\u2019intercanvi amb una escola anglesa quan arriben a 4rt d\u2019ESO forma part del nostre projecte ling\u00fc\u00edstic.\u00a0 Cal que sentin la necessitat, que usin funcionalment el que aprenen, que es trobin immersos en una altra llengua.<\/p>\n<p style=\"text-align: justify;\">Per\u00f2 aquest intercanvi va m\u00e9s enll\u00e0 de l\u2019idioma. Es tracta d\u2019una activitat educativa molt m\u00e9s rica perqu\u00e8 crea lligams entre persones distants. Busca la descoberta de l\u2019altre en la seva difer\u00e8ncia i la seva acollida incondicional com a persona.<\/p>\n<p style=\"text-align: justify;\"><a href=\"http:\/\/agora.xtec.cat\/col-elpilar\/wp-content\/uploads\/usu291\/2016\/02\/interc.jpg\"><img loading=\"lazy\" decoding=\"async\" class=\"alignnone size-full wp-image-369\" src=\"http:\/\/agora.xtec.cat\/col-elpilar\/wp-content\/uploads\/usu291\/2016\/02\/interc.jpg\" alt=\"interc\" width=\"800\" height=\"422\" srcset=\"https:\/\/agora.xtec.cat\/col-elpilar\/wp-content\/uploads\/usu291\/2016\/02\/interc.jpg 800w, https:\/\/agora.xtec.cat\/col-elpilar\/wp-content\/uploads\/usu291\/2016\/02\/interc-300x158.jpg 300w\" sizes=\"auto, (max-width: 800px) 100vw, 800px\" \/><\/a><\/p>\n<p style=\"text-align: justify;\">Rebre a casa una alumna anglesa o viure uns dies dins la seva fam\u00edlia a Londres, necess\u00e0riament obre perspectives, amplia la visi\u00f3 amb altres formes de fer, altres formes de viure. Ajuda a obrir la ment integrant cultures diferents i establint comunicaci\u00f3 personal, per sobre de la diversitat.<\/p>\n<p style=\"text-align: justify;\">No s\u00f3n reptes f\u00e0cils, per\u00f2 s\u00f3n situacions privilegiades que poden ajudar a cr\u00e9ixer, a obrir-se i a progressar. Alumnes, mestres i fam\u00edlies hem de col\u2022laborar perqu\u00e8 s\u2019aprofiti al m\u00e0xim i en la bona direcci\u00f3 aquesta experi\u00e8ncia educativa.<\/p>\n<p>&nbsp;<\/p>\n","protected":false},"excerpt":{"rendered":"<p>Intercanvi d\u2019alumnes amb Anglaterra<br \/>\nL\u2019intercanvi amb una escola anglesa quan arriben a 4rt d\u2019ESO forma part del nostre projecte ling\u00fc\u00edstic.\u00a0 Cal que sentin la necessitat, que usin funcionalment el que aprenen, que es trobin immersos en una altra llengua.<br \/>\nPer\u00f2 aquest intercanvi va m\u00e9s enll\u00e0 de l\u2019idioma.&hellip;  <a href=\"https:\/\/agora.xtec.cat\/col-elpilar\/projecte-educatiu\/projectes\/intercanvi-amb-una-escola-anglesa\/\" title=\"Read Intercanvi amb escola anglesa\">Llegeix m\u00e9s\u00bb<\/a><\/p>\n","protected":false},"author":1,"featured_media":0,"parent":271,"menu_order":22,"comment_status":"closed","ping_status":"closed","template":"page-templates\/side-menu.php","meta":{"_bbp_topic_count":0,"_bbp_reply_count":0,"_bbp_total_topic_count":0,"_bbp_total_reply_count":0,"_bbp_voice_count":0,"_bbp_anonymous_reply_count":0,"_bbp_topic_count_hidden":0,"_bbp_reply_count_hidden":0,"_bbp_forum_subforum_count":0,"footnotes":""},"class_list":["post-741","page","type-page","status-publish","hentry"],"post_mailing_queue_ids":[],"_links":{"self":[{"href":"https:\/\/agora.xtec.cat\/col-elpilar\/wp-json\/wp\/v2\/pages\/741","targetHints":{"allow":["GET"]}}],"collection":[{"href":"https:\/\/agora.xtec.cat\/col-elpilar\/wp-json\/wp\/v2\/pages"}],"about":[{"href":"https:\/\/agora.xtec.cat\/col-elpilar\/wp-json\/wp\/v2\/types\/page"}],"author":[{"embeddable":true,"href":"https:\/\/agora.xtec.cat\/col-elpilar\/wp-json\/wp\/v2\/users\/1"}],"replies":[{"embeddable":true,"href":"https:\/\/agora.xtec.cat\/col-elpilar\/wp-json\/wp\/v2\/comments?post=741"}],"version-history":[{"count":3,"href":"https:\/\/agora.xtec.cat\/col-elpilar\/wp-json\/wp\/v2\/pages\/741\/revisions"}],"predecessor-version":[{"id":3358,"href":"https:\/\/agora.xtec.cat\/col-elpilar\/wp-json\/wp\/v2\/pages\/741\/revisions\/3358"}],"up":[{"embeddable":true,"href":"https:\/\/agora.xtec.cat\/col-elpilar\/wp-json\/wp\/v2\/pages\/271"}],"wp:attachment":[{"href":"https:\/\/agora.xtec.cat\/col-elpilar\/wp-json\/wp\/v2\/media?parent=741"}],"curies":[{"name":"wp","href":"https:\/\/api.w.org\/{rel}","templated":true}]}}