{"id":725,"date":"2016-02-19T09:47:30","date_gmt":"2016-02-19T08:47:30","guid":{"rendered":"http:\/\/agora.xtec.cat\/col-elpilar\/?page_id=725"},"modified":"2026-02-19T16:48:49","modified_gmt":"2026-02-19T15:48:49","slug":"preinscripcio","status":"publish","type":"page","link":"https:\/\/agora.xtec.cat\/col-elpilar\/com-decidir-escola\/preinscripcio\/","title":{"rendered":"Preinscripci\u00f3 del curs 2026-27"},"content":{"rendered":"<div class=\"FW_sEditPro\"><\/div>\n<p><img loading=\"lazy\" decoding=\"async\" class=\"alignleft wp-image-8800 size-full\" src=\"https:\/\/agora.xtec.cat\/col-elpilar\/wp-content\/uploads\/usu291\/2026\/01\/Preinscripcio2627b.jpg\" alt=\"Banner per la p\u00e0gina de preinscripcions 2026 2027\" width=\"708\" height=\"159\" srcset=\"https:\/\/agora.xtec.cat\/col-elpilar\/wp-content\/uploads\/usu291\/2026\/01\/Preinscripcio2627b.jpg 708w, https:\/\/agora.xtec.cat\/col-elpilar\/wp-content\/uploads\/usu291\/2026\/01\/Preinscripcio2627b-300x67.jpg 300w\" sizes=\"auto, (max-width: 708px) 100vw, 708px\" \/><\/p>\n<p>&nbsp;<\/p>\n<div class=\"FW_sEditPro\">\n<p>&nbsp;<\/p>\n<p>&nbsp;<\/p>\n<h2><\/h2>\n<h2>Dates de presentaci\u00f3 de sol\u00b7licituds per a la preinscripci\u00f3 del curs 2026-202\u200b7<\/h2>\n<p>&nbsp;<\/p>\n<h3>Segon cicle d&#8217;educaci\u00f3 infa\u200bntil i educaci\u00f3 prim\u00e0ria<\/h3>\n<ul>\n<li>Del 4 al 18 de mar\u00e7 de 2026<\/li>\n<\/ul>\n<h3>Educac\u200b\u200b\u200bi\u00f3 secund\u00e0ria obligat\u00f2ria*<\/h3>\n<ul>\n<li>Del 6 al 18 de mar\u00e7 de 2026<\/li>\n<\/ul>\n<p>&nbsp;<\/p>\n<p>Podem consultar totes\u00a0 les dades de preinscripci\u00f3 a la <a href=\"https:\/\/preinscripcio.gencat.cat\/ca\/inici\/\">Web del Departament d&#8217;Educaci\u00f3<\/a><\/p>\n<\/div>\n<p>Us recomanem accedir directament a la p\u00e0gina del Departament.<\/p>\n<p>Tanmateix, us\u00a0 deixem un resum\u00a0 perqu\u00e8 tingueu una idea dels processos a seguir.<\/p>\n<h4><\/h4>\n<p><span style=\"font-size: 1.125em; font-weight: bold;\">CALENDARI DE PREINSCRIPCI\u00d3<\/span><\/p>\n<div class=\"FW_sEditPro\">\n<div class=\"FW_sArticleFoto\">\n<div class=\"FW_sEditPro\">\n<ul>\n<li>Publicaci\u00f3 de l&#8217;oferta inicial de places escolars del centre: <strong>3 de mar\u00e7 de 2026. <\/strong>\u00a0Podeu consultar aquesta informaci\u00f3 a la p\u00e0gina Documents de preinscripci\u00f3.<\/li>\n<li>Presentaci\u00f3 de sol\u00b7licituds\n<ul>\n<li>Infantil i Prim\u00e0ria: del dimecres <strong>4 de mar\u00e7<\/strong> al dimecres <strong>18 de mar\u00e7<\/strong> de forma telem\u00e0tica.<\/li>\n<li>ESO: del divendres <strong>6 de mar\u00e7<\/strong> al dimecres <strong>18 de mar\u00e7<\/strong> de forma telem\u00e0tica.<\/li>\n<\/ul>\n<\/li>\n<li>Llistats de sol\u00b7licituds amb la puntuaci\u00f3 provisional: <strong>15 d&#8217;abril<\/strong>. Publicada a la p\u00e0gina de llistats.<\/li>\n<li>Termini per presentar una reclamaci\u00f3: del <strong>15 al 20 d&#8217;abril<\/strong>.\u00a0 Cas que hi hagi alguna errada en el barem assignat.<\/li>\n<li>Llista de sol\u00b7licituds amb la puntuaci\u00f3 un cop resoltes les reclamacions: <strong>23 d&#8217;abril <\/strong>. Publicada a la p\u00e0gina de llistats.<\/li>\n<li><strong>Sorteig del n\u00famero de desempat: 28 d&#8217;abril a les 11:00h.<br \/>\n<\/strong><\/li>\n<li>Publicaci\u00f3 de la llista ordenada definitiva: <strong>29 d&#8217;abril <\/strong>. Publicada a <a href=\"https:\/\/agora.xtec.cat\/col-elpilar\/com-decidir-escola\/preinscripcio\/barem\/\">l<\/a>a p\u00e0gina de llistats.<\/li>\n<li><strong>Del 1 al 3 de juny<\/strong>: ampliaci\u00f3 de peticions de preinscripci\u00f3 per a alumnes sense pla\u00e7a assignada a cap centre.<\/li>\n<li>Oferta final de places escolars: <strong>10 de juny<\/strong>.<\/li>\n<li>Llista d\u2019alumnes admesos i llista d\u2019espera: <strong>10 de juny<\/strong>. Publicada a <a href=\"https:\/\/agora.xtec.cat\/col-elpilar\/com-decidir-escola\/preinscripcio\/barem\/\">l<\/a>a p\u00e0gina de llistats.<\/li>\n<li>Matriculaci\u00f3: del <strong>22\u00a0 al 30 de juny de 2026.<\/strong><\/li>\n<\/ul>\n<p>Igual que el curs passat, tot el proc\u00e9s de preinscripci\u00f3 es far\u00e0 a trav\u00e9s de la Web de la Generalitat, en els apartats corresponents d&#8217;Educaci\u00f3 Infantil, Educaci\u00f3 Prim\u00e0ria i Educaci\u00f3 Secund\u00e0ria.<\/p>\n<\/div>\n<\/div>\n<p style=\"text-align: center;\"><a href=\"https:\/\/preinscripcio.gencat.cat\/ca\/estudis\/infantil-3-6\/inici\/\" target=\"_blank\" rel=\"noopener\"><img loading=\"lazy\" decoding=\"async\" class=\"alignnone wp-image-7598 size-full\" src=\"https:\/\/agora.xtec.cat\/col-elpilar\/wp-content\/uploads\/usu291\/2024\/02\/infantil-3-6-sm.png\" alt=\"Enlla\u00e7 a Preinscripci\u00f3 24-25 Educaci\u00f3 Infantil\" width=\"313\" height=\"314\" srcset=\"https:\/\/agora.xtec.cat\/col-elpilar\/wp-content\/uploads\/usu291\/2024\/02\/infantil-3-6-sm.png 313w, https:\/\/agora.xtec.cat\/col-elpilar\/wp-content\/uploads\/usu291\/2024\/02\/infantil-3-6-sm-300x300.png 300w, https:\/\/agora.xtec.cat\/col-elpilar\/wp-content\/uploads\/usu291\/2024\/02\/infantil-3-6-sm-150x150.png 150w\" sizes=\"auto, (max-width: 313px) 100vw, 313px\" \/><\/a>\u00a0 \u00a0 <a href=\"https:\/\/preinscripcio.gencat.cat\/ca\/estudis\/primaria\/inici\/\" target=\"_blank\" rel=\"noopener\"><img loading=\"lazy\" decoding=\"async\" class=\"alignnone wp-image-7599 size-full\" src=\"https:\/\/agora.xtec.cat\/col-elpilar\/wp-content\/uploads\/usu291\/2024\/02\/primaria-sm.png\" alt=\"Enlla\u00e7 a Preinscripci\u00f3 24-25 Educaci\u00f3 Prim\u00e0ria\" width=\"313\" height=\"314\" srcset=\"https:\/\/agora.xtec.cat\/col-elpilar\/wp-content\/uploads\/usu291\/2024\/02\/primaria-sm.png 313w, https:\/\/agora.xtec.cat\/col-elpilar\/wp-content\/uploads\/usu291\/2024\/02\/primaria-sm-300x300.png 300w, https:\/\/agora.xtec.cat\/col-elpilar\/wp-content\/uploads\/usu291\/2024\/02\/primaria-sm-150x150.png 150w\" sizes=\"auto, (max-width: 313px) 100vw, 313px\" \/><\/a>\u00a0 \u00a0 \u00a0 <a href=\"https:\/\/preinscripcio.gencat.cat\/ca\/estudis\/eso\/inici\/\" target=\"_blank\" rel=\"noopener\"><img loading=\"lazy\" decoding=\"async\" class=\"alignnone wp-image-7600 size-full\" src=\"https:\/\/agora.xtec.cat\/col-elpilar\/wp-content\/uploads\/usu291\/2024\/02\/eso-sm.png\" alt=\"Enlla\u00e7 a Preinscripci\u00f3 24-25 Educaci\u00f3 Secund\u00e0ria\" width=\"313\" height=\"314\" srcset=\"https:\/\/agora.xtec.cat\/col-elpilar\/wp-content\/uploads\/usu291\/2024\/02\/eso-sm.png 313w, https:\/\/agora.xtec.cat\/col-elpilar\/wp-content\/uploads\/usu291\/2024\/02\/eso-sm-300x300.png 300w, https:\/\/agora.xtec.cat\/col-elpilar\/wp-content\/uploads\/usu291\/2024\/02\/eso-sm-150x150.png 150w\" sizes=\"auto, (max-width: 313px) 100vw, 313px\" \/><\/a><\/p>\n<div class=\"FW_sEditPro\">\n<p><strong>Per realitzar la preinscripci\u00f3 electr\u00f2nica cal tenir activat el servei <a href=\"https:\/\/www.idcatmobil.cat\/\" target=\"_blank\" rel=\"noopener\">idCAT M\u00f2bil<\/a><\/strong>. Podeu seguir el passos d&#8217;<a href=\"https:\/\/youtu.be\/sMFIjSzpaBQ?feature=shared\" target=\"_blank\" rel=\"noopener\">aquest v\u00eddeo<\/a>.<\/p>\n<h4>Si necessiteu ajuda per realitzar la preinscripci\u00f3 a la nostra escola, no dubteu en posar-vos en contacte amb nosaltres.<\/h4>\n<h6><\/h6>\n<h6>DOCUMENTACI\u00d3 PER A LA PREINSCRIPCI\u00d3<\/h6>\n<ul>\n<li><strong>DNI o TIE<\/strong> del pare, mare o tutor que realitza la preinscripci\u00f3.<\/li>\n<li>Passaport en cas de no disposar encara de document TIE.<\/li>\n<li><strong>TSI<\/strong> (targeta sanit\u00e0ria) del pare, mare o tutor i de l&#8217;alumne.<\/li>\n<li><strong>Codi identificatiu de l&#8217;alumne<\/strong>, tamb\u00e9 anomenat n\u00famero <strong>RALC<\/strong>. Es pot demanar al centre actual (llar d&#8217;infants, escola o institut) o es pot consultar a la <a href=\"http:\/\/educacio.gencat.cat\/ca\/tramits\/tramits-temes\/identificador-alumne\" target=\"_blank\" rel=\"noopener\">web de consulta de la Generalitat<\/a>.<\/li>\n<li><strong>Llibre de fam\u00edlia<\/strong>, en cas que el proc\u00e9s ho demani, s&#8217;hauran de fotografiar les p\u00e0gines amb els noms dels progenitors i les dades de l&#8217;alumne.<\/li>\n<\/ul>\n<p>La majoria de criteris de preinscripci\u00f3 es poden verificar autom\u00e0ticament durant el proc\u00e9s online, per\u00f2 en casos concrets pot ser necessari fotografiar i adjuntar la documentaci\u00f3 acreditativa corresponent. Assegureu-vos de que la documentaci\u00f3 \u00e9s vigent i les dades s\u00f3n correctes.<\/p>\n<ul>\n<li>Si l&#8217;adre\u00e7a del domicili no es reconeix autom\u00e0ticament, caldr\u00e0 un certificat o volant de conviv\u00e8ncia de l&#8217;alumne expedit per l&#8217;ajuntament de Premi\u00e0 de Mar.<\/li>\n<li>Per acreditar l&#8217;adre\u00e7a del lloc de treball, cal aportar el contracte laboral o un certificat em\u00e8s per l&#8217;empresa on consti l&#8217;adre\u00e7a del lloc de treball habitual. En el cas de ser treballadora o treballador aut\u00f2nom, s&#8217;haur\u00e0 de presentar el model de l&#8217;Ag\u00e8ncia tribut\u00e0ria 036 o 037, on es deixa const\u00e0ncia del domicili en qu\u00e8 es porta a terme l&#8217;activitat.<\/li>\n<li>Si es disposa de renda garantia de ciutadania i falla la comprovaci\u00f3 autom\u00e0tica, cal adjuntar en format digital la documentaci\u00f3 acreditativa de ser beneficiari\/\u00e0ria de la prestaci\u00f3 econ\u00f2mica de la renda garantida de ciutadania.<\/li>\n<\/ul>\n<p>El proc\u00e9s tamb\u00e9 est\u00e0 preparat per verificar autom\u00e0ticament els criteris complementaris, per\u00f2 si aquesta comprovaci\u00f3 falla caldr\u00e0 adjuntar la documentaci\u00f3 corresponent:<\/p>\n<ul>\n<li>Targeta de fam\u00edlia nombrosa o monoparental.<\/li>\n<li>Llibre de fam\u00edlia per acreditar haver nascut en un part m\u00faltiple.<\/li>\n<li>En situaci\u00f3 d&#8217;acolliment familiar, presentar la documentaci\u00f3 de resoluci\u00f3 d&#8217;acolliment del Departament de Drets Socials.<\/li>\n<li>En el cas de discapacitats, cal presentar el certificat o la targeta acreditativa de discapacitat que emet el Departament de Drets Socials o els organismes competents en altres comunitats aut\u00f2nomes, document que acrediti ser beneficiari o benefici\u00e0ria d&#8217;una pensi\u00f3 d&#8217;incapacitat permanent de grau total o de gran invalidesa, o certificat de les classes passives que tenen reconeguda una pensi\u00f3 de jubilaci\u00f3 o retir per incapacitat permanent per al servei o inutilitat.<\/li>\n<li>La condici\u00f3 de v\u00edctima de viol\u00e8ncia de g\u00e8nere o de terrorisme s&#8217;acredita amb la sent\u00e8ncia judicial de qualsevol ordre jurisdiccional, l&#8217;ordre de protecci\u00f3 vigent, o l&#8217;informe dels serveis socials o el certificat que acredita la condici\u00f3 de v\u00edctima de terrorisme que emet la Subdirecci\u00f3n General de Apoyo a V\u00edctimas del Terrorismo del Ministeri de l&#8217;Interior.<\/li>\n<\/ul>\n<\/div>\n<\/div>\n","protected":false},"excerpt":{"rendered":"<p>&nbsp;<\/p>\n<p>&nbsp;<br \/>\n&nbsp;<\/p>\n<p>Dates de presentaci\u00f3 de sol\u00b7licituds per a la preinscripci\u00f3 del curs 2026-202\u200b7<br \/>\n&nbsp;<br \/>\nSegon cicle d&#8217;educaci\u00f3 infa\u200bntil i educaci\u00f3 prim\u00e0ria<\/p>\n<ul>\n<li>Del 4 al 18 de mar\u00e7 de 2026<\/li>\n<\/ul>\n<p>Educac\u200b\u200b\u200bi\u00f3 secund\u00e0ria obligat\u00f2ria*<\/p>\n<ul>\n<li>Del 6 al 18 de mar\u00e7 de 2026<\/li>\n<\/ul>\n<p>&nbsp;<br \/>\nPodem consultar totes\u00a0 les dades de preinscripci\u00f3 a la <a href=\"https:\/\/preinscripcio.gencat.cat\/ca\/inici\/\">Web del&hellip;  <a href=\"https:\/\/agora.xtec.cat\/col-elpilar\/com-decidir-escola\/preinscripcio\/\" title=\"Read Preinscripci\u00f3 del curs 2026-27\">Llegeix m\u00e9s\u00bb<\/a><\/p>\n","protected":false},"author":1,"featured_media":0,"parent":715,"menu_order":3,"comment_status":"closed","ping_status":"closed","template":"page-templates\/side-menu.php","meta":{"_bbp_topic_count":0,"_bbp_reply_count":0,"_bbp_total_topic_count":0,"_bbp_total_reply_count":0,"_bbp_voice_count":0,"_bbp_anonymous_reply_count":0,"_bbp_topic_count_hidden":0,"_bbp_reply_count_hidden":0,"_bbp_forum_subforum_count":0,"footnotes":""},"class_list":["post-725","page","type-page","status-publish","hentry"],"post_mailing_queue_ids":[],"_links":{"self":[{"href":"https:\/\/agora.xtec.cat\/col-elpilar\/wp-json\/wp\/v2\/pages\/725","targetHints":{"allow":["GET"]}}],"collection":[{"href":"https:\/\/agora.xtec.cat\/col-elpilar\/wp-json\/wp\/v2\/pages"}],"about":[{"href":"https:\/\/agora.xtec.cat\/col-elpilar\/wp-json\/wp\/v2\/types\/page"}],"author":[{"embeddable":true,"href":"https:\/\/agora.xtec.cat\/col-elpilar\/wp-json\/wp\/v2\/users\/1"}],"replies":[{"embeddable":true,"href":"https:\/\/agora.xtec.cat\/col-elpilar\/wp-json\/wp\/v2\/comments?post=725"}],"version-history":[{"count":6,"href":"https:\/\/agora.xtec.cat\/col-elpilar\/wp-json\/wp\/v2\/pages\/725\/revisions"}],"predecessor-version":[{"id":9239,"href":"https:\/\/agora.xtec.cat\/col-elpilar\/wp-json\/wp\/v2\/pages\/725\/revisions\/9239"}],"up":[{"embeddable":true,"href":"https:\/\/agora.xtec.cat\/col-elpilar\/wp-json\/wp\/v2\/pages\/715"}],"wp:attachment":[{"href":"https:\/\/agora.xtec.cat\/col-elpilar\/wp-json\/wp\/v2\/media?parent=725"}],"curies":[{"name":"wp","href":"https:\/\/api.w.org\/{rel}","templated":true}]}}