{"id":719,"date":"2016-02-19T09:35:38","date_gmt":"2016-02-19T08:35:38","guid":{"rendered":"http:\/\/agora.xtec.cat\/col-elpilar\/?page_id=719"},"modified":"2020-03-05T15:56:55","modified_gmt":"2020-03-05T14:56:55","slug":"principis","status":"publish","type":"page","link":"https:\/\/agora.xtec.cat\/col-elpilar\/com-decidir-escola\/principis\/","title":{"rendered":"Principis"},"content":{"rendered":"<p style=\"text-align: justify;\"><strong>PRINCIPIS FONAMENTALS A L\u2019HORA D\u2019ESCOLLIR LA NOSTRA ESCOLA<\/strong><\/p>\n<p style=\"text-align: justify;\">El nen \u00e9s una persona que s\u2019est\u00e0 formant i, com a tal, no pot viure en un m\u00f3n contradictori on no coincideixin els valors. \u00c9s fonamental que all\u00f2 que es viu a l\u2019escola sigui el mateix que es visqui a casa. Compartir uns valors en la formaci\u00f3 com a persona dels vostres fills i els nostres alumnes \u00e9s quelcom prioritari per a nosaltres.<\/p>\n<p style=\"text-align: justify;\">Hem d\u2019anar tots plegats i a la una i, tot i ser dues entitats diferents, el nen ha de veure que tenim els mateixos criteris per valorar les coses i les persones.<\/p>\n<p style=\"text-align: justify;\">A l\u2019escola necessitem <strong>pares que comparteixin l\u2019ideari de l\u2019escola i estiguin disposats a implicar-se dins aquesta din\u00e0mica.<\/strong><\/p>\n<ul>\n<li style=\"text-align: justify;\">Pares que <strong>confi\u00efn<\/strong> en l\u2019escola: en la nostra preparaci\u00f3 per educar i en les nostres accions.<\/li>\n<li style=\"text-align: justify;\">Pares que <strong>s\u2019impliquin<\/strong> i puguem treballar plegats en una mateixa direcci\u00f3.<\/li>\n<li style=\"text-align: justify;\">Pares que tinguin la tranquil.litat de poder parlar i comentar all\u00f2 que no veuen igual que nosaltres, sense que el seu fill vegi dubtes entre casa-escola. <strong>Pares que ens facin costat.<\/strong><\/li>\n<\/ul>\n","protected":false},"excerpt":{"rendered":"<p>PRINCIPIS FONAMENTALS A L\u2019HORA D\u2019ESCOLLIR LA NOSTRA ESCOLA<br \/>\nEl nen \u00e9s una persona que s\u2019est\u00e0 formant i, com a tal, no pot viure en un m\u00f3n contradictori on no coincideixin els valors. \u00c9s fonamental que all\u00f2 que es viu a l\u2019escola sigui el mateix que es&hellip;  <a href=\"https:\/\/agora.xtec.cat\/col-elpilar\/com-decidir-escola\/principis\/\" title=\"Read Principis\">Llegeix m\u00e9s\u00bb<\/a><\/p>\n","protected":false},"author":1,"featured_media":0,"parent":715,"menu_order":2,"comment_status":"closed","ping_status":"closed","template":"page-templates\/side-menu.php","meta":{"_bbp_topic_count":0,"_bbp_reply_count":0,"_bbp_total_topic_count":0,"_bbp_total_reply_count":0,"_bbp_voice_count":0,"_bbp_anonymous_reply_count":0,"_bbp_topic_count_hidden":0,"_bbp_reply_count_hidden":0,"_bbp_forum_subforum_count":0,"footnotes":""},"class_list":["post-719","page","type-page","status-publish","hentry"],"post_mailing_queue_ids":[],"_links":{"self":[{"href":"https:\/\/agora.xtec.cat\/col-elpilar\/wp-json\/wp\/v2\/pages\/719","targetHints":{"allow":["GET"]}}],"collection":[{"href":"https:\/\/agora.xtec.cat\/col-elpilar\/wp-json\/wp\/v2\/pages"}],"about":[{"href":"https:\/\/agora.xtec.cat\/col-elpilar\/wp-json\/wp\/v2\/types\/page"}],"author":[{"embeddable":true,"href":"https:\/\/agora.xtec.cat\/col-elpilar\/wp-json\/wp\/v2\/users\/1"}],"replies":[{"embeddable":true,"href":"https:\/\/agora.xtec.cat\/col-elpilar\/wp-json\/wp\/v2\/comments?post=719"}],"version-history":[{"count":2,"href":"https:\/\/agora.xtec.cat\/col-elpilar\/wp-json\/wp\/v2\/pages\/719\/revisions"}],"predecessor-version":[{"id":3334,"href":"https:\/\/agora.xtec.cat\/col-elpilar\/wp-json\/wp\/v2\/pages\/719\/revisions\/3334"}],"up":[{"embeddable":true,"href":"https:\/\/agora.xtec.cat\/col-elpilar\/wp-json\/wp\/v2\/pages\/715"}],"wp:attachment":[{"href":"https:\/\/agora.xtec.cat\/col-elpilar\/wp-json\/wp\/v2\/media?parent=719"}],"curies":[{"name":"wp","href":"https:\/\/api.w.org\/{rel}","templated":true}]}}