{"id":302,"date":"2016-02-12T14:53:28","date_gmt":"2016-02-12T13:53:28","guid":{"rendered":"http:\/\/agora.xtec.cat\/col-elpilar\/?page_id=302"},"modified":"2016-02-19T11:46:24","modified_gmt":"2016-02-19T10:46:24","slug":"setmana-desqui","status":"publish","type":"page","link":"https:\/\/agora.xtec.cat\/col-elpilar\/projecte-educatiu\/projectes\/setmana-desqui\/","title":{"rendered":"Setmana d&#8217;esqu\u00ed"},"content":{"rendered":"<p style=\"text-align: justify;\"><a href=\"http:\/\/agora.xtec.cat\/col-elpilar\/wp-content\/uploads\/usu291\/2016\/02\/esqui.jpg\"><img loading=\"lazy\" decoding=\"async\" class=\"  wp-image-363 alignleft\" src=\"http:\/\/agora.xtec.cat\/col-elpilar\/wp-content\/uploads\/usu291\/2016\/02\/esqui.jpg\" alt=\"esqui\" width=\"535\" height=\"291\" srcset=\"https:\/\/agora.xtec.cat\/col-elpilar\/wp-content\/uploads\/usu291\/2016\/02\/esqui.jpg 688w, https:\/\/agora.xtec.cat\/col-elpilar\/wp-content\/uploads\/usu291\/2016\/02\/esqui-300x163.jpg 300w\" sizes=\"auto, (max-width: 535px) 100vw, 535px\" \/><\/a>\u00c9s un cl\u00e0ssic a sis\u00e8 de prim\u00e0ria.<\/p>\n<p style=\"text-align: justify;\">Les col\u00f2nies d&#8217;aquest curs s\u00f3n molt especials, es tracta d&#8217;uns dies a la neu.<\/p>\n<p style=\"text-align: justify;\">Durant tres dies els nois i noies treballen de valent amb l&#8217;ajuda d&#8217;un equip de monitors per afrontar-se a un seguit de reptes que els ajuden a cr\u00e9ixer i madurar: \u00a0a afrontar-se a una situaci\u00f3 nova, en moltes ocasions, \u00a0a perdre la por, a trobar l&#8217;equilibri i a comen\u00e7ar a deixar-se anar per la neu.<\/p>\n<p style=\"text-align: justify;\">Mentre, un altre grup \u00a0millora la seva t\u00e8cnica i se\u00a0sent molt m\u00e9s segur del seu domini.<\/p>\n<p style=\"text-align: justify;\">En tot cas, una experi\u00e8ncia molt enriquidora per tots.<\/p>\n","protected":false},"excerpt":{"rendered":"<p><a href=\"http:\/\/agora.xtec.cat\/col-elpilar\/wp-content\/uploads\/usu291\/2016\/02\/esqui.jpg\"><\/a>\u00c9s un cl\u00e0ssic a sis\u00e8 de prim\u00e0ria.<br \/>\nLes col\u00f2nies d&#8217;aquest curs s\u00f3n molt especials, es tracta d&#8217;uns dies a la neu.<br \/>\nDurant tres dies els nois i noies treballen de valent amb l&#8217;ajuda d&#8217;un equip de monitors per afrontar-se a un seguit de reptes que els&hellip;  <a href=\"https:\/\/agora.xtec.cat\/col-elpilar\/projecte-educatiu\/projectes\/setmana-desqui\/\" title=\"Read Setmana d&#8217;esqu\u00ed\">Llegeix m\u00e9s\u00bb<\/a><\/p>\n","protected":false},"author":1,"featured_media":0,"parent":271,"menu_order":23,"comment_status":"closed","ping_status":"closed","template":"page-templates\/side-menu.php","meta":{"_bbp_topic_count":0,"_bbp_reply_count":0,"_bbp_total_topic_count":0,"_bbp_total_reply_count":0,"_bbp_voice_count":0,"_bbp_anonymous_reply_count":0,"_bbp_topic_count_hidden":0,"_bbp_reply_count_hidden":0,"_bbp_forum_subforum_count":0,"footnotes":""},"class_list":["post-302","page","type-page","status-publish","hentry"],"post_mailing_queue_ids":[],"_links":{"self":[{"href":"https:\/\/agora.xtec.cat\/col-elpilar\/wp-json\/wp\/v2\/pages\/302","targetHints":{"allow":["GET"]}}],"collection":[{"href":"https:\/\/agora.xtec.cat\/col-elpilar\/wp-json\/wp\/v2\/pages"}],"about":[{"href":"https:\/\/agora.xtec.cat\/col-elpilar\/wp-json\/wp\/v2\/types\/page"}],"author":[{"embeddable":true,"href":"https:\/\/agora.xtec.cat\/col-elpilar\/wp-json\/wp\/v2\/users\/1"}],"replies":[{"embeddable":true,"href":"https:\/\/agora.xtec.cat\/col-elpilar\/wp-json\/wp\/v2\/comments?post=302"}],"version-history":[{"count":3,"href":"https:\/\/agora.xtec.cat\/col-elpilar\/wp-json\/wp\/v2\/pages\/302\/revisions"}],"predecessor-version":[{"id":710,"href":"https:\/\/agora.xtec.cat\/col-elpilar\/wp-json\/wp\/v2\/pages\/302\/revisions\/710"}],"up":[{"embeddable":true,"href":"https:\/\/agora.xtec.cat\/col-elpilar\/wp-json\/wp\/v2\/pages\/271"}],"wp:attachment":[{"href":"https:\/\/agora.xtec.cat\/col-elpilar\/wp-json\/wp\/v2\/media?parent=302"}],"curies":[{"name":"wp","href":"https:\/\/api.w.org\/{rel}","templated":true}]}}