{"id":293,"date":"2016-02-12T14:48:29","date_gmt":"2016-02-12T13:48:29","guid":{"rendered":"http:\/\/agora.xtec.cat\/col-elpilar\/?page_id=293"},"modified":"2020-02-23T09:14:13","modified_gmt":"2020-02-23T08:14:13","slug":"cinque-va-a-radio-premia","status":"publish","type":"page","link":"https:\/\/agora.xtec.cat\/col-elpilar\/projecte-educatiu\/projectes\/cinque-va-a-radio-premia\/","title":{"rendered":"Acompanyament als petits"},"content":{"rendered":"<p>&nbsp;<\/p>\n<p style=\"text-align: justify;\">Des de fa anys una de les nostres fites \u00e9s treballar la conviv\u00e8ncia entre petits i grans de l&#8217;escola. \u00a0Per aquest motiu s\u00f3n diferents els moments en que els grans de secund\u00e0ria \u00a0realitzen activitats pels m\u00e9s petits, ja siguin amb infantil o prim\u00e0ria.<\/p>\n<p style=\"text-align: justify;\">Des del curs 2014-15 hem iniciat una nova experi\u00e8ncia emmarcada dins el que anomenem &#8220;Acompanyament als petits&#8221;. Es tracta de l\u2019anada i vinguda al poliesportiu entre alumnes dels cursos de 4t i 5\u00e8 de Prim\u00e0ria que acompanyen als petits d\u2019 Infantil 4 i 5 anys.<br \/>\nAprofitant que les tardes d\u2019educaci\u00f3 f\u00edsica van dos cursos fem coincidir els petits amb els m\u00e9s grans de l\u2019edifici d\u2019Enric Granados. Aix\u00ed, d\u2019aquesta manera, els alumnes de 5\u00e8 acompanyen als alumnes d\u2019I4 i els alumnes de 4t als d\u2019I5.<br \/>\nEls objectius d\u2019aquesta activitat giren entorn el desenvolupament de la responsabilitat dels grans vers els petits i l\u2019empatia tamb\u00e9 vers la tasca dels educadors. \u00a0Es potencia\u00a0que els alumnes de 4t i 5\u00e8 visquin\u00a0la import\u00e0ncia d\u2019actuar de model davant els petits i aix\u00f2 repercuteix alhora en una millor interioritzaci\u00f3 de les normes. I, per altra banda, \u00a0en la potenciaci\u00f3 dels\u00a0\u00a0vincles afectius entre persones de diferents edats.<\/p>\n<p style=\"text-align: justify;\">Els grans comparteixen\u00a0\u00a0la pujada amb els petits i se senten importants, aprenen a dirigir-se, a comunicar-se, a empatitzar amb els petits i a mostrar-se assertius a l&#8217;hora de dirigir-se a ells. \u00a0En definitiva, aspectes fonamentals per avan\u00e7ar en una educaci\u00f3 integral com a persona en el que es desenvolupen habilitats socials, de responsabilitat i, en general, de saber ser.<\/p>\n<p style=\"text-align: justify;\">Els petits es fixen amb els grans i gaudeixen d\u2019una relaci\u00f3 m\u00e9s personal \u00a0tot esperant que algun dia seran ells qui ho facin.<\/p>\n","protected":false},"excerpt":{"rendered":"<p>&nbsp;<br \/>\nDes de fa anys una de les nostres fites \u00e9s treballar la conviv\u00e8ncia entre petits i grans de l&#8217;escola. \u00a0Per aquest motiu s\u00f3n diferents els moments en que els grans de secund\u00e0ria \u00a0realitzen activitats pels m\u00e9s petits, ja siguin amb infantil o prim\u00e0ria.<br \/>\nDes del curs&hellip;  <a href=\"https:\/\/agora.xtec.cat\/col-elpilar\/projecte-educatiu\/projectes\/cinque-va-a-radio-premia\/\" title=\"Read Acompanyament als petits\">Llegeix m\u00e9s\u00bb<\/a><\/p>\n","protected":false},"author":1,"featured_media":0,"parent":271,"menu_order":8,"comment_status":"closed","ping_status":"closed","template":"page-templates\/side-menu.php","meta":{"_bbp_topic_count":0,"_bbp_reply_count":0,"_bbp_total_topic_count":0,"_bbp_total_reply_count":0,"_bbp_voice_count":0,"_bbp_anonymous_reply_count":0,"_bbp_topic_count_hidden":0,"_bbp_reply_count_hidden":0,"_bbp_forum_subforum_count":0,"footnotes":""},"class_list":["post-293","page","type-page","status-publish","hentry"],"post_mailing_queue_ids":[],"_links":{"self":[{"href":"https:\/\/agora.xtec.cat\/col-elpilar\/wp-json\/wp\/v2\/pages\/293","targetHints":{"allow":["GET"]}}],"collection":[{"href":"https:\/\/agora.xtec.cat\/col-elpilar\/wp-json\/wp\/v2\/pages"}],"about":[{"href":"https:\/\/agora.xtec.cat\/col-elpilar\/wp-json\/wp\/v2\/types\/page"}],"author":[{"embeddable":true,"href":"https:\/\/agora.xtec.cat\/col-elpilar\/wp-json\/wp\/v2\/users\/1"}],"replies":[{"embeddable":true,"href":"https:\/\/agora.xtec.cat\/col-elpilar\/wp-json\/wp\/v2\/comments?post=293"}],"version-history":[{"count":3,"href":"https:\/\/agora.xtec.cat\/col-elpilar\/wp-json\/wp\/v2\/pages\/293\/revisions"}],"predecessor-version":[{"id":3256,"href":"https:\/\/agora.xtec.cat\/col-elpilar\/wp-json\/wp\/v2\/pages\/293\/revisions\/3256"}],"up":[{"embeddable":true,"href":"https:\/\/agora.xtec.cat\/col-elpilar\/wp-json\/wp\/v2\/pages\/271"}],"wp:attachment":[{"href":"https:\/\/agora.xtec.cat\/col-elpilar\/wp-json\/wp\/v2\/media?parent=293"}],"curies":[{"name":"wp","href":"https:\/\/api.w.org\/{rel}","templated":true}]}}